157.55.39.14 - - [08/Dec/2025:18:47:13 +0300] "GET /158456360.phtml HTTP/2" 200 27262 "-" "Mozilla/5.0 AppleWebKit/537.36 (KHTML, like Gecko; compatible; bingbot/2.0; +http://www.bing.com/bingbot.htm) Chrome/116.0.1938.76 Safari/537.36"
157.55.39.14 - - [08/Dec/2025:18:47:14 +0300] "GET /543794159.phtml HTTP/2" 200 26133 "-" "Mozilla/5.0 AppleWebKit/537.36 (KHTML, like Gecko; compatible; bingbot/2.0; +http://www.bing.com/bingbot.htm) Chrome/116.0.1938.76 Safari/537.36"
157.55.39.195 - - [08/Dec/2025:18:47:17 +0300] "GET /619114943.phtml HTTP/2" 200 28423 "-" "Mozilla/5.0 AppleWebKit/537.36 (KHTML, like Gecko; compatible; bingbot/2.0; +http://www.bing.com/bingbot.htm) Chrome/116.0.1938.76 Safari/537.36"
185.191.171.10 - - [08/Dec/2025:18:48:03 +0300] "GET /157865462.phtml HTTP/1.1" 500 20 "-" "Mozilla/5.0 (compatible; SemrushBot/7~bl; +http://www.semrush.com/bot.html)"
157.55.39.192 - - [08/Dec/2025:18:48:05 +0300] "GET /195811832.phtml HTTP/2" 200 25736 "-" "Mozilla/5.0 AppleWebKit/537.36 (KHTML, like Gecko; compatible; bingbot/2.0; +http://www.bing.com/bingbot.htm) Chrome/116.0.1938.76 Safari/537.36"
157.55.39.192 - - [08/Dec/2025:18:48:05 +0300] "GET /55533617.phtml HTTP/2" 200 27851 "-" "Mozilla/5.0 AppleWebKit/537.36 (KHTML, like Gecko; compatible; bingbot/2.0; +http://www.bing.com/bingbot.htm) Chrome/116.0.1938.76 Safari/537.36"
74.7.243.203 - - [08/Dec/2025:18:48:07 +0300] "GET /516619088.phtml HTTP/2" 500 20 "-" "Mozilla/5.0 AppleWebKit/537.36 (KHTML, like Gecko; compatible; GPTBot/1.3; +https://openai.com/gptbot)"
157.55.39.192 - - [08/Dec/2025:18:48:36 +0300] "GET /465689132.phtml HTTP/2" 200 26783 "-" "Mozilla/5.0 AppleWebKit/537.36 (KHTML, like Gecko; compatible; bingbot/2.0; +http://www.bing.com/bingbot.htm) Chrome/116.0.1938.76 Safari/537.36"
157.55.39.203 - - [08/Dec/2025:18:48:39 +0300] "GET /608779541.phtml HTTP/2" 200 26017 "-" "Mozilla/5.0 AppleWebKit/537.36 (KHTML, like Gecko; compatible; bingbot/2.0; +http://www.bing.com/bingbot.htm) Chrome/116.0.1938.76 Safari/537.36"
185.191.171.9 - - [08/Dec/2025:18:49:04 +0300] "GET /141268112.phtml HTTP/1.1" 500 20 "-" "Mozilla/5.0 (compatible; SemrushBot/7~bl; +http://www.semrush.com/bot.html)"
157.55.39.203 - - [08/Dec/2025:18:50:08 +0300] "GET /605833367.phtml HTTP/2" 200 26305 "-" "Mozilla/5.0 AppleWebKit/537.36 (KHTML, like Gecko; compatible; bingbot/2.0; +http://www.bing.com/bingbot.htm) Chrome/116.0.1938.76 Safari/537.36"
114.119.139.86 - - [08/Dec/2025:18:51:42 +0300] "GET /90766199.phtml HTTP/1.1" 500 20 "https://survivorshoes.com/sitemap-19.xml" "Mozilla/5.0 (Linux; Android 7.0;) AppleWebKit/537.36 (KHTML, like Gecko) Mobile Safari/537.36 (compatible; PetalBot;+https://webmaster.petalsearch.com/site/petalbot)"
157.55.39.203 - - [08/Dec/2025:18:51:45 +0300] "GET /389860148.phtml HTTP/2" 200 26406 "-" "Mozilla/5.0 AppleWebKit/537.36 (KHTML, like Gecko; compatible; bingbot/2.0; +http://www.bing.com/bingbot.htm) Chrome/116.0.1938.76 Safari/537.36"
157.55.39.192 - - [08/Dec/2025:18:51:56 +0300] "GET /643882763.phtml HTTP/2" 200 27012 "-" "Mozilla/5.0 AppleWebKit/537.36 (KHTML, like Gecko; compatible; bingbot/2.0; +http://www.bing.com/bingbot.htm) Chrome/116.0.1938.76 Safari/537.36"
157.55.39.203 - - [08/Dec/2025:18:52:19 +0300] "GET /46466636.phtml HTTP/2" 200 27545 "-" "Mozilla/5.0 AppleWebKit/537.36 (KHTML, like Gecko; compatible; bingbot/2.0; +http://www.bing.com/bingbot.htm) Chrome/116.0.1938.76 Safari/537.36"
185.191.171.16 - - [08/Dec/2025:18:53:10 +0300] "GET /542783072.phtml HTTP/1.1" 500 20 "-" "Mozilla/5.0 (compatible; SemrushBot/7~bl; +http://www.semrush.com/bot.html)"
157.55.39.203 - - [08/Dec/2025:18:54:10 +0300] "GET /395530505.phtml HTTP/2" 200 26352 "-" "Mozilla/5.0 AppleWebKit/537.36 (KHTML, like Gecko; compatible; bingbot/2.0; +http://www.bing.com/bingbot.htm) Chrome/116.0.1938.76 Safari/537.36"
185.191.171.14 - - [08/Dec/2025:18:54:12 +0300] "GET /253586087.phtml HTTP/1.1" 500 20 "-" "Mozilla/5.0 (compatible; SemrushBot/7~bl; +http://www.semrush.com/bot.html)"
157.55.39.203 - - [08/Dec/2025:18:55:10 +0300] "GET /642173594.phtml HTTP/2" 200 26098 "-" "Mozilla/5.0 AppleWebKit/537.36 (KHTML, like Gecko; compatible; bingbot/2.0; +http://www.bing.com/bingbot.htm) Chrome/116.0.1938.76 Safari/537.36"
185.191.171.11 - - [08/Dec/2025:18:55:13 +0300] "GET /559027454.phtml HTTP/1.1" 500 20 "-" "Mozilla/5.0 (compatible; SemrushBot/7~bl; +http://www.semrush.com/bot.html)"
85.208.96.193 - - [08/Dec/2025:18:55:28 +0300] "GET /robots.txt HTTP/1.1" 200 147 "-" "Mozilla/5.0 (compatible; SemrushBot/7~bl; +http://www.semrush.com/bot.html)"
57.141.4.40 - - [08/Dec/2025:18:55:38 +0300] "GET /428008181.phtml HTTP/2" 500 0 "-" "meta-externalagent/1.1 (+https://developers.facebook.com/docs/sharing/webmasters/crawler)"
185.191.171.18 - - [08/Dec/2025:18:56:15 +0300] "GET /455861006.phtml HTTP/1.1" 500 20 "-" "Mozilla/5.0 (compatible; SemrushBot/7~bl; +http://www.semrush.com/bot.html)"
157.55.39.48 - - [08/Dec/2025:18:45:29 +0300] "GET /552376271.phtml HTTP/2" 200 27660 "-" "Mozilla/5.0 AppleWebKit/537.36 (KHTML, like Gecko; compatible; bingbot/2.0; +http://www.bing.com/bingbot.htm) Chrome/116.0.1938.76 Safari/537.36"
157.55.39.14 - - [08/Dec/2025:18:45:33 +0300] "GET /192901232.phtml HTTP/2" 200 25484 "-" "Mozilla/5.0 AppleWebKit/537.36 (KHTML, like Gecko; compatible; bingbot/2.0; +http://www.bing.com/bingbot.htm) Chrome/116.0.1938.76 Safari/537.36"
157.55.39.195 - - [08/Dec/2025:18:45:38 +0300] "GET /244663250.phtml HTTP/2" 200 25523 "-" "Mozilla/5.0 AppleWebKit/537.36 (KHTML, like Gecko; compatible; bingbot/2.0; +http://www.bing.com/bingbot.htm) Chrome/116.0.1938.76 Safari/537.36"
157.55.39.48 - - [08/Dec/2025:18:46:39 +0300] "GET /5239373.phtml HTTP/2" 200 25780 "-" "Mozilla/5.0 AppleWebKit/537.36 (KHTML, like Gecko; compatible; bingbot/2.0; +http://www.bing.com/bingbot.htm) Chrome/116.0.1938.76 Safari/537.36"
85.208.96.193 - - [08/Dec/2025:18:47:01 +0300] "GET /206162249.phtml HTTP/1.1" 500 20 "-" "Mozilla/5.0 (compatible; SemrushBot/7~bl; +http://www.semrush.com/bot.html)"
157.55.39.192 - - [08/Dec/2025:18:47:33 +0300] "GET /407740703.phtml HTTP/2" 200 27694 "-" "Mozilla/5.0 AppleWebKit/537.36 (KHTML, like Gecko; compatible; bingbot/2.0; +http://www.bing.com/bingbot.htm) Chrome/116.0.1938.76 Safari/537.36"
157.55.39.203 - - [08/Dec/2025:18:48:00 +0300] "GET /423444545.phtml HTTP/2" 200 26101 "-" "Mozilla/5.0 AppleWebKit/537.36 (KHTML, like Gecko; compatible; bingbot/2.0; +http://www.bing.com/bingbot.htm) Chrome/116.0.1938.76 Safari/537.36"
66.249.66.204 - - [08/Dec/2025:18:48:59 +0300] "GET /169943759.phtml HTTP/1.1" 200 26024 "-" "Mozilla/5.0 (Linux; Android 6.0.1; Nexus 5X Build/MMB29P) AppleWebKit/537.36 (KHTML, like Gecko) Chrome/141.0.7390.122 Mobile Safari/537.36 (compatible; Googlebot/2.1; +http://www.google.com/bot.html)"
74.7.243.203 - - [08/Dec/2025:18:49:09 +0300] "GET /250617275.phtml HTTP/2" 500 20 "-" "Mozilla/5.0 AppleWebKit/537.36 (KHTML, like Gecko; compatible; GPTBot/1.3; +https://openai.com/gptbot)"
185.191.171.14 - - [08/Dec/2025:18:50:06 +0300] "GET /436889669.phtml HTTP/1.1" 500 20 "-" "Mozilla/5.0 (compatible; SemrushBot/7~bl; +http://www.semrush.com/bot.html)"
85.208.96.198 - - [08/Dec/2025:18:51:07 +0300] "GET /7674113.phtml HTTP/1.1" 500 20 "-" "Mozilla/5.0 (compatible; SemrushBot/7~bl; +http://www.semrush.com/bot.html)"
74.7.243.203 - - [08/Dec/2025:18:51:12 +0300] "GET /538275800.phtml HTTP/2" 500 20 "-" "Mozilla/5.0 AppleWebKit/537.36 (KHTML, like Gecko; compatible; GPTBot/1.3; +https://openai.com/gptbot)"
185.191.171.2 - - [08/Dec/2025:18:52:09 +0300] "GET /101207168.phtml HTTP/1.1" 500 20 "-" "Mozilla/5.0 (compatible; SemrushBot/7~bl; +http://www.semrush.com/bot.html)"
157.55.39.203 - - [08/Dec/2025:18:52:49 +0300] "GET /183545963.phtml HTTP/2" 200 26376 "-" "Mozilla/5.0 AppleWebKit/537.36 (KHTML, like Gecko; compatible; bingbot/2.0; +http://www.bing.com/bingbot.htm) Chrome/116.0.1938.76 Safari/537.36"
157.55.39.203 - - [08/Dec/2025:18:52:59 +0300] "GET /164716229.phtml HTTP/2" 200 26913 "-" "Mozilla/5.0 AppleWebKit/537.36 (KHTML, like Gecko; compatible; bingbot/2.0; +http://www.bing.com/bingbot.htm) Chrome/116.0.1938.76 Safari/537.36"
74.7.243.203 - - [08/Dec/2025:18:53:15 +0300] "GET /294973664.phtml HTTP/2" 500 20 "-" "Mozilla/5.0 AppleWebKit/537.36 (KHTML, like Gecko; compatible; GPTBot/1.3; +https://openai.com/gptbot)"
157.55.39.203 - - [08/Dec/2025:18:53:46 +0300] "GET /678726803.phtml HTTP/2" 200 26547 "-" "Mozilla/5.0 AppleWebKit/537.36 (KHTML, like Gecko; compatible; bingbot/2.0; +http://www.bing.com/bingbot.htm) Chrome/116.0.1938.76 Safari/537.36"
74.7.243.203 - - [08/Dec/2025:18:54:17 +0300] "GET /658804670.phtml HTTP/2" 500 20 "-" "Mozilla/5.0 AppleWebKit/537.36 (KHTML, like Gecko; compatible; GPTBot/1.3; +https://openai.com/gptbot)"
74.7.243.203 - - [08/Dec/2025:18:55:21 +0300] "GET /484047395.phtml HTTP/2" 500 20 "-" "Mozilla/5.0 AppleWebKit/537.36 (KHTML, like Gecko; compatible; GPTBot/1.3; +https://openai.com/gptbot)"
66.249.66.68 - - [08/Dec/2025:18:56:22 +0300] "GET /525024254.phtml HTTP/1.1" 200 25906 "-" "Mozilla/5.0 (Linux; Android 6.0.1; Nexus 5X Build/MMB29P) AppleWebKit/537.36 (KHTML, like Gecko) Chrome/141.0.7390.122 Mobile Safari/537.36 (compatible; Googlebot/2.1; +http://www.google.com/bot.html)"
157.55.39.203 - - [08/Dec/2025:18:58:00 +0300] "GET /665016029.phtml HTTP/2" 200 26697 "-" "Mozilla/5.0 AppleWebKit/537.36 (KHTML, like Gecko; compatible; bingbot/2.0; +http://www.bing.com/bingbot.htm) Chrome/116.0.1938.76 Safari/537.36"
157.55.39.203 - - [08/Dec/2025:18:58:01 +0300] "GET /254986409.phtml HTTP/2" 200 25782 "-" "Mozilla/5.0 AppleWebKit/537.36 (KHTML, like Gecko; compatible; bingbot/2.0; +http://www.bing.com/bingbot.htm) Chrome/116.0.1938.76 Safari/537.36"
157.55.39.203 - - [08/Dec/2025:18:58:11 +0300] "GET /445250714.phtml HTTP/2" 200 26928 "-" "Mozilla/5.0 AppleWebKit/537.36 (KHTML, like Gecko; compatible; bingbot/2.0; +http://www.bing.com/bingbot.htm) Chrome/116.0.1938.76 Safari/537.36"
185.191.171.6 - - [08/Dec/2025:18:58:17 +0300] "GET /442406180.phtml HTTP/1.1" 500 20 "-" "Mozilla/5.0 (compatible; SemrushBot/7~bl; +http://www.semrush.com/bot.html)"
157.55.39.203 - - [08/Dec/2025:19:01:20 +0300] "GET /206865875.phtml HTTP/2" 200 27164 "-" "Mozilla/5.0 AppleWebKit/537.36 (KHTML, like Gecko; compatible; bingbot/2.0; +http://www.bing.com/bingbot.htm) Chrome/116.0.1938.76 Safari/537.36"
185.191.171.15 - - [08/Dec/2025:19:02:22 +0300] "GET /594727811.phtml HTTP/1.1" 500 20 "-" "Mozilla/5.0 (compatible; SemrushBot/7~bl; +http://www.semrush.com/bot.html)"
207.46.13.36 - - [08/Dec/2025:19:03:21 +0300] "GET /153910511.phtml HTTP/2" 200 26386 "-" "Mozilla/5.0 AppleWebKit/537.36 (KHTML, like Gecko; compatible; bingbot/2.0; +http://www.bing.com/bingbot.htm) Chrome/116.0.1938.76 Safari/537.36"
185.191.171.15 - - [08/Dec/2025:19:03:24 +0300] "GET /41743841.phtml HTTP/1.1" 500 20 "-" "Mozilla/5.0 (compatible; SemrushBot/7~bl; +http://www.semrush.com/bot.html)"
207.46.13.36 - - [08/Dec/2025:19:03:29 +0300] "GET /270605012.phtml HTTP/2" 200 26671 "-" "Mozilla/5.0 AppleWebKit/537.36 (KHTML, like Gecko; compatible; bingbot/2.0; +http://www.bing.com/bingbot.htm) Chrome/116.0.1938.76 Safari/537.36"
204.12.252.98 - - [08/Dec/2025:19:04:05 +0300] "GET /wp-includes/im9c5db8/edit.php HTTP/1.1" 500 20 "https://survivorshoes.com/wp-includes/im9c5db8/edit.php" "Mozilla/5.0 (Windows NT 10.0; Win64; x64) AppleWebKit/537.36 (KHTML, like Gecko) Chrome/58.0.3029.110 Safari/537.3"
204.12.252.98 - - [08/Dec/2025:19:04:05 +0300] "GET /wp-includes/im9c5db8/edit.php HTTP/1.1" 500 20 "https://survivorshoes.com/wp-includes/im9c5db8/edit.php" "Mozilla/5.0 (Windows NT 10.0; Win64; x64) AppleWebKit/537.36 (KHTML, like Gecko) Chrome/58.0.3029.110 Safari/537.3"
185.191.171.15 - - [08/Dec/2025:19:04:25 +0300] "GET /352059308.phtml HTTP/1.1" 500 20 "-" "Mozilla/5.0 (compatible; SemrushBot/7~bl; +http://www.semrush.com/bot.html)"
185.191.171.10 - - [08/Dec/2025:18:57:16 +0300] "GET /82558307.phtml HTTP/1.1" 500 20 "-" "Mozilla/5.0 (compatible; SemrushBot/7~bl; +http://www.semrush.com/bot.html)"
185.191.171.10 - - [08/Dec/2025:18:59:18 +0300] "GET /667050677.phtml HTTP/1.1" 500 20 "-" "Mozilla/5.0 (compatible; SemrushBot/7~bl; +http://www.semrush.com/bot.html)"
157.55.39.196 - - [08/Dec/2025:18:59:22 +0300] "GET /542153597.phtml HTTP/2" 200 27577 "-" "Mozilla/5.0 AppleWebKit/537.36 (KHTML, like Gecko; compatible; bingbot/2.0; +http://www.bing.com/bingbot.htm) Chrome/116.0.1938.76 Safari/537.36"
157.55.39.196 - - [08/Dec/2025:18:59:23 +0300] "GET /565919108.phtml HTTP/2" 200 25702 "-" "Mozilla/5.0 AppleWebKit/537.36 (KHTML, like Gecko; compatible; bingbot/2.0; +http://www.bing.com/bingbot.htm) Chrome/116.0.1938.76 Safari/537.36"
185.191.171.16 - - [08/Dec/2025:19:00:20 +0300] "GET /243004670.phtml HTTP/1.1" 500 20 "-" "Mozilla/5.0 (compatible; SemrushBot/7~bl; +http://www.semrush.com/bot.html)"
74.7.243.203 - - [08/Dec/2025:19:00:40 +0300] "GET /467204954.phtml HTTP/2" 500 20 "-" "Mozilla/5.0 AppleWebKit/537.36 (KHTML, like Gecko; compatible; GPTBot/1.3; +https://openai.com/gptbot)"
85.208.96.198 - - [08/Dec/2025:19:01:21 +0300] "GET /602260259.phtml HTTP/1.1" 500 20 "-" "Mozilla/5.0 (compatible; SemrushBot/7~bl; +http://www.semrush.com/bot.html)"
207.46.13.36 - - [08/Dec/2025:19:04:50 +0300] "GET /36854726.phtml HTTP/2" 200 26750 "-" "Mozilla/5.0 AppleWebKit/537.36 (KHTML, like Gecko; compatible; bingbot/2.0; +http://www.bing.com/bingbot.htm) Chrome/116.0.1938.76 Safari/537.36"
207.46.13.36 - - [08/Dec/2025:19:04:51 +0300] "GET /298874099.phtml HTTP/2" 200 25682 "-" "Mozilla/5.0 AppleWebKit/537.36 (KHTML, like Gecko; compatible; bingbot/2.0; +http://www.bing.com/bingbot.htm) Chrome/116.0.1938.76 Safari/537.36"
157.55.39.203 - - [08/Dec/2025:19:05:35 +0300] "GET /226874864.phtml HTTP/2" 200 27835 "-" "Mozilla/5.0 AppleWebKit/537.36 (KHTML, like Gecko; compatible; bingbot/2.0; +http://www.bing.com/bingbot.htm) Chrome/116.0.1938.76 Safari/537.36"
157.55.39.203 - - [08/Dec/2025:19:05:41 +0300] "GET /542495477.phtml HTTP/2" 200 26559 "-" "Mozilla/5.0 AppleWebKit/537.36 (KHTML, like Gecko; compatible; bingbot/2.0; +http://www.bing.com/bingbot.htm) Chrome/116.0.1938.76 Safari/537.36"
157.55.39.196 - - [08/Dec/2025:19:05:47 +0300] "GET /582626876.phtml HTTP/2" 200 26303 "-" "Mozilla/5.0 AppleWebKit/537.36 (KHTML, like Gecko; compatible; bingbot/2.0; +http://www.bing.com/bingbot.htm) Chrome/116.0.1938.76 Safari/537.36"
157.55.39.196 - - [08/Dec/2025:19:06:08 +0300] "GET /658343132.phtml HTTP/2" 200 25899 "-" "Mozilla/5.0 AppleWebKit/537.36 (KHTML, like Gecko; compatible; bingbot/2.0; +http://www.bing.com/bingbot.htm) Chrome/116.0.1938.76 Safari/537.36"
185.191.171.11 - - [08/Dec/2025:19:06:32 +0300] "GET /183268994.phtml HTTP/1.1" 500 20 "-" "Mozilla/5.0 (compatible; SemrushBot/7~bl; +http://www.semrush.com/bot.html)"
185.191.171.7 - - [08/Dec/2025:19:07:33 +0300] "GET /663484268.phtml HTTP/1.1" 500 20 "-" "Mozilla/5.0 (compatible; SemrushBot/7~bl; +http://www.semrush.com/bot.html)"
207.46.13.168 - - [08/Dec/2025:19:09:24 +0300] "GET /125386169.phtml HTTP/2" 200 25952 "-" "Mozilla/5.0 AppleWebKit/537.36 (KHTML, like Gecko; compatible; bingbot/2.0; +http://www.bing.com/bingbot.htm) Chrome/116.0.1938.76 Safari/537.36"
85.208.96.209 - - [08/Dec/2025:19:09:35 +0300] "GET /372898511.phtml HTTP/1.1" 500 20 "-" "Mozilla/5.0 (compatible; SemrushBot/7~bl; +http://www.semrush.com/bot.html)"
185.191.171.1 - - [08/Dec/2025:19:11:38 +0300] "GET /233357417.phtml HTTP/1.1" 500 20 "-" "Mozilla/5.0 (compatible; SemrushBot/7~bl; +http://www.semrush.com/bot.html)"
157.55.39.58 - - [08/Dec/2025:19:11:42 +0300] "GET /113717204.phtml HTTP/2" 200 25459 "-" "Mozilla/5.0 AppleWebKit/537.36 (KHTML, like Gecko; compatible; bingbot/2.0; +http://www.bing.com/bingbot.htm) Chrome/116.0.1938.76 Safari/537.36"
157.55.39.58 - - [08/Dec/2025:19:12:00 +0300] "GET /686072603.phtml HTTP/2" 200 26135 "-" "Mozilla/5.0 AppleWebKit/537.36 (KHTML, like Gecko; compatible; bingbot/2.0; +http://www.bing.com/bingbot.htm) Chrome/116.0.1938.76 Safari/537.36"
208.110.64.178 - - [08/Dec/2025:19:12:21 +0300] "GET /wp-includes/im9c5db8/edit.php HTTP/1.1" 500 20 "https://survivorshoes.com/wp-includes/im9c5db8/edit.php" "Mozilla/5.0 (Windows NT 10.0; Win64; x64) AppleWebKit/537.36 (KHTML, like Gecko) Chrome/58.0.3029.110 Safari/537.3"
208.110.64.178 - - [08/Dec/2025:19:12:22 +0300] "GET /wp-includes/im9c5db8/edit.php HTTP/1.1" 500 20 "https://survivorshoes.com/wp-includes/im9c5db8/edit.php" "Mozilla/5.0 (Windows NT 10.0; Win64; x64) AppleWebKit/537.36 (KHTML, like Gecko) Chrome/58.0.3029.110 Safari/537.3"
85.208.96.196 - - [08/Dec/2025:19:12:40 +0300] "GET /2236835.phtml HTTP/1.1" 500 20 "-" "Mozilla/5.0 (compatible; SemrushBot/7~bl; +http://www.semrush.com/bot.html)"
157.55.39.58 - - [08/Dec/2025:19:12:54 +0300] "GET /500586995.phtml HTTP/2" 200 25669 "-" "Mozilla/5.0 AppleWebKit/537.36 (KHTML, like Gecko; compatible; bingbot/2.0; +http://www.bing.com/bingbot.htm) Chrome/116.0.1938.76 Safari/537.36"
207.46.13.168 - - [08/Dec/2025:19:13:05 +0300] "GET /629222579.phtml HTTP/2" 200 26907 "-" "Mozilla/5.0 AppleWebKit/537.36 (KHTML, like Gecko; compatible; bingbot/2.0; +http://www.bing.com/bingbot.htm) Chrome/116.0.1938.76 Safari/537.36"
185.191.171.16 - - [08/Dec/2025:19:05:28 +0300] "GET /194907698.phtml HTTP/1.1" 500 20 "-" "Mozilla/5.0 (compatible; SemrushBot/7~bl; +http://www.semrush.com/bot.html)"
157.55.39.203 - - [08/Dec/2025:19:07:10 +0300] "GET /596530997.phtml HTTP/2" 200 26373 "-" "Mozilla/5.0 AppleWebKit/537.36 (KHTML, like Gecko; compatible; bingbot/2.0; +http://www.bing.com/bingbot.htm) Chrome/116.0.1938.76 Safari/537.36"
85.208.96.212 - - [08/Dec/2025:19:08:34 +0300] "GET /388753889.phtml HTTP/1.1" 500 20 "-" "Mozilla/5.0 (compatible; SemrushBot/7~bl; +http://www.semrush.com/bot.html)"
207.46.13.168 - - [08/Dec/2025:19:09:43 +0300] "GET /277122446.phtml HTTP/2" 200 28037 "-" "Mozilla/5.0 AppleWebKit/537.36 (KHTML, like Gecko; compatible; bingbot/2.0; +http://www.bing.com/bingbot.htm) Chrome/116.0.1938.76 Safari/537.36"
185.191.171.10 - - [08/Dec/2025:19:10:37 +0300] "GET /568620191.phtml HTTP/1.1" 500 20 "-" "Mozilla/5.0 (compatible; SemrushBot/7~bl; +http://www.semrush.com/bot.html)"
157.55.39.58 - - [08/Dec/2025:19:12:14 +0300] "GET /190429301.phtml HTTP/2" 200 26756 "-" "Mozilla/5.0 AppleWebKit/537.36 (KHTML, like Gecko; compatible; bingbot/2.0; +http://www.bing.com/bingbot.htm) Chrome/116.0.1938.76 Safari/537.36"
157.55.39.58 - - [08/Dec/2025:19:14:37 +0300] "GET /571285931.phtml HTTP/2" 200 26079 "-" "Mozilla/5.0 AppleWebKit/537.36 (KHTML, like Gecko; compatible; bingbot/2.0; +http://www.bing.com/bingbot.htm) Chrome/116.0.1938.76 Safari/537.36"
185.191.171.11 - - [08/Dec/2025:19:15:48 +0300] "GET /165947228.phtml HTTP/1.1" 500 20 "-" "Mozilla/5.0 (compatible; SemrushBot/7~bl; +http://www.semrush.com/bot.html)"
85.208.96.196 - - [08/Dec/2025:19:16:21 +0300] "GET /robots.txt HTTP/1.1" 200 147 "-" "Mozilla/5.0 (compatible; SemrushBot/7~bl; +http://www.semrush.com/bot.html)"
157.55.39.58 - - [08/Dec/2025:19:16:33 +0300] "GET /85637768.phtml HTTP/2" 200 26897 "-" "Mozilla/5.0 AppleWebKit/537.36 (KHTML, like Gecko; compatible; bingbot/2.0; +http://www.bing.com/bingbot.htm) Chrome/116.0.1938.76 Safari/537.36"
157.55.39.58 - - [08/Dec/2025:19:16:52 +0300] "GET /468937916.phtml HTTP/2" 200 25994 "-" "Mozilla/5.0 AppleWebKit/537.36 (KHTML, like Gecko; compatible; bingbot/2.0; +http://www.bing.com/bingbot.htm) Chrome/116.0.1938.76 Safari/537.36"
157.55.39.58 - - [08/Dec/2025:19:17:12 +0300] "GET /259098440.phtml HTTP/2" 200 27172 "-" "Mozilla/5.0 AppleWebKit/537.36 (KHTML, like Gecko; compatible; bingbot/2.0; +http://www.bing.com/bingbot.htm) Chrome/116.0.1938.76 Safari/537.36"
157.55.39.58 - - [08/Dec/2025:19:17:16 +0300] "GET /625091606.phtml HTTP/2" 200 26328 "-" "Mozilla/5.0 AppleWebKit/537.36 (KHTML, like Gecko; compatible; bingbot/2.0; +http://www.bing.com/bingbot.htm) Chrome/116.0.1938.76 Safari/537.36"
85.208.96.208 - - [08/Dec/2025:19:17:51 +0300] "GET /193556348.phtml HTTP/1.1" 500 20 "-" "Mozilla/5.0 (compatible; SemrushBot/7~bl; +http://www.semrush.com/bot.html)"
157.55.39.58 - - [08/Dec/2025:19:17:55 +0300] "GET /669391862.phtml HTTP/2" 200 26181 "-" "Mozilla/5.0 AppleWebKit/537.36 (KHTML, like Gecko; compatible; bingbot/2.0; +http://www.bing.com/bingbot.htm) Chrome/116.0.1938.76 Safari/537.36"
157.55.39.58 - - [08/Dec/2025:19:18:15 +0300] "GET /301783775.phtml HTTP/2" 200 29197 "-" "Mozilla/5.0 AppleWebKit/537.36 (KHTML, like Gecko; compatible; bingbot/2.0; +http://www.bing.com/bingbot.htm) Chrome/116.0.1938.76 Safari/537.36"
157.55.39.58 - - [08/Dec/2025:19:18:17 +0300] "GET /204429056.phtml HTTP/2" 200 26481 "-" "Mozilla/5.0 AppleWebKit/537.36 (KHTML, like Gecko; compatible; bingbot/2.0; +http://www.bing.com/bingbot.htm) Chrome/116.0.1938.76 Safari/537.36"
207.46.13.168 - - [08/Dec/2025:19:18:47 +0300] "GET /496067942.phtml HTTP/2" 200 27810 "-" "Mozilla/5.0 AppleWebKit/537.36 (KHTML, like Gecko; compatible; bingbot/2.0; +http://www.bing.com/bingbot.htm) Chrome/116.0.1938.76 Safari/537.36"
185.191.171.19 - - [08/Dec/2025:19:18:52 +0300] "GET /533808953.phtml HTTP/1.1" 500 20 "-" "Mozilla/5.0 (compatible; SemrushBot/7~bl; +http://www.semrush.com/bot.html)"
157.55.39.58 - - [08/Dec/2025:19:19:04 +0300] "GET /258094976.phtml HTTP/2" 200 25750 "-" "Mozilla/5.0 AppleWebKit/537.36 (KHTML, like Gecko; compatible; bingbot/2.0; +http://www.bing.com/bingbot.htm) Chrome/116.0.1938.76 Safari/537.36"
207.46.13.168 - - [08/Dec/2025:19:19:08 +0300] "GET /82958168.phtml HTTP/2" 200 25882 "-" "Mozilla/5.0 AppleWebKit/537.36 (KHTML, like Gecko; compatible; bingbot/2.0; +http://www.bing.com/bingbot.htm) Chrome/116.0.1938.76 Safari/537.36"
157.55.39.58 - - [08/Dec/2025:19:19:44 +0300] "GET /251152733.phtml HTTP/2" 200 28331 "-" "Mozilla/5.0 AppleWebKit/537.36 (KHTML, like Gecko; compatible; bingbot/2.0; +http://www.bing.com/bingbot.htm) Chrome/116.0.1938.76 Safari/537.36"
157.55.39.58 - - [08/Dec/2025:19:19:45 +0300] "GET /545979419.phtml HTTP/2" 200 27974 "-" "Mozilla/5.0 AppleWebKit/537.36 (KHTML, like Gecko; compatible; bingbot/2.0; +http://www.bing.com/bingbot.htm) Chrome/116.0.1938.76 Safari/537.36"
207.46.13.168 - - [08/Dec/2025:19:19:57 +0300] "GET /678475706.phtml HTTP/2" 200 25336 "-" "Mozilla/5.0 AppleWebKit/537.36 (KHTML, like Gecko; compatible; bingbot/2.0; +http://www.bing.com/bingbot.htm) Chrome/116.0.1938.76 Safari/537.36"
207.46.13.155 - - [08/Dec/2025:19:20:28 +0300] "GET /650861735.phtml HTTP/2" 200 26749 "-" "Mozilla/5.0 AppleWebKit/537.36 (KHTML, like Gecko; compatible; bingbot/2.0; +http://www.bing.com/bingbot.htm) Chrome/116.0.1938.76 Safari/537.36"
207.46.13.125 - - [08/Dec/2025:19:20:44 +0300] "GET /428013494.phtml HTTP/2" 200 26873 "-" "Mozilla/5.0 AppleWebKit/537.36 (KHTML, like Gecko; compatible; bingbot/2.0; +http://www.bing.com/bingbot.htm) Chrome/116.0.1938.76 Safari/537.36"
185.191.171.9 - - [08/Dec/2025:19:20:55 +0300] "GET /541368197.phtml HTTP/1.1" 500 20 "-" "Mozilla/5.0 (compatible; SemrushBot/7~bl; +http://www.semrush.com/bot.html)"
207.46.13.155 - - [08/Dec/2025:19:21:09 +0300] "GET /344244347.phtml HTTP/2" 200 26423 "-" "Mozilla/5.0 AppleWebKit/537.36 (KHTML, like Gecko; compatible; bingbot/2.0; +http://www.bing.com/bingbot.htm) Chrome/116.0.1938.76 Safari/537.36"
207.46.13.125 - - [08/Dec/2025:19:21:26 +0300] "GET /5003291.phtml HTTP/2" 200 27629 "-" "Mozilla/5.0 AppleWebKit/537.36 (KHTML, like Gecko; compatible; bingbot/2.0; +http://www.bing.com/bingbot.htm) Chrome/116.0.1938.76 Safari/537.36"
185.191.171.18 - - [08/Dec/2025:19:21:56 +0300] "GET /452491409.phtml HTTP/1.1" 500 20 "-" "Mozilla/5.0 (compatible; SemrushBot/7~bl; +http://www.semrush.com/bot.html)"
185.191.171.16 - - [08/Dec/2025:19:22:58 +0300] "GET /635773046.phtml HTTP/1.1" 500 20 "-" "Mozilla/5.0 (compatible; SemrushBot/7~bl; +http://www.semrush.com/bot.html)"
85.208.96.203 - - [08/Dec/2025:19:23:59 +0300] "GET /319210415.phtml HTTP/1.1" 500 20 "-" "Mozilla/5.0 (compatible; SemrushBot/7~bl; +http://www.semrush.com/bot.html)"
207.46.13.125 - - [08/Dec/2025:19:24:04 +0300] "GET /588908690.phtml HTTP/2" 200 26916 "-" "Mozilla/5.0 AppleWebKit/537.36 (KHTML, like Gecko; compatible; bingbot/2.0; +http://www.bing.com/bingbot.htm) Chrome/116.0.1938.76 Safari/537.36"
185.191.171.15 - - [08/Dec/2025:19:25:01 +0300] "GET /525954029.phtml HTTP/1.1" 500 20 "-" "Mozilla/5.0 (compatible; SemrushBot/7~bl; +http://www.semrush.com/bot.html)"
74.7.227.38 - - [08/Dec/2025:19:25:40 +0300] "GET /323741942.phtml HTTP/2" 500 20 "-" "Mozilla/5.0 AppleWebKit/537.36 (KHTML, like Gecko; compatible; GPTBot/1.3; +https://openai.com/gptbot)"
185.191.171.15 - - [08/Dec/2025:19:26:04 +0300] "GET /526022867.phtml HTTP/1.1" 500 20 "-" "Mozilla/5.0 (compatible; SemrushBot/7~bl; +http://www.semrush.com/bot.html)"
74.7.227.38 - - [08/Dec/2025:19:26:06 +0300] "GET /310213889.phtml HTTP/2" 500 20 "-" "Mozilla/5.0 AppleWebKit/537.36 (KHTML, like Gecko; compatible; GPTBot/1.3; +https://openai.com/gptbot)"
157.55.39.203 - - [08/Dec/2025:19:26:06 +0300] "GET /411913949.phtml HTTP/2" 200 26582 "-" "Mozilla/5.0 AppleWebKit/537.36 (KHTML, like Gecko; compatible; bingbot/2.0; +http://www.bing.com/bingbot.htm) Chrome/116.0.1938.76 Safari/537.36"
74.7.227.38 - - [08/Dec/2025:19:29:52 +0300] "GET /195916475.phtml HTTP/2" 500 20 "-" "Mozilla/5.0 AppleWebKit/537.36 (KHTML, like Gecko; compatible; GPTBot/1.3; +https://openai.com/gptbot)"
206.189.2.13 - - [08/Dec/2025:19:30:01 +0300] "GET / HTTP/1.1" 500 0 "-" "Mozilla/5.0 (l9scan/2.0.237313e2630313e29393e28383; +https://leakix.net)"
206.189.2.13 - - [08/Dec/2025:19:30:03 +0300] "POST /api HTTP/1.1" 500 20 "-" "Mozilla/5.0 (l9scan/2.0.237313e2630313e29393e28383; +https://leakix.net)"
206.189.2.13 - - [08/Dec/2025:19:30:03 +0300] "POST /api/graphql HTTP/1.1" 500 20 "-" "Mozilla/5.0 (l9scan/2.0.237313e2630313e29393e28383; +https://leakix.net)"
206.189.2.13 - - [08/Dec/2025:19:30:04 +0300] "POST /api/gql HTTP/1.1" 500 20 "-" "Mozilla/5.0 (l9scan/2.0.237313e2630313e29393e28383; +https://leakix.net)"
206.189.2.13 - - [08/Dec/2025:19:30:07 +0300] "GET /swagger/index.html HTTP/1.1" 500 20 "-" "Mozilla/5.0 (l9scan/2.0.237313e2630313e29393e28383; +https://leakix.net)"
206.189.2.13 - - [08/Dec/2025:19:30:08 +0300] "GET /swagger/swagger-ui.html HTTP/1.1" 500 20 "-" "Mozilla/5.0 (l9scan/2.0.237313e2630313e29393e28383; +https://leakix.net)"
206.189.2.13 - - [08/Dec/2025:19:30:09 +0300] "GET /webjars/swagger-ui/index.html HTTP/1.1" 500 20 "-" "Mozilla/5.0 (l9scan/2.0.237313e2630313e29393e28383; +https://leakix.net)"
85.208.96.211 - - [08/Dec/2025:19:30:09 +0300] "GET /223434350.phtml HTTP/1.1" 500 20 "-" "Mozilla/5.0 (compatible; SemrushBot/7~bl; +http://www.semrush.com/bot.html)"
206.189.2.13 - - [08/Dec/2025:19:30:10 +0300] "GET /swagger.json HTTP/1.1" 500 20 "-" "Mozilla/5.0 (l9scan/2.0.237313e2630313e29393e28383; +https://leakix.net)"
206.189.2.13 - - [08/Dec/2025:19:30:11 +0300] "GET /swagger/v1/swagger.json HTTP/1.1" 500 20 "-" "Mozilla/5.0 (l9scan/2.0.237313e2630313e29393e28383; +https://leakix.net)"
206.189.2.13 - - [08/Dec/2025:19:30:14 +0300] "GET /api-docs/swagger.json HTTP/1.1" 500 20 "-" "Mozilla/5.0 (l9scan/2.0.237313e2630313e29393e28383; +https://leakix.net)"
206.189.2.13 - - [08/Dec/2025:19:30:15 +0300] "GET /api/swagger.json HTTP/1.1" 500 20 "-" "Mozilla/5.0 (l9scan/2.0.237313e2630313e29393e28383; +https://leakix.net)"
206.189.2.13 - - [08/Dec/2025:19:30:16 +0300] "GET /@vite/env HTTP/1.1" 500 20 "-" "Mozilla/5.0 (l9scan/2.0.237313e2630313e29393e28383; +https://leakix.net)"
206.189.2.13 - - [08/Dec/2025:19:30:19 +0300] "GET /.vscode/sftp.json HTTP/1.1" 500 20 "-" "Mozilla/5.0 (l9scan/2.0.237313e2630313e29393e28383; +https://leakix.net)"
206.189.2.13 - - [08/Dec/2025:19:30:21 +0300] "GET /about HTTP/1.1" 500 20 "-" "Mozilla/5.0 (l9scan/2.0.237313e2630313e29393e28383; +https://leakix.net)"
206.189.2.13 - - [08/Dec/2025:19:30:25 +0300] "GET /server-status HTTP/1.1" 500 20 "-" "Mozilla/5.0 (l9scan/2.0.237313e2630313e29393e28383; +https://leakix.net)"
206.189.2.13 - - [08/Dec/2025:19:30:28 +0300] "GET /.DS_Store HTTP/1.1" 500 20 "-" "Mozilla/5.0 (l9scan/2.0.237313e2630313e29393e28383; +https://leakix.net)"
206.189.2.13 - - [08/Dec/2025:19:30:29 +0300] "GET /.env HTTP/1.1" 500 20 "-" "Mozilla/5.0 (l9scan/2.0.237313e2630313e29393e28383; +https://leakix.net)"
206.189.2.13 - - [08/Dec/2025:19:30:31 +0300] "GET /.git/config HTTP/1.1" 403 787 "-" "Mozilla/5.0 (l9scan/2.0.237313e2630313e29393e28383; +https://leakix.net)"
206.189.2.13 - - [08/Dec/2025:19:30:32 +0300] "GET /s/237313e2630313e29393e28383/_/;/META-INF/maven/com.atlassian.jira/jira-webapp-dist/pom.properties HTTP/1.1" 500 20 "-" "Mozilla/5.0 (l9scan/2.0.237313e2630313e29393e28383; +https://leakix.net)"
206.189.2.13 - - [08/Dec/2025:19:30:33 +0300] "GET /config.json HTTP/1.1" 500 20 "-" "Mozilla/5.0 (l9scan/2.0.237313e2630313e29393e28383; +https://leakix.net)"
206.189.2.13 - - [08/Dec/2025:19:30:34 +0300] "GET /telescope/requests HTTP/1.1" 500 20 "-" "Mozilla/5.0 (l9scan/2.0.237313e2630313e29393e28383; +https://leakix.net)"
206.189.2.13 - - [08/Dec/2025:19:30:35 +0300] "GET /info.php HTTP/1.1" 500 20 "-" "Mozilla/5.0 (l9scan/2.0.237313e2630313e29393e28383; +https://leakix.net)"
74.7.227.38 - - [08/Dec/2025:19:26:15 +0300] "GET /507499670.phtml HTTP/2" 500 20 "-" "Mozilla/5.0 AppleWebKit/537.36 (KHTML, like Gecko; compatible; GPTBot/1.3; +https://openai.com/gptbot)"
207.46.13.125 - - [08/Dec/2025:19:26:25 +0300] "GET /139128359.phtml HTTP/2" 200 26346 "-" "Mozilla/5.0 AppleWebKit/537.36 (KHTML, like Gecko; compatible; bingbot/2.0; +http://www.bing.com/bingbot.htm) Chrome/116.0.1938.76 Safari/537.36"
207.46.13.155 - - [08/Dec/2025:19:26:41 +0300] "GET /146548079.phtml HTTP/2" 200 26051 "-" "Mozilla/5.0 AppleWebKit/537.36 (KHTML, like Gecko; compatible; bingbot/2.0; +http://www.bing.com/bingbot.htm) Chrome/116.0.1938.76 Safari/537.36"
208.110.64.178 - - [08/Dec/2025:19:26:55 +0300] "GET /wp-includes/im9c5db8/edit.php HTTP/1.1" 500 20 "https://survivorshoes.com/wp-includes/im9c5db8/edit.php" "Mozilla/5.0 (Windows NT 10.0; Win64; x64) AppleWebKit/537.36 (KHTML, like Gecko) Chrome/58.0.3029.110 Safari/537.3"
208.110.64.178 - - [08/Dec/2025:19:26:55 +0300] "GET /wp-includes/im9c5db8/edit.php HTTP/1.1" 500 20 "https://survivorshoes.com/wp-includes/im9c5db8/edit.php" "Mozilla/5.0 (Windows NT 10.0; Win64; x64) AppleWebKit/537.36 (KHTML, like Gecko) Chrome/58.0.3029.110 Safari/537.3"
207.46.13.155 - - [08/Dec/2025:19:27:11 +0300] "GET /14282792.phtml HTTP/2" 200 25605 "-" "Mozilla/5.0 AppleWebKit/537.36 (KHTML, like Gecko; compatible; bingbot/2.0; +http://www.bing.com/bingbot.htm) Chrome/116.0.1938.76 Safari/537.36"
207.46.13.125 - - [08/Dec/2025:19:28:52 +0300] "GET /202420511.phtml HTTP/2" 200 25754 "-" "Mozilla/5.0 AppleWebKit/537.36 (KHTML, like Gecko; compatible; bingbot/2.0; +http://www.bing.com/bingbot.htm) Chrome/116.0.1938.76 Safari/537.36"
185.191.171.15 - - [08/Dec/2025:19:13:41 +0300] "GET /393752729.phtml HTTP/1.1" 500 20 "-" "Mozilla/5.0 (compatible; SemrushBot/7~bl; +http://www.semrush.com/bot.html)"
157.55.39.58 - - [08/Dec/2025:19:13:52 +0300] "GET /430900994.phtml HTTP/2" 200 26588 "-" "Mozilla/5.0 AppleWebKit/537.36 (KHTML, like Gecko; compatible; bingbot/2.0; +http://www.bing.com/bingbot.htm) Chrome/116.0.1938.76 Safari/537.36"
157.55.39.58 - - [08/Dec/2025:19:14:04 +0300] "GET /479151581.phtml HTTP/2" 200 27322 "-" "Mozilla/5.0 AppleWebKit/537.36 (KHTML, like Gecko; compatible; bingbot/2.0; +http://www.bing.com/bingbot.htm) Chrome/116.0.1938.76 Safari/537.36"
85.208.96.208 - - [08/Dec/2025:19:14:46 +0300] "GET /675820823.phtml HTTP/1.1" 500 20 "-" "Mozilla/5.0 (compatible; SemrushBot/7~bl; +http://www.semrush.com/bot.html)"
207.46.13.168 - - [08/Dec/2025:19:15:56 +0300] "GET /596966201.phtml HTTP/2" 200 28522 "-" "Mozilla/5.0 AppleWebKit/537.36 (KHTML, like Gecko; compatible; bingbot/2.0; +http://www.bing.com/bingbot.htm) Chrome/116.0.1938.76 Safari/537.36"
207.46.13.168 - - [08/Dec/2025:19:15:57 +0300] "GET /592433981.phtml HTTP/2" 200 26156 "-" "Mozilla/5.0 AppleWebKit/537.36 (KHTML, like Gecko; compatible; bingbot/2.0; +http://www.bing.com/bingbot.htm) Chrome/116.0.1938.76 Safari/537.36"
207.46.13.168 - - [08/Dec/2025:19:16:05 +0300] "GET /545033936.phtml HTTP/2" 200 27170 "-" "Mozilla/5.0 AppleWebKit/537.36 (KHTML, like Gecko; compatible; bingbot/2.0; +http://www.bing.com/bingbot.htm) Chrome/116.0.1938.76 Safari/537.36"
85.208.96.210 - - [08/Dec/2025:19:16:50 +0300] "GET /65719793.phtml HTTP/1.1" 500 20 "-" "Mozilla/5.0 (compatible; SemrushBot/7~bl; +http://www.semrush.com/bot.html)"
207.46.13.168 - - [08/Dec/2025:19:17:46 +0300] "GET /77001140.phtml HTTP/2" 200 27356 "-" "Mozilla/5.0 AppleWebKit/537.36 (KHTML, like Gecko; compatible; bingbot/2.0; +http://www.bing.com/bingbot.htm) Chrome/116.0.1938.76 Safari/537.36"
207.46.13.168 - - [08/Dec/2025:19:17:47 +0300] "GET /175496999.phtml HTTP/2" 200 26867 "-" "Mozilla/5.0 AppleWebKit/537.36 (KHTML, like Gecko; compatible; bingbot/2.0; +http://www.bing.com/bingbot.htm) Chrome/116.0.1938.76 Safari/537.36"
85.208.96.206 - - [08/Dec/2025:19:19:53 +0300] "GET /89580938.phtml HTTP/1.1" 500 20 "-" "Mozilla/5.0 (compatible; SemrushBot/7~bl; +http://www.semrush.com/bot.html)"
157.55.39.203 - - [08/Dec/2025:19:23:58 +0300] "GET /111572831.phtml HTTP/2" 200 26776 "-" "Mozilla/5.0 AppleWebKit/537.36 (KHTML, like Gecko; compatible; bingbot/2.0; +http://www.bing.com/bingbot.htm) Chrome/116.0.1938.76 Safari/537.36"
157.55.39.203 - - [08/Dec/2025:19:23:59 +0300] "GET /499830470.phtml HTTP/2" 200 25655 "-" "Mozilla/5.0 AppleWebKit/537.36 (KHTML, like Gecko; compatible; bingbot/2.0; +http://www.bing.com/bingbot.htm) Chrome/116.0.1938.76 Safari/537.36"
157.55.39.203 - - [08/Dec/2025:19:27:05 +0300] "GET /438932864.phtml HTTP/2" 200 26981 "-" "Mozilla/5.0 AppleWebKit/537.36 (KHTML, like Gecko; compatible; bingbot/2.0; +http://www.bing.com/bingbot.htm) Chrome/116.0.1938.76 Safari/537.36"
185.191.171.7 - - [08/Dec/2025:19:27:05 +0300] "GET /562870139.phtml HTTP/1.1" 500 20 "-" "Mozilla/5.0 (compatible; SemrushBot/7~bl; +http://www.semrush.com/bot.html)"
74.7.227.38 - - [08/Dec/2025:19:27:46 +0300] "GET /302616992.phtml HTTP/2" 500 20 "-" "Mozilla/5.0 AppleWebKit/537.36 (KHTML, like Gecko; compatible; GPTBot/1.3; +https://openai.com/gptbot)"
185.191.171.15 - - [08/Dec/2025:19:28:07 +0300] "GET /692208425.phtml HTTP/1.1" 500 20 "-" "Mozilla/5.0 (compatible; SemrushBot/7~bl; +http://www.semrush.com/bot.html)"
74.7.227.38 - - [08/Dec/2025:19:28:46 +0300] "GET /119805671.phtml HTTP/2" 500 20 "-" "Mozilla/5.0 AppleWebKit/537.36 (KHTML, like Gecko; compatible; GPTBot/1.3; +https://openai.com/gptbot)"
185.191.171.7 - - [08/Dec/2025:19:29:08 +0300] "GET /505050608.phtml HTTP/1.1" 500 20 "-" "Mozilla/5.0 (compatible; SemrushBot/7~bl; +http://www.semrush.com/bot.html)"
206.189.2.13 - - [08/Dec/2025:19:30:01 +0300] "GET / HTTP/1.1" 500 0 "-" "-"
206.189.2.13 - - [08/Dec/2025:19:30:02 +0300] "POST /graphql HTTP/1.1" 500 20 "-" "Mozilla/5.0 (l9scan/2.0.237313e2630313e29393e28383; +https://leakix.net)"
206.189.2.13 - - [08/Dec/2025:19:30:04 +0300] "POST /graphql/api HTTP/1.1" 500 20 "-" "Mozilla/5.0 (l9scan/2.0.237313e2630313e29393e28383; +https://leakix.net)"
206.189.2.13 - - [08/Dec/2025:19:30:06 +0300] "GET /swagger-ui.html HTTP/1.1" 500 20 "-" "Mozilla/5.0 (l9scan/2.0.237313e2630313e29393e28383; +https://leakix.net)"
206.189.2.13 - - [08/Dec/2025:19:30:12 +0300] "GET /v2/api-docs HTTP/1.1" 500 20 "-" "Mozilla/5.0 (l9scan/2.0.237313e2630313e29393e28383; +https://leakix.net)"
206.189.2.13 - - [08/Dec/2025:19:30:13 +0300] "GET /v3/api-docs HTTP/1.1" 500 20 "-" "Mozilla/5.0 (l9scan/2.0.237313e2630313e29393e28383; +https://leakix.net)"
206.189.2.13 - - [08/Dec/2025:19:30:17 +0300] "GET /actuator/env HTTP/1.1" 500 20 "-" "Mozilla/5.0 (l9scan/2.0.237313e2630313e29393e28383; +https://leakix.net)"
206.189.2.13 - - [08/Dec/2025:19:30:18 +0300] "GET /server HTTP/1.1" 500 20 "-" "Mozilla/5.0 (l9scan/2.0.237313e2630313e29393e28383; +https://leakix.net)"
206.189.2.13 - - [08/Dec/2025:19:30:22 +0300] "GET /debug/default/view?panel=config HTTP/1.1" 500 20 "-" "Mozilla/5.0 (l9scan/2.0.237313e2630313e29393e28383; +https://leakix.net)"
206.189.2.13 - - [08/Dec/2025:19:30:23 +0300] "GET /v2/_catalog HTTP/1.1" 500 20 "-" "Mozilla/5.0 (l9scan/2.0.237313e2630313e29393e28383; +https://leakix.net)"
206.189.2.13 - - [08/Dec/2025:19:30:24 +0300] "GET /ecp/Current/exporttool/microsoft.exchange.ediscovery.exporttool.application HTTP/1.1" 500 20 "-" "Mozilla/5.0 (l9scan/2.0.237313e2630313e29393e28383; +https://leakix.net)"
206.189.2.13 - - [08/Dec/2025:19:30:26 +0300] "GET /login.action HTTP/1.1" 500 20 "-" "Mozilla/5.0 (l9scan/2.0.237313e2630313e29393e28383; +https://leakix.net)"
206.189.2.13 - - [08/Dec/2025:19:30:27 +0300] "GET /_all_dbs HTTP/1.1" 500 20 "-" "Mozilla/5.0 (l9scan/2.0.237313e2630313e29393e28383; +https://leakix.net)"
206.189.2.13 - - [08/Dec/2025:19:30:36 +0300] "GET /?rest_route=/wp/v2/users/ HTTP/1.1" 500 20 "-" "Mozilla/5.0 (l9scan/2.0.237313e2630313e29393e28383; +https://leakix.net)"
207.46.13.155 - - [08/Dec/2025:19:31:13 +0300] "GET /233509415.phtml HTTP/2" 200 28241 "-" "Mozilla/5.0 AppleWebKit/537.36 (KHTML, like Gecko; compatible; bingbot/2.0; +http://www.bing.com/bingbot.htm) Chrome/116.0.1938.76 Safari/537.36"
157.55.39.48 - - [08/Dec/2025:19:31:59 +0300] "GET /674958500.phtml HTTP/2" 200 25745 "-" "Mozilla/5.0 AppleWebKit/537.36 (KHTML, like Gecko; compatible; bingbot/2.0; +http://www.bing.com/bingbot.htm) Chrome/116.0.1938.76 Safari/537.36"
157.55.39.195 - - [08/Dec/2025:19:32:32 +0300] "GET /405085127.phtml HTTP/2" 200 27438 "-" "Mozilla/5.0 AppleWebKit/537.36 (KHTML, like Gecko; compatible; bingbot/2.0; +http://www.bing.com/bingbot.htm) Chrome/116.0.1938.76 Safari/537.36"
157.55.39.48 - - [08/Dec/2025:19:33:10 +0300] "GET /427576442.phtml HTTP/2" 200 25871 "-" "Mozilla/5.0 AppleWebKit/537.36 (KHTML, like Gecko; compatible; bingbot/2.0; +http://www.bing.com/bingbot.htm) Chrome/116.0.1938.76 Safari/537.36"
185.191.171.16 - - [08/Dec/2025:19:34:14 +0300] "GET /622440419.phtml HTTP/1.1" 500 20 "-" "Mozilla/5.0 (compatible; SemrushBot/7~bl; +http://www.semrush.com/bot.html)"
85.208.96.206 - - [08/Dec/2025:19:35:16 +0300] "GET /593871032.phtml HTTP/1.1" 500 20 "-" "Mozilla/5.0 (compatible; SemrushBot/7~bl; +http://www.semrush.com/bot.html)"
157.55.39.48 - - [08/Dec/2025:19:35:52 +0300] "GET /403461659.phtml HTTP/2" 200 26745 "-" "Mozilla/5.0 AppleWebKit/537.36 (KHTML, like Gecko; compatible; bingbot/2.0; +http://www.bing.com/bingbot.htm) Chrome/116.0.1938.76 Safari/537.36"
157.55.39.48 - - [08/Dec/2025:19:35:56 +0300] "GET /276823994.phtml HTTP/2" 200 28147 "-" "Mozilla/5.0 AppleWebKit/537.36 (KHTML, like Gecko; compatible; bingbot/2.0; +http://www.bing.com/bingbot.htm) Chrome/116.0.1938.76 Safari/537.36"
66.249.66.41 - - [08/Dec/2025:19:30:42 +0300] "GET /169151429.phtml HTTP/1.1" 200 26978 "-" "Mozilla/5.0 (Linux; Android 6.0.1; Nexus 5X Build/MMB29P) AppleWebKit/537.36 (KHTML, like Gecko) Chrome/141.0.7390.122 Mobile Safari/537.36 (compatible; Googlebot/2.1; +http://www.google.com/bot.html)"
74.7.227.38 - - [08/Dec/2025:19:30:54 +0300] "GET /680434355.phtml HTTP/2" 500 20 "-" "Mozilla/5.0 AppleWebKit/537.36 (KHTML, like Gecko; compatible; GPTBot/1.3; +https://openai.com/gptbot)"
185.191.171.4 - - [08/Dec/2025:19:31:10 +0300] "GET /230618219.phtml HTTP/1.1" 500 20 "-" "Mozilla/5.0 (compatible; SemrushBot/7~bl; +http://www.semrush.com/bot.html)"
96.41.38.202 - - [08/Dec/2025:19:31:26 +0300] "GET / HTTP/1.1" 500 20 "-" "Mozilla/5.0 (Macintosh; Intel Mac OS X 10.15; rv:139.0) Gecko/20100101 Firefox/139.0"
96.41.38.202 - - [08/Dec/2025:19:31:27 +0300] "GET /@vite/env HTTP/1.1" 500 20 "-" "Mozilla/5.0 (Macintosh; Intel Mac OS X 10.15; rv:139.0) Gecko/20100101 Firefox/139.0"
96.41.38.202 - - [08/Dec/2025:19:31:27 +0300] "GET /actutor/env HTTP/1.1" 500 20 "-" "Mozilla/5.0 (Macintosh; Intel Mac OS X 10.15; rv:139.0) Gecko/20100101 Firefox/139.0"
96.41.38.202 - - [08/Dec/2025:19:31:28 +0300] "GET /.vscode/sftp.json HTTP/1.1" 500 20 "-" "Mozilla/5.0 (Macintosh; Intel Mac OS X 10.15; rv:139.0) Gecko/20100101 Firefox/139.0"
96.41.38.202 - - [08/Dec/2025:19:31:28 +0300] "GET /.env HTTP/1.1" 500 20 "-" "Mozilla/5.0 (Macintosh; Intel Mac OS X 10.15; rv:139.0) Gecko/20100101 Firefox/139.0"
96.41.38.202 - - [08/Dec/2025:19:31:29 +0300] "GET /.git/config HTTP/1.1" 403 787 "-" "Mozilla/5.0 (Macintosh; Intel Mac OS X 10.15; rv:139.0) Gecko/20100101 Firefox/139.0"
157.55.39.48 - - [08/Dec/2025:19:31:43 +0300] "GET /666189740.phtml HTTP/2" 200 26061 "-" "Mozilla/5.0 AppleWebKit/537.36 (KHTML, like Gecko; compatible; bingbot/2.0; +http://www.bing.com/bingbot.htm) Chrome/116.0.1938.76 Safari/537.36"
74.7.227.38 - - [08/Dec/2025:19:31:58 +0300] "GET /583911698.phtml HTTP/2" 500 20 "-" "Mozilla/5.0 AppleWebKit/537.36 (KHTML, like Gecko; compatible; GPTBot/1.3; +https://openai.com/gptbot)"
185.191.171.15 - - [08/Dec/2025:19:32:12 +0300] "GET /248156663.phtml HTTP/1.1" 500 20 "-" "Mozilla/5.0 (compatible; SemrushBot/7~bl; +http://www.semrush.com/bot.html)"
74.7.227.38 - - [08/Dec/2025:19:33:00 +0300] "GET /474229895.phtml HTTP/2" 500 20 "-" "Mozilla/5.0 AppleWebKit/537.36 (KHTML, like Gecko; compatible; GPTBot/1.3; +https://openai.com/gptbot)"
85.208.96.197 - - [08/Dec/2025:19:33:13 +0300] "GET /557778437.phtml HTTP/1.1" 500 20 "-" "Mozilla/5.0 (compatible; SemrushBot/7~bl; +http://www.semrush.com/bot.html)"
157.55.39.48 - - [08/Dec/2025:19:33:33 +0300] "GET /446644106.phtml HTTP/2" 200 26217 "-" "Mozilla/5.0 AppleWebKit/537.36 (KHTML, like Gecko; compatible; bingbot/2.0; +http://www.bing.com/bingbot.htm) Chrome/116.0.1938.76 Safari/537.36"
74.7.227.38 - - [08/Dec/2025:19:34:02 +0300] "GET /291664127.phtml HTTP/2" 500 20 "-" "Mozilla/5.0 AppleWebKit/537.36 (KHTML, like Gecko; compatible; GPTBot/1.3; +https://openai.com/gptbot)"
157.55.39.48 - - [08/Dec/2025:19:34:09 +0300] "GET /421150715.phtml HTTP/2" 200 27286 "-" "Mozilla/5.0 AppleWebKit/537.36 (KHTML, like Gecko; compatible; bingbot/2.0; +http://www.bing.com/bingbot.htm) Chrome/116.0.1938.76 Safari/537.36"
157.55.39.48 - - [08/Dec/2025:19:34:34 +0300] "GET /41884058.phtml HTTP/2" 200 30304 "-" "Mozilla/5.0 AppleWebKit/537.36 (KHTML, like Gecko; compatible; bingbot/2.0; +http://www.bing.com/bingbot.htm) Chrome/116.0.1938.76 Safari/537.36"
74.7.227.38 - - [08/Dec/2025:19:35:02 +0300] "GET /412128086.phtml HTTP/2" 500 20 "-" "Mozilla/5.0 AppleWebKit/537.36 (KHTML, like Gecko; compatible; GPTBot/1.3; +https://openai.com/gptbot)"
85.208.96.212 - - [08/Dec/2025:19:36:17 +0300] "GET /200378009.phtml HTTP/1.1" 500 20 "-" "Mozilla/5.0 (compatible; SemrushBot/7~bl; +http://www.semrush.com/bot.html)"
194.35.121.198 - - [08/Dec/2025:19:36:33 +0300] "GET / HTTP/1.1" 500 20 "-" "Mozilla/5.0 (X11; Linux x86_64) AppleWebKit/537.36 (KHTML, like Gecko) Chrome/137.0.0.0 Safari/537.36"
194.35.121.198 - - [08/Dec/2025:19:36:33 +0300] "GET /favicon.ico HTTP/1.1" 404 1145 "-" "Mozilla/5.0 (X11; Linux x86_64) AppleWebKit/537.36 (KHTML, like Gecko) Chrome/136.0.0.0 Safari/537.36"
185.191.171.9 - - [08/Dec/2025:19:37:02 +0300] "GET /robots.txt HTTP/1.1" 200 147 "-" "Mozilla/5.0 (compatible; SemrushBot/7~bl; +http://www.semrush.com/bot.html)"
157.55.39.195 - - [08/Dec/2025:19:37:04 +0300] "GET /257993567.phtml HTTP/2" 200 27150 "-" "Mozilla/5.0 AppleWebKit/537.36 (KHTML, like Gecko; compatible; bingbot/2.0; +http://www.bing.com/bingbot.htm) Chrome/116.0.1938.76 Safari/537.36"
85.208.96.211 - - [08/Dec/2025:19:37:18 +0300] "GET /339150335.phtml HTTP/1.1" 500 20 "-" "Mozilla/5.0 (compatible; SemrushBot/7~bl; +http://www.semrush.com/bot.html)"
157.55.39.195 - - [08/Dec/2025:19:38:14 +0300] "GET /287979215.phtml HTTP/2" 200 26030 "-" "Mozilla/5.0 AppleWebKit/537.36 (KHTML, like Gecko; compatible; bingbot/2.0; +http://www.bing.com/bingbot.htm) Chrome/116.0.1938.76 Safari/537.36"
157.55.39.195 - - [08/Dec/2025:19:39:14 +0300] "GET /439552637.phtml HTTP/2" 200 25666 "-" "Mozilla/5.0 AppleWebKit/537.36 (KHTML, like Gecko; compatible; bingbot/2.0; +http://www.bing.com/bingbot.htm) Chrome/116.0.1938.76 Safari/537.36"
185.191.171.11 - - [08/Dec/2025:19:39:20 +0300] "GET /89372114.phtml HTTP/1.1" 500 20 "-" "Mozilla/5.0 (compatible; SemrushBot/7~bl; +http://www.semrush.com/bot.html)"
185.191.171.2 - - [08/Dec/2025:19:40:21 +0300] "GET /674500196.phtml HTTP/1.1" 500 20 "-" "Mozilla/5.0 (compatible; SemrushBot/7~bl; +http://www.semrush.com/bot.html)"
74.7.227.38 - - [08/Dec/2025:19:40:23 +0300] "GET /634823867.phtml HTTP/2" 500 20 "-" "Mozilla/5.0 AppleWebKit/537.36 (KHTML, like Gecko; compatible; GPTBot/1.3; +https://openai.com/gptbot)"
157.55.39.48 - - [08/Dec/2025:19:40:27 +0300] "GET /123697097.phtml HTTP/2" 200 26416 "-" "Mozilla/5.0 AppleWebKit/537.36 (KHTML, like Gecko; compatible; bingbot/2.0; +http://www.bing.com/bingbot.htm) Chrome/116.0.1938.76 Safari/537.36"
185.191.171.17 - - [08/Dec/2025:19:41:22 +0300] "GET /64911755.phtml HTTP/1.1" 500 20 "-" "Mozilla/5.0 (compatible; SemrushBot/7~bl; +http://www.semrush.com/bot.html)"
185.191.171.13 - - [08/Dec/2025:19:43:25 +0300] "GET /582567278.phtml HTTP/1.1" 500 20 "-" "Mozilla/5.0 (compatible; SemrushBot/7~bl; +http://www.semrush.com/bot.html)"
74.7.227.38 - - [08/Dec/2025:19:44:30 +0300] "GET /266920793.phtml HTTP/2" 500 20 "-" "Mozilla/5.0 AppleWebKit/537.36 (KHTML, like Gecko; compatible; GPTBot/1.3; +https://openai.com/gptbot)"
157.55.39.195 - - [08/Dec/2025:19:44:48 +0300] "GET /664309169.phtml HTTP/2" 200 25844 "-" "Mozilla/5.0 AppleWebKit/537.36 (KHTML, like Gecko; compatible; bingbot/2.0; +http://www.bing.com/bingbot.htm) Chrome/116.0.1938.76 Safari/537.36"
157.55.39.48 - - [08/Dec/2025:19:44:55 +0300] "GET /650086961.phtml HTTP/2" 200 25755 "-" "Mozilla/5.0 AppleWebKit/537.36 (KHTML, like Gecko; compatible; bingbot/2.0; +http://www.bing.com/bingbot.htm) Chrome/116.0.1938.76 Safari/537.36"
85.208.96.207 - - [08/Dec/2025:19:45:27 +0300] "GET /130847702.phtml HTTP/1.1" 500 20 "-" "Mozilla/5.0 (compatible; SemrushBot/7~bl; +http://www.semrush.com/bot.html)"
74.7.227.38 - - [08/Dec/2025:19:45:30 +0300] "GET /182260910.phtml HTTP/2" 500 20 "-" "Mozilla/5.0 AppleWebKit/537.36 (KHTML, like Gecko; compatible; GPTBot/1.3; +https://openai.com/gptbot)"
157.55.39.48 - - [08/Dec/2025:19:46:44 +0300] "GET /541579331.phtml HTTP/2" 200 26253 "-" "Mozilla/5.0 AppleWebKit/537.36 (KHTML, like Gecko; compatible; bingbot/2.0; +http://www.bing.com/bingbot.htm) Chrome/116.0.1938.76 Safari/537.36"
157.55.39.195 - - [08/Dec/2025:19:47:49 +0300] "GET /427076096.phtml HTTP/2" 200 27239 "-" "Mozilla/5.0 AppleWebKit/537.36 (KHTML, like Gecko; compatible; bingbot/2.0; +http://www.bing.com/bingbot.htm) Chrome/116.0.1938.76 Safari/537.36"
157.55.39.48 - - [08/Dec/2025:19:36:53 +0300] "GET /620475764.phtml HTTP/2" 200 26286 "-" "Mozilla/5.0 AppleWebKit/537.36 (KHTML, like Gecko; compatible; bingbot/2.0; +http://www.bing.com/bingbot.htm) Chrome/116.0.1938.76 Safari/537.36"
85.208.96.197 - - [08/Dec/2025:19:38:19 +0300] "GET /56551172.phtml HTTP/1.1" 500 20 "-" "Mozilla/5.0 (compatible; SemrushBot/7~bl; +http://www.semrush.com/bot.html)"
74.7.227.38 - - [08/Dec/2025:19:39:17 +0300] "GET /374408558.phtml HTTP/2" 500 20 "-" "Mozilla/5.0 AppleWebKit/537.36 (KHTML, like Gecko; compatible; GPTBot/1.3; +https://openai.com/gptbot)"
157.55.39.48 - - [08/Dec/2025:19:39:33 +0300] "GET /31491599.phtml HTTP/2" 200 29427 "-" "Mozilla/5.0 AppleWebKit/537.36 (KHTML, like Gecko; compatible; bingbot/2.0; +http://www.bing.com/bingbot.htm) Chrome/116.0.1938.76 Safari/537.36"
157.55.39.48 - - [08/Dec/2025:19:40:07 +0300] "GET /204483572.phtml HTTP/2" 200 26997 "-" "Mozilla/5.0 AppleWebKit/537.36 (KHTML, like Gecko; compatible; bingbot/2.0; +http://www.bing.com/bingbot.htm) Chrome/116.0.1938.76 Safari/537.36"
157.55.39.48 - - [08/Dec/2025:19:40:08 +0300] "GET /453901433.phtml HTTP/2" 200 26859 "-" "Mozilla/5.0 AppleWebKit/537.36 (KHTML, like Gecko; compatible; bingbot/2.0; +http://www.bing.com/bingbot.htm) Chrome/116.0.1938.76 Safari/537.36"
66.249.92.160 - - [08/Dec/2025:19:40:51 +0300] "GET /27440552.phtml HTTP/1.1" 500 20 "-" "Mozilla/5.0 (X11; Linux x86_64) AppleWebKit/537.36 (KHTML, like Gecko) Chrome/141.0.7390.122 Safari/537.36"
185.191.171.13 - - [08/Dec/2025:19:42:23 +0300] "GET /671602532.phtml HTTP/1.1" 500 20 "-" "Mozilla/5.0 (compatible; SemrushBot/7~bl; +http://www.semrush.com/bot.html)"
185.191.171.7 - - [08/Dec/2025:19:44:26 +0300] "GET /596637488.phtml HTTP/1.1" 500 20 "-" "Mozilla/5.0 (compatible; SemrushBot/7~bl; +http://www.semrush.com/bot.html)"
185.191.171.19 - - [08/Dec/2025:19:46:28 +0300] "GET /392182160.phtml HTTP/1.1" 500 20 "-" "Mozilla/5.0 (compatible; SemrushBot/7~bl; +http://www.semrush.com/bot.html)"
74.7.227.38 - - [08/Dec/2025:19:46:35 +0300] "GET /665722889.phtml HTTP/2" 500 20 "-" "Mozilla/5.0 AppleWebKit/537.36 (KHTML, like Gecko; compatible; GPTBot/1.3; +https://openai.com/gptbot)"
185.191.171.13 - - [08/Dec/2025:19:47:31 +0300] "GET /281902067.phtml HTTP/1.1" 500 20 "-" "Mozilla/5.0 (compatible; SemrushBot/7~bl; +http://www.semrush.com/bot.html)"
74.7.227.38 - - [08/Dec/2025:19:47:35 +0300] "GET /257328518.phtml HTTP/2" 500 20 "-" "Mozilla/5.0 AppleWebKit/537.36 (KHTML, like Gecko; compatible; GPTBot/1.3; +https://openai.com/gptbot)"
157.55.39.195 - - [08/Dec/2025:19:48:10 +0300] "GET /87694130.phtml HTTP/2" 200 25397 "-" "Mozilla/5.0 AppleWebKit/537.36 (KHTML, like Gecko; compatible; bingbot/2.0; +http://www.bing.com/bingbot.htm) Chrome/116.0.1938.76 Safari/537.36"
157.55.39.195 - - [08/Dec/2025:19:48:12 +0300] "GET /494660690.phtml HTTP/2" 200 26435 "-" "Mozilla/5.0 AppleWebKit/537.36 (KHTML, like Gecko; compatible; bingbot/2.0; +http://www.bing.com/bingbot.htm) Chrome/116.0.1938.76 Safari/537.36"
