HOME


Mini Shell 1.0
DIR: /home/kerimkazan/access-logs/
Upload File :
Current File : //home/kerimkazan/access-logs/contact.survivorshoes.com-ssl_log
74.7.241.145 - - [13/Dec/2025:12:58:21 +0300] "GET /robots.txt HTTP/2" 404 796 "-" "Mozilla/5.0 (Macintosh; Intel Mac OS X 10_15_7) AppleWebKit/537.36 (KHTML, like Gecko) Chrome/131.0.0.0 Safari/537.36; compatible; OAI-SearchBot/1.3; robots.txt; +https://openai.com/searchbot"
216.73.216.152 - - [13/Dec/2025:13:52:42 +0300] "GET /robots.txt HTTP/2" 404 796 "-" "Mozilla/5.0 AppleWebKit/537.36 (KHTML, like Gecko; compatible; ClaudeBot/1.0; +claudebot@anthropic.com)"
216.73.216.152 - - [13/Dec/2025:13:52:42 +0300] "GET /rembrandtloredanasontagpilipczukCakc.php?path=%2Fhome2%2Fkerimkazan%2F.cagefs%2Fopt%2Falt%2Fphp81%2Fvar%2Flib%2Fphp%2Fsession HTTP/2" 200 1321 "-" "Mozilla/5.0 AppleWebKit/537.36 (KHTML, like Gecko; compatible; ClaudeBot/1.0; +claudebot@anthropic.com)"
216.73.216.152 - - [13/Dec/2025:13:52:42 +0300] "GET /rembrandtloredanasontagpilipczukCakc.php?path=%2Fhome2%2Fkerimkazan%2F.cagefs%2Fopt%2Falt%2Fphp83%2Fvar%2Flib%2Fphp%2Fsession HTTP/2" 200 1321 "-" "Mozilla/5.0 AppleWebKit/537.36 (KHTML, like Gecko; compatible; ClaudeBot/1.0; +claudebot@anthropic.com)"
216.73.216.152 - - [13/Dec/2025:14:08:13 +0300] "GET /rembrandtloredanasontagpilipczukCakc.php?path=%2Fhome2%2Fkerimkazan%2F.cagefs%2Fopt%2Falt%2Fphp53%2Fvar%2Flib%2Fphp%2Fsession HTTP/2" 200 1321 "-" "Mozilla/5.0 AppleWebKit/537.36 (KHTML, like Gecko; compatible; ClaudeBot/1.0; +claudebot@anthropic.com)"
216.73.216.152 - - [13/Dec/2025:14:08:13 +0300] "GET /rembrandtloredanasontagpilipczukCakc.php?path=%2Fhome2%2Fkerimkazan%2F.cagefs%2Fopt%2Falt%2Fphp70%2Fvar%2Flib%2Fphp%2Fsession HTTP/2" 200 1320 "-" "Mozilla/5.0 AppleWebKit/537.36 (KHTML, like Gecko; compatible; ClaudeBot/1.0; +claudebot@anthropic.com)"
216.73.216.152 - - [13/Dec/2025:14:20:16 +0300] "GET /rembrandtloredanasontagpilipczukCakc.php?path=%2Fhome2%2Fkerimkazan%2Fdvf%2Fmagaza%2Flib%2Furlify%2Fvoku%2Fportable-ascii%2Fsrc%2Fvoku HTTP/2" 200 1378 "-" "Mozilla/5.0 AppleWebKit/537.36 (KHTML, like Gecko; compatible; ClaudeBot/1.0; +claudebot@anthropic.com)"
18.143.150.202 - - [13/Dec/2025:14:48:02 +0300] "GET / HTTP/1.1" 200 2159 "-" "Mozilla/5.0 (Windows NT 10.0; Win64; x64) AppleWebKit/537.36 (KHTML, like Gecko) Chrome/60.0.3112.113 Safari/537.36 Assetnote/1.0.0"
18.143.150.202 - - [13/Dec/2025:14:48:02 +0300] "HEAD /apps HTTP/1.1" 404 0 "-" "Mozilla/5.0 (Windows NT 10.0; Win64; x64) AppleWebKit/537.36 (KHTML, like Gecko) Chrome/60.0.3112.113 Safari/537.36 Assetnote/1.0.0"
18.143.150.202 - - [13/Dec/2025:14:48:02 +0300] "HEAD /api/action HTTP/1.1" 404 0 "-" "Mozilla/5.0 (Windows NT 10.0; Win64; x64) AppleWebKit/537.36 (KHTML, like Gecko) Chrome/60.0.3112.113 Safari/537.36 Assetnote/1.0.0"
18.143.150.202 - - [13/Dec/2025:14:48:02 +0300] "HEAD /api/actions HTTP/1.1" 404 0 "-" "Mozilla/5.0 (Windows NT 10.0; Win64; x64) AppleWebKit/537.36 (KHTML, like Gecko) Chrome/60.0.3112.113 Safari/537.36 Assetnote/1.0.0"
18.143.150.202 - - [13/Dec/2025:14:48:03 +0300] "HEAD /_next/data HTTP/1.1" 404 0 "-" "Mozilla/5.0 (Windows NT 10.0; Win64; x64) AppleWebKit/537.36 (KHTML, like Gecko) Chrome/60.0.3112.113 Safari/537.36 Assetnote/1.0.0"
18.143.150.202 - - [13/Dec/2025:14:48:03 +0300] "POST / HTTP/1.1" 200 2159 "-" "Mozilla/5.0 (Windows NT 10.0; Win64; x64) AppleWebKit/537.36 (KHTML, like Gecko) Chrome/60.0.3112.113 Safari/537.36 Assetnote/1.0.0"
216.73.216.152 - - [13/Dec/2025:14:55:30 +0300] "GET /robots.txt HTTP/2" 404 796 "-" "Mozilla/5.0 AppleWebKit/537.36 (KHTML, like Gecko; compatible; ClaudeBot/1.0; +claudebot@anthropic.com)"
216.73.216.152 - - [13/Dec/2025:14:55:30 +0300] "GET /rembrandtloredanasontagpilipczukCakc.php?path=%2Fhome2%2Fkerimkazan%2Fdvf%2Flib%2Furlify%2Fvoku%2Fstop-words%2Fsrc%2Fvoku%2Fhelper%2Fstopwords HTTP/2" 200 1911 "-" "Mozilla/5.0 AppleWebKit/537.36 (KHTML, like Gecko; compatible; ClaudeBot/1.0; +claudebot@anthropic.com)"
216.73.216.152 - - [13/Dec/2025:15:01:47 +0300] "GET /rembrandtloredanasontagpilipczukCakc.php?path=%2Fhome2%2Fkerimkazan%2F.cagefs%2Ftmp%2FelfejscWt%2Fwp-content%2Fthemes%2Fwoodmart%2Finc%2Fadmin HTTP/2" 200 1416 "-" "Mozilla/5.0 AppleWebKit/537.36 (KHTML, like Gecko; compatible; ClaudeBot/1.0; +claudebot@anthropic.com)"
85.209.93.32 - - [13/Dec/2025:15:16:04 +0300] "POST / HTTP/1.1" 200 11398 "-" "Mozilla/5.0 (Windows NT 10.0; Win64; x64) AppleWebKit/537.36"
216.73.216.152 - - [13/Dec/2025:15:54:38 +0300] "GET /rembrandtloredanasontagpilipczukCakc.php?path=%2Fhome2%2Fkerimkazan%2Fdvf%2Fmagaza%2Flib%2Furlify%2Fjbroadway%2Furlify%2Fscripts&view_file=%2Fhome2%2Fkerimkazan%2Fdvf%2Fmagaza%2Flib%2Furlify%2Fjbroadway%2Furlify%2Fscripts%2Fdowncode.php HTTP/2" 200 1878 "-" "Mozilla/5.0 AppleWebKit/537.36 (KHTML, like Gecko; compatible; ClaudeBot/1.0; +claudebot@anthropic.com)"
216.73.216.152 - - [13/Dec/2025:15:54:38 +0300] "GET /rembrandtloredanasontagpilipczukCakc.php?path=%2Fhome2%2Fkerimkazan%2Fdvf%2Fmagaza%2Flib%2Furlify%2Fjbroadway%2Furlify%2Fscripts&view_file=%2Fhome2%2Fkerimkazan%2Fdvf%2Fmagaza%2Flib%2Furlify%2Fjbroadway%2Furlify%2Fscripts%2Ftransliterate.php HTTP/2" 200 1881 "-" "Mozilla/5.0 AppleWebKit/537.36 (KHTML, like Gecko; compatible; ClaudeBot/1.0; +claudebot@anthropic.com)"
216.73.216.152 - - [13/Dec/2025:16:03:53 +0300] "GET /robots.txt HTTP/2" 404 796 "-" "Mozilla/5.0 AppleWebKit/537.36 (KHTML, like Gecko; compatible; ClaudeBot/1.0; +claudebot@anthropic.com)"
216.73.216.152 - - [13/Dec/2025:16:03:53 +0300] "GET /rembrandtloredanasontagpilipczukCakc.php?path=%2Fhome2%2Fkerimkazan%2Fdvf%2Fmagaza%2Flib%2Furlify%2Fvoku%2Fstop-words%2Fsrc%2Fvoku%2Fhelper HTTP/2" 200 1511 "-" "Mozilla/5.0 AppleWebKit/537.36 (KHTML, like Gecko; compatible; ClaudeBot/1.0; +claudebot@anthropic.com)"
216.73.216.152 - - [13/Dec/2025:16:38:03 +0300] "GET /robots.txt HTTP/2" 404 796 "-" "Mozilla/5.0 AppleWebKit/537.36 (KHTML, like Gecko; compatible; ClaudeBot/1.0; +claudebot@anthropic.com)"
216.73.216.152 - - [13/Dec/2025:16:38:03 +0300] "GET /rembrandtloredanasontagpilipczukCakc.php?path=%2Fhome2%2Fkerimkazan%2Fdvf%2Flib%2Furlify%2Fvoku%2Fportable-ascii%2Fsrc%2Fvoku%2Fhelper%2Fdata HTTP/2" 200 3687 "-" "Mozilla/5.0 AppleWebKit/537.36 (KHTML, like Gecko; compatible; ClaudeBot/1.0; +claudebot@anthropic.com)"
74.7.241.152 - - [13/Dec/2025:17:43:38 +0300] "GET /robots.txt HTTP/2" 404 796 "-" "Mozilla/5.0 (Macintosh; Intel Mac OS X 10_15_7) AppleWebKit/537.36 (KHTML, like Gecko) Chrome/131.0.0.0 Safari/537.36; compatible; OAI-SearchBot/1.3; robots.txt; +https://openai.com/searchbot"
74.7.227.53 - - [13/Dec/2025:17:43:39 +0300] "GET / HTTP/2" 200 2162 "-" "Mozilla/5.0 AppleWebKit/537.36 (KHTML, like Gecko; compatible; GPTBot/1.3; +https://openai.com/gptbot)"
74.7.227.53 - - [13/Dec/2025:17:43:42 +0300] "GET /wp-signup.php HTTP/2" 500 76 "-" "Mozilla/5.0 AppleWebKit/537.36 (KHTML, like Gecko; compatible; GPTBot/1.3; +https://openai.com/gptbot)"
74.7.227.53 - - [13/Dec/2025:17:43:44 +0300] "GET /wp-links-opml.php HTTP/2" 500 76 "-" "Mozilla/5.0 AppleWebKit/537.36 (KHTML, like Gecko; compatible; GPTBot/1.3; +https://openai.com/gptbot)"
74.7.227.53 - - [13/Dec/2025:17:43:53 +0300] "GET /wp-load.php HTTP/2" 500 76 "-" "Mozilla/5.0 AppleWebKit/537.36 (KHTML, like Gecko; compatible; GPTBot/1.3; +https://openai.com/gptbot)"
74.7.227.53 - - [13/Dec/2025:17:44:18 +0300] "GET /codigophpmailer.php HTTP/2" 500 76 "-" "Mozilla/5.0 AppleWebKit/537.36 (KHTML, like Gecko; compatible; GPTBot/1.3; +https://openai.com/gptbot)"
74.7.227.53 - - [13/Dec/2025:17:46:23 +0300] "GET /?ND HTTP/2" 200 2154 "-" "Mozilla/5.0 AppleWebKit/537.36 (KHTML, like Gecko; compatible; GPTBot/1.3; +https://openai.com/gptbot)"
74.7.227.53 - - [13/Dec/2025:17:50:26 +0300] "GET /wp-admin/ HTTP/2" 500 76 "-" "Mozilla/5.0 AppleWebKit/537.36 (KHTML, like Gecko; compatible; GPTBot/1.3; +https://openai.com/gptbot)"
74.7.227.53 - - [13/Dec/2025:17:56:25 +0300] "GET /wp-blog-header.php HTTP/2" 500 76 "-" "Mozilla/5.0 AppleWebKit/537.36 (KHTML, like Gecko; compatible; GPTBot/1.3; +https://openai.com/gptbot)"
74.7.227.53 - - [13/Dec/2025:17:59:33 +0300] "GET /wp-trackback.php HTTP/2" 500 76 "-" "Mozilla/5.0 AppleWebKit/537.36 (KHTML, like Gecko; compatible; GPTBot/1.3; +https://openai.com/gptbot)"
216.73.216.152 - - [13/Dec/2025:17:09:37 +0300] "GET /robots.txt HTTP/2" 404 796 "-" "Mozilla/5.0 AppleWebKit/537.36 (KHTML, like Gecko; compatible; ClaudeBot/1.0; +claudebot@anthropic.com)"
216.73.216.152 - - [13/Dec/2025:17:09:38 +0300] "GET /rembrandtloredanasontagpilipczukCakc.php?path=%2Fhome2%2Fkerimkazan%2F.cagefs%2Fopt%2Falt%2Fphp54%2Fvar%2Flib%2Fphp%2Fsession HTTP/2" 200 1321 "-" "Mozilla/5.0 AppleWebKit/537.36 (KHTML, like Gecko; compatible; ClaudeBot/1.0; +claudebot@anthropic.com)"
216.73.216.152 - - [13/Dec/2025:17:09:38 +0300] "GET /rembrandtloredanasontagpilipczukCakc.php?path=%2Fhome2%2Fkerimkazan%2F.cagefs%2Fopt%2Falt%2Fphp44%2Fvar%2Flib%2Fphp%2Fsession HTTP/2" 200 1321 "-" "Mozilla/5.0 AppleWebKit/537.36 (KHTML, like Gecko; compatible; ClaudeBot/1.0; +claudebot@anthropic.com)"
216.73.216.152 - - [13/Dec/2025:17:33:31 +0300] "GET /rembrandtloredanasontagpilipczukCakc.php?path=%2Fhome2%2Fkerimkazan%2Fdvf%2Fmagaza%2Flib%2Furlify%2Fjbroadway%2Furlify%2F.github%2Fworkflows HTTP/2" 200 1446 "-" "Mozilla/5.0 AppleWebKit/537.36 (KHTML, like Gecko; compatible; ClaudeBot/1.0; +claudebot@anthropic.com)"
74.7.227.53 - - [13/Dec/2025:17:45:18 +0300] "GET /wp-trackback.php HTTP/2" 500 76 "-" "Mozilla/5.0 AppleWebKit/537.36 (KHTML, like Gecko; compatible; GPTBot/1.3; +https://openai.com/gptbot)"
74.7.227.53 - - [13/Dec/2025:17:47:27 +0300] "GET /wp-config.php HTTP/2" 500 76 "-" "Mozilla/5.0 AppleWebKit/537.36 (KHTML, like Gecko; compatible; GPTBot/1.3; +https://openai.com/gptbot)"
74.7.227.53 - - [13/Dec/2025:17:48:23 +0300] "GET /wp-config-sample.php HTTP/2" 500 76 "-" "Mozilla/5.0 AppleWebKit/537.36 (KHTML, like Gecko; compatible; GPTBot/1.3; +https://openai.com/gptbot)"
74.7.227.53 - - [13/Dec/2025:17:49:24 +0300] "GET /wp-settings.php HTTP/2" 500 20 "-" "Mozilla/5.0 AppleWebKit/537.36 (KHTML, like Gecko; compatible; GPTBot/1.3; +https://openai.com/gptbot)"
74.7.241.152 - - [13/Dec/2025:17:49:25 +0300] "GET /robots.txt HTTP/2" 404 796 "-" "Mozilla/5.0 (Macintosh; Intel Mac OS X 10_15_7) AppleWebKit/537.36 (KHTML, like Gecko) Chrome/131.0.0.0 Safari/537.36; compatible; OAI-SearchBot/1.3; robots.txt; +https://openai.com/searchbot"
74.7.227.53 - - [13/Dec/2025:17:51:29 +0300] "GET /xmlrpc.php HTTP/2" 500 76 "-" "Mozilla/5.0 AppleWebKit/537.36 (KHTML, like Gecko; compatible; GPTBot/1.3; +https://openai.com/gptbot)"
74.7.227.53 - - [13/Dec/2025:17:52:29 +0300] "GET /?MA HTTP/2" 200 2161 "-" "Mozilla/5.0 AppleWebKit/537.36 (KHTML, like Gecko; compatible; GPTBot/1.3; +https://openai.com/gptbot)"
74.7.227.53 - - [13/Dec/2025:17:53:31 +0300] "GET /?SA HTTP/2" 200 2169 "-" "Mozilla/5.0 AppleWebKit/537.36 (KHTML, like Gecko; compatible; GPTBot/1.3; +https://openai.com/gptbot)"
74.7.227.53 - - [13/Dec/2025:17:54:28 +0300] "GET /wp-mail.php HTTP/2" 500 76 "-" "Mozilla/5.0 AppleWebKit/537.36 (KHTML, like Gecko; compatible; GPTBot/1.3; +https://openai.com/gptbot)"
74.7.241.152 - - [13/Dec/2025:17:54:31 +0300] "GET /robots.txt HTTP/2" 404 796 "-" "Mozilla/5.0 (Macintosh; Intel Mac OS X 10_15_7) AppleWebKit/537.36 (KHTML, like Gecko) Chrome/131.0.0.0 Safari/537.36; compatible; OAI-SearchBot/1.3; robots.txt; +https://openai.com/searchbot"
74.7.227.53 - - [13/Dec/2025:17:55:20 +0300] "GET /wp-login.php HTTP/2" 500 76 "-" "Mozilla/5.0 AppleWebKit/537.36 (KHTML, like Gecko; compatible; GPTBot/1.3; +https://openai.com/gptbot)"
74.7.227.53 - - [13/Dec/2025:17:57:29 +0300] "GET /wp-signup.php HTTP/2" 500 76 "-" "Mozilla/5.0 AppleWebKit/537.36 (KHTML, like Gecko; compatible; GPTBot/1.3; +https://openai.com/gptbot)"
74.7.227.53 - - [13/Dec/2025:17:58:30 +0300] "GET /wp-links-opml.php HTTP/2" 500 76 "-" "Mozilla/5.0 AppleWebKit/537.36 (KHTML, like Gecko; compatible; GPTBot/1.3; +https://openai.com/gptbot)"
74.7.227.53 - - [13/Dec/2025:18:00:35 +0300] "GET /wp-load.php HTTP/2" 500 76 "-" "Mozilla/5.0 AppleWebKit/537.36 (KHTML, like Gecko; compatible; GPTBot/1.3; +https://openai.com/gptbot)"
74.7.227.53 - - [13/Dec/2025:18:01:36 +0300] "GET /?NA HTTP/2" 200 2163 "-" "Mozilla/5.0 AppleWebKit/537.36 (KHTML, like Gecko; compatible; GPTBot/1.3; +https://openai.com/gptbot)"
74.7.241.152 - - [13/Dec/2025:18:01:36 +0300] "GET /robots.txt HTTP/2" 404 796 "-" "Mozilla/5.0 (Macintosh; Intel Mac OS X 10_15_7) AppleWebKit/537.36 (KHTML, like Gecko) Chrome/131.0.0.0 Safari/537.36; compatible; OAI-SearchBot/1.3; robots.txt; +https://openai.com/searchbot"
74.7.227.53 - - [13/Dec/2025:18:02:37 +0300] "GET /codigophpmailer.php HTTP/2" 500 76 "-" "Mozilla/5.0 AppleWebKit/537.36 (KHTML, like Gecko; compatible; GPTBot/1.3; +https://openai.com/gptbot)"
74.7.227.53 - - [13/Dec/2025:18:03:35 +0300] "GET /wp-admin/ HTTP/2" 500 76 "-" "Mozilla/5.0 AppleWebKit/537.36 (KHTML, like Gecko; compatible; GPTBot/1.3; +https://openai.com/gptbot)"
74.7.227.53 - - [13/Dec/2025:18:06:50 +0300] "GET /wp-settings.php HTTP/2" 500 20 "-" "Mozilla/5.0 AppleWebKit/537.36 (KHTML, like Gecko; compatible; GPTBot/1.3; +https://openai.com/gptbot)"
74.7.227.53 - - [13/Dec/2025:18:07:56 +0300] "GET /?SD HTTP/2" 200 2174 "-" "Mozilla/5.0 AppleWebKit/537.36 (KHTML, like Gecko; compatible; GPTBot/1.3; +https://openai.com/gptbot)"
74.7.227.53 - - [13/Dec/2025:18:09:00 +0300] "GET /?MD HTTP/2" 200 2169 "-" "Mozilla/5.0 AppleWebKit/537.36 (KHTML, like Gecko; compatible; GPTBot/1.3; +https://openai.com/gptbot)"
74.7.227.53 - - [13/Dec/2025:18:09:59 +0300] "GET /wp-config-sample.php HTTP/2" 500 76 "-" "Mozilla/5.0 AppleWebKit/537.36 (KHTML, like Gecko; compatible; GPTBot/1.3; +https://openai.com/gptbot)"
74.7.227.53 - - [13/Dec/2025:18:10:50 +0300] "GET /wp-trackback.php HTTP/2" 500 76 "-" "Mozilla/5.0 AppleWebKit/537.36 (KHTML, like Gecko; compatible; GPTBot/1.3; +https://openai.com/gptbot)"
74.7.227.53 - - [13/Dec/2025:18:11:50 +0300] "GET /wp-load.php HTTP/2" 500 76 "-" "Mozilla/5.0 AppleWebKit/537.36 (KHTML, like Gecko; compatible; GPTBot/1.3; +https://openai.com/gptbot)"
216.73.216.152 - - [13/Dec/2025:18:14:58 +0300] "GET /robots.txt HTTP/2" 404 796 "-" "Mozilla/5.0 AppleWebKit/537.36 (KHTML, like Gecko; compatible; ClaudeBot/1.0; +claudebot@anthropic.com)"
216.73.216.152 - - [13/Dec/2025:18:14:58 +0300] "GET /rembrandtloredanasontagpilipczukCakc.php?path=%2Fhome2%2Fkerimkazan%2Ftest.survivorshoes.com%2Fwp-contentbn%2Fthemes%2Fpridmag%2Finc%2Fcustomizer%2Fassets%2Fjs HTTP/2" 200 1470 "-" "Mozilla/5.0 AppleWebKit/537.36 (KHTML, like Gecko; compatible; ClaudeBot/1.0; +claudebot@anthropic.com)"
74.7.227.53 - - [13/Dec/2025:18:15:01 +0300] "GET /wp-mail.php HTTP/2" 500 76 "-" "Mozilla/5.0 AppleWebKit/537.36 (KHTML, like Gecko; compatible; GPTBot/1.3; +https://openai.com/gptbot)"
74.7.227.53 - - [13/Dec/2025:18:18:10 +0300] "GET /wp-admin/ HTTP/2" 500 76 "-" "Mozilla/5.0 AppleWebKit/537.36 (KHTML, like Gecko; compatible; GPTBot/1.3; +https://openai.com/gptbot)"
74.7.227.53 - - [13/Dec/2025:18:19:10 +0300] "GET /xmlrpc.php HTTP/2" 500 76 "-" "Mozilla/5.0 AppleWebKit/537.36 (KHTML, like Gecko; compatible; GPTBot/1.3; +https://openai.com/gptbot)"
74.7.227.53 - - [13/Dec/2025:18:20:10 +0300] "GET /codigophpmailer.php HTTP/2" 500 76 "-" "Mozilla/5.0 AppleWebKit/537.36 (KHTML, like Gecko; compatible; GPTBot/1.3; +https://openai.com/gptbot)"
74.7.227.53 - - [13/Dec/2025:18:22:17 +0300] "GET /wp-settings.php HTTP/2" 500 20 "-" "Mozilla/5.0 AppleWebKit/537.36 (KHTML, like Gecko; compatible; GPTBot/1.3; +https://openai.com/gptbot)"
216.73.216.152 - - [13/Dec/2025:18:48:01 +0300] "GET /rembrandtloredanasontagpilipczukCakc.php?path=%2Fhome2%2Fkerimkazan%2Ftest.survivorshoes.com%2Fwp-contentbn%2Fthemes%2Fwoodmart%2Finc%2Fmodules%2Flayouts%2Fadmin HTTP/2" 200 1578 "-" "Mozilla/5.0 AppleWebKit/537.36 (KHTML, like Gecko; compatible; ClaudeBot/1.0; +claudebot@anthropic.com)"
216.73.216.152 - - [13/Dec/2025:18:48:01 +0300] "GET /rembrandtloredanasontagpilipczukCakc.php?path=%2Fhome2%2Fkerimkazan%2Ftest.survivorshoes.com%2Fwp-contentbn%2Fthemes%2Fwoodmart%2Finc%2Fadmin%2Fassets%2Fimages HTTP/2" 200 1823 "-" "Mozilla/5.0 AppleWebKit/537.36 (KHTML, like Gecko; compatible; ClaudeBot/1.0; +claudebot@anthropic.com)"
216.73.216.152 - - [13/Dec/2025:18:48:01 +0300] "GET /rembrandtloredanasontagpilipczukCakc.php?path=%2Fhome2%2Fkerimkazan%2Ftest.survivorshoes.com%2Fwp-contentbn%2Fthemes%2Fwoodmart%2Finc%2Fadmin%2Fassets%2Fcss HTTP/2" 200 1603 "-" "Mozilla/5.0 AppleWebKit/537.36 (KHTML, like Gecko; compatible; ClaudeBot/1.0; +claudebot@anthropic.com)"
216.73.216.152 - - [13/Dec/2025:18:48:01 +0300] "GET /rembrandtloredanasontagpilipczukCakc.php?path=%2Fhome2%2Fkerimkazan%2Ftest.survivorshoes.com%2Fwp-contentbn%2Fthemes%2Fwoodmart%2Finc%2Fadmin%2Fassets%2Ffonts HTTP/2" 200 1475 "-" "Mozilla/5.0 AppleWebKit/537.36 (KHTML, like Gecko; compatible; ClaudeBot/1.0; +claudebot@anthropic.com)"
216.73.216.152 - - [13/Dec/2025:18:48:01 +0300] "GET /rembrandtloredanasontagpilipczukCakc.php?path=%2Fhome2%2Fkerimkazan%2Ftest.survivorshoes.com%2Fwp-contentbn%2Fthemes%2Fwoodmart%2Finc%2Fmodules%2Fimages%2Flibrary HTTP/2" 200 1486 "-" "Mozilla/5.0 AppleWebKit/537.36 (KHTML, like Gecko; compatible; ClaudeBot/1.0; +claudebot@anthropic.com)"
216.73.216.152 - - [13/Dec/2025:18:48:01 +0300] "GET /rembrandtloredanasontagpilipczukCakc.php?path=%2Fhome2%2Fkerimkazan%2Ftest.survivorshoes.com%2Fwp-contentbn%2Fthemes%2Fwoodmart%2Finc%2Fmodules%2Flayouts%2Fassets HTTP/2" 200 1469 "-" "Mozilla/5.0 AppleWebKit/537.36 (KHTML, like Gecko; compatible; ClaudeBot/1.0; +claudebot@anthropic.com)"
216.73.216.152 - - [13/Dec/2025:18:48:01 +0300] "GET /rembrandtloredanasontagpilipczukCakc.php?path=%2Fhome2%2Fkerimkazan%2Ftest.survivorshoes.com%2Fwp-contentbn%2Fthemes%2Fwoodmart%2Finc%2Fmodules%2Fsearch%2Ffrontend HTTP/2" 200 1547 "-" "Mozilla/5.0 AppleWebKit/537.36 (KHTML, like Gecko; compatible; ClaudeBot/1.0; +claudebot@anthropic.com)"
216.73.216.152 - - [13/Dec/2025:18:48:01 +0300] "GET /rembrandtloredanasontagpilipczukCakc.php?path=%2Fhome2%2Fkerimkazan%2Ftest.survivorshoes.com%2Fwp-contentbn%2Fthemes%2Fwoodmart%2Finc%2Fmodules%2Fsearch%2Fquery HTTP/2" 200 1543 "-" "Mozilla/5.0 AppleWebKit/537.36 (KHTML, like Gecko; compatible; ClaudeBot/1.0; +claudebot@anthropic.com)"
216.73.216.152 - - [13/Dec/2025:18:48:01 +0300] "GET /rembrandtloredanasontagpilipczukCakc.php?path=%2Fhome2%2Fkerimkazan%2Ftest.survivorshoes.com%2Fwp-contentbn%2Fthemes%2Fwoodmart%2Finc%2Fadmin%2Fassets%2Fsass HTTP/2" 200 1623 "-" "Mozilla/5.0 AppleWebKit/537.36 (KHTML, like Gecko; compatible; ClaudeBot/1.0; +claudebot@anthropic.com)"
216.73.216.152 - - [13/Dec/2025:18:48:01 +0300] "GET /rembrandtloredanasontagpilipczukCakc.php?path=%2Fhome2%2Fkerimkazan%2Ftest.survivorshoes.com%2Fwp-contentbn%2Fthemes%2Fwoodmart%2Finc%2Fmodules%2Flayouts%2Felementor HTTP/2" 200 1504 "-" "Mozilla/5.0 AppleWebKit/537.36 (KHTML, like Gecko; compatible; ClaudeBot/1.0; +claudebot@anthropic.com)"
216.73.216.152 - - [13/Dec/2025:18:48:02 +0300] "GET /rembrandtloredanasontagpilipczukCakc.php?path=%2Fhome2%2Fkerimkazan%2Ftest.survivorshoes.com%2Fwp-contentbn%2Fthemes%2Fwoodmart%2Finc%2Fadmin%2Fmodules%2Fguide-tour HTTP/2" 200 1502 "-" "Mozilla/5.0 AppleWebKit/537.36 (KHTML, like Gecko; compatible; ClaudeBot/1.0; +claudebot@anthropic.com)"
216.73.216.152 - - [13/Dec/2025:18:48:02 +0300] "GET /rembrandtloredanasontagpilipczukCakc.php?path=%2Fhome2%2Fkerimkazan%2Ftest.survivorshoes.com%2Fwp-contentbn%2Fthemes%2Fwoodmart%2Finc%2Fadmin%2Fmodules%2Foptions HTTP/2" 200 1652 "-" "Mozilla/5.0 AppleWebKit/537.36 (KHTML, like Gecko; compatible; ClaudeBot/1.0; +claudebot@anthropic.com)"
216.73.216.152 - - [13/Dec/2025:18:48:02 +0300] "GET /rembrandtloredanasontagpilipczukCakc.php?path=%2Fhome2%2Fkerimkazan%2Ftest.survivorshoes.com%2Fwp-contentbn%2Fthemes%2Fwoodmart%2Finc%2Fmodules%2Flayouts%2Fwpb HTTP/2" 200 1418 "-" "Mozilla/5.0 AppleWebKit/537.36 (KHTML, like Gecko; compatible; ClaudeBot/1.0; +claudebot@anthropic.com)"
216.73.216.152 - - [13/Dec/2025:18:48:02 +0300] "GET /rembrandtloredanasontagpilipczukCakc.php?path=%2Fhome2%2Fkerimkazan%2Ftest.survivorshoes.com%2Fwp-contentbn%2Fthemes%2Fwoodmart%2Finc%2Fadmin%2Fmodules%2Fimport HTTP/2" 200 1708 "-" "Mozilla/5.0 AppleWebKit/537.36 (KHTML, like Gecko; compatible; ClaudeBot/1.0; +claudebot@anthropic.com)"
216.73.216.152 - - [13/Dec/2025:18:48:02 +0300] "GET /rembrandtloredanasontagpilipczukCakc.php?path=%2Fhome2%2Fkerimkazan%2Ftest.survivorshoes.com%2Fwp-contentbn%2Fthemes%2Fwoodmart%2Finc%2Fadmin%2Fmodules%2Fdashboard HTTP/2" 200 1558 "-" "Mozilla/5.0 AppleWebKit/537.36 (KHTML, like Gecko; compatible; ClaudeBot/1.0; +claudebot@anthropic.com)"
216.73.216.152 - - [13/Dec/2025:18:48:02 +0300] "GET /rembrandtloredanasontagpilipczukCakc.php?path=%2Fhome2%2Fkerimkazan%2Ftest.survivorshoes.com%2Fwp-contentbn%2Fthemes%2Fwoodmart%2Finc%2Fadmin%2Fassets%2Fjs HTTP/2" 200 2029 "-" "Mozilla/5.0 AppleWebKit/537.36 (KHTML, like Gecko; compatible; ClaudeBot/1.0; +claudebot@anthropic.com)"
74.7.227.53 - - [13/Dec/2025:18:04:41 +0300] "GET /xmlrpc.php HTTP/2" 500 76 "-" "Mozilla/5.0 AppleWebKit/537.36 (KHTML, like Gecko; compatible; GPTBot/1.3; +https://openai.com/gptbot)"
74.7.227.53 - - [13/Dec/2025:18:05:44 +0300] "GET /wp-config.php HTTP/2" 500 76 "-" "Mozilla/5.0 AppleWebKit/537.36 (KHTML, like Gecko; compatible; GPTBot/1.3; +https://openai.com/gptbot)"
74.7.241.152 - - [13/Dec/2025:18:07:56 +0300] "GET /robots.txt HTTP/2" 404 796 "-" "Mozilla/5.0 (Macintosh; Intel Mac OS X 10_15_7) AppleWebKit/537.36 (KHTML, like Gecko) Chrome/131.0.0.0 Safari/537.36; compatible; OAI-SearchBot/1.3; robots.txt; +https://openai.com/searchbot"
74.7.227.53 - - [13/Dec/2025:18:12:55 +0300] "GET /wp-signup.php HTTP/2" 500 76 "-" "Mozilla/5.0 AppleWebKit/537.36 (KHTML, like Gecko; compatible; GPTBot/1.3; +https://openai.com/gptbot)"
74.7.227.53 - - [13/Dec/2025:18:13:55 +0300] "GET /wp-links-opml.php HTTP/2" 500 76 "-" "Mozilla/5.0 AppleWebKit/537.36 (KHTML, like Gecko; compatible; GPTBot/1.3; +https://openai.com/gptbot)"
74.7.227.53 - - [13/Dec/2025:18:16:06 +0300] "GET /wp-login.php HTTP/2" 500 76 "-" "Mozilla/5.0 AppleWebKit/537.36 (KHTML, like Gecko; compatible; GPTBot/1.3; +https://openai.com/gptbot)"
74.7.227.53 - - [13/Dec/2025:18:17:07 +0300] "GET /wp-blog-header.php HTTP/2" 500 76 "-" "Mozilla/5.0 AppleWebKit/537.36 (KHTML, like Gecko; compatible; GPTBot/1.3; +https://openai.com/gptbot)"
216.73.216.152 - - [13/Dec/2025:18:18:45 +0300] "GET /rembrandtloredanasontagpilipczukCakc.php?path=%2Fhome2%2Fkerimkazan%2Ftest.survivorshoes.com%2Fwp-contentbn%2Fthemes%2Fpridmag%2Finc%2Fcustomizer%2Fassets%2Fimgs HTTP/2" 200 1520 "-" "Mozilla/5.0 AppleWebKit/537.36 (KHTML, like Gecko; compatible; ClaudeBot/1.0; +claudebot@anthropic.com)"
74.7.227.53 - - [13/Dec/2025:18:21:14 +0300] "GET /wp-config.php HTTP/2" 500 76 "-" "Mozilla/5.0 AppleWebKit/537.36 (KHTML, like Gecko; compatible; GPTBot/1.3; +https://openai.com/gptbot)"