157.55.39.11 - - [11/Dec/2025:10:15:56 +0300] "GET /374672591.phtml HTTP/2" 200 26700 "-" "Mozilla/5.0 AppleWebKit/537.36 (KHTML, like Gecko; compatible; bingbot/2.0; +http://www.bing.com/bingbot.htm) Chrome/116.0.1938.76 Safari/537.36"
157.55.39.11 - - [11/Dec/2025:10:15:57 +0300] "GET /434411039.phtml HTTP/2" 200 26100 "-" "Mozilla/5.0 AppleWebKit/537.36 (KHTML, like Gecko; compatible; bingbot/2.0; +http://www.bing.com/bingbot.htm) Chrome/116.0.1938.76 Safari/537.36"
85.208.96.211 - - [11/Dec/2025:10:16:27 +0300] "GET /50134454.phtml HTTP/1.1" 500 20 "-" "Mozilla/5.0 (compatible; SemrushBot/7~bl; +http://www.semrush.com/bot.html)"
207.46.13.78 - - [11/Dec/2025:10:16:30 +0300] "GET /638481983.phtml HTTP/2" 200 26998 "-" "Mozilla/5.0 AppleWebKit/537.36 (KHTML, like Gecko; compatible; bingbot/2.0; +http://www.bing.com/bingbot.htm) Chrome/116.0.1938.76 Safari/537.36"
157.55.39.11 - - [11/Dec/2025:10:16:46 +0300] "GET /387755738.phtml HTTP/2" 200 26176 "-" "Mozilla/5.0 AppleWebKit/537.36 (KHTML, like Gecko; compatible; bingbot/2.0; +http://www.bing.com/bingbot.htm) Chrome/116.0.1938.76 Safari/537.36"
74.7.243.221 - - [11/Dec/2025:10:17:12 +0300] "GET /174606032.phtml HTTP/2" 500 20 "-" "Mozilla/5.0 AppleWebKit/537.36 (KHTML, like Gecko; compatible; GPTBot/1.3; +https://openai.com/gptbot)"
157.55.39.11 - - [11/Dec/2025:10:17:31 +0300] "GET /409702124.phtml HTTP/2" 200 27210 "-" "Mozilla/5.0 AppleWebKit/537.36 (KHTML, like Gecko; compatible; bingbot/2.0; +http://www.bing.com/bingbot.htm) Chrome/116.0.1938.76 Safari/537.36"
157.55.39.8 - - [11/Dec/2025:10:18:42 +0300] "GET /82413239.phtml HTTP/2" 200 26267 "-" "Mozilla/5.0 AppleWebKit/537.36 (KHTML, like Gecko; compatible; bingbot/2.0; +http://www.bing.com/bingbot.htm) Chrome/116.0.1938.76 Safari/537.36"
157.55.39.11 - - [11/Dec/2025:10:18:57 +0300] "GET /81491549.phtml HTTP/2" 200 25587 "-" "Mozilla/5.0 AppleWebKit/537.36 (KHTML, like Gecko; compatible; bingbot/2.0; +http://www.bing.com/bingbot.htm) Chrome/116.0.1938.76 Safari/537.36"
157.55.39.11 - - [11/Dec/2025:10:18:58 +0300] "GET /6634151.phtml HTTP/2" 200 25792 "-" "Mozilla/5.0 AppleWebKit/537.36 (KHTML, like Gecko; compatible; bingbot/2.0; +http://www.bing.com/bingbot.htm) Chrome/116.0.1938.76 Safari/537.36"
157.55.39.8 - - [11/Dec/2025:10:18:02 +0300] "GET /61833680.phtml HTTP/2" 200 27155 "-" "Mozilla/5.0 AppleWebKit/537.36 (KHTML, like Gecko; compatible; bingbot/2.0; +http://www.bing.com/bingbot.htm) Chrome/116.0.1938.76 Safari/537.36"
207.46.13.86 - - [11/Dec/2025:10:18:12 +0300] "GET /520143455.phtml HTTP/2" 200 26173 "-" "Mozilla/5.0 AppleWebKit/537.36 (KHTML, like Gecko; compatible; bingbot/2.0; +http://www.bing.com/bingbot.htm) Chrome/116.0.1938.76 Safari/537.36"
185.191.171.14 - - [11/Dec/2025:10:18:30 +0300] "GET /481738550.phtml HTTP/1.1" 500 20 "-" "Mozilla/5.0 (compatible; SemrushBot/7~bl; +http://www.semrush.com/bot.html)"
207.46.13.86 - - [11/Dec/2025:10:18:31 +0300] "GET /172087439.phtml HTTP/2" 200 26292 "-" "Mozilla/5.0 AppleWebKit/537.36 (KHTML, like Gecko; compatible; bingbot/2.0; +http://www.bing.com/bingbot.htm) Chrome/116.0.1938.76 Safari/537.36"
207.46.13.86 - - [11/Dec/2025:10:18:33 +0300] "GET /618708383.phtml HTTP/2" 200 27322 "-" "Mozilla/5.0 AppleWebKit/537.36 (KHTML, like Gecko; compatible; bingbot/2.0; +http://www.bing.com/bingbot.htm) Chrome/116.0.1938.76 Safari/537.36"
74.7.243.221 - - [11/Dec/2025:10:20:16 +0300] "GET /523680758.phtml HTTP/2" 500 20 "-" "Mozilla/5.0 AppleWebKit/537.36 (KHTML, like Gecko; compatible; GPTBot/1.3; +https://openai.com/gptbot)"
157.55.39.56 - - [11/Dec/2025:10:20:52 +0300] "GET /627136418.phtml HTTP/2" 200 28360 "-" "Mozilla/5.0 AppleWebKit/537.36 (KHTML, like Gecko; compatible; bingbot/2.0; +http://www.bing.com/bingbot.htm) Chrome/116.0.1938.76 Safari/537.36"
207.46.13.86 - - [11/Dec/2025:10:20:56 +0300] "GET /148181018.phtml HTTP/2" 200 26139 "-" "Mozilla/5.0 AppleWebKit/537.36 (KHTML, like Gecko; compatible; bingbot/2.0; +http://www.bing.com/bingbot.htm) Chrome/116.0.1938.76 Safari/537.36"
74.7.243.221 - - [11/Dec/2025:10:21:19 +0300] "GET /249187154.phtml HTTP/2" 500 20 "-" "Mozilla/5.0 AppleWebKit/537.36 (KHTML, like Gecko; compatible; GPTBot/1.3; +https://openai.com/gptbot)"
157.55.39.11 - - [11/Dec/2025:10:21:27 +0300] "GET /595538852.phtml HTTP/2" 200 26396 "-" "Mozilla/5.0 AppleWebKit/537.36 (KHTML, like Gecko; compatible; bingbot/2.0; +http://www.bing.com/bingbot.htm) Chrome/116.0.1938.76 Safari/537.36"
185.191.171.12 - - [11/Dec/2025:10:21:34 +0300] "GET /372869636.phtml HTTP/1.1" 500 20 "-" "Mozilla/5.0 (compatible; SemrushBot/7~bl; +http://www.semrush.com/bot.html)"
207.46.13.86 - - [11/Dec/2025:10:21:38 +0300] "GET /608960414.phtml HTTP/2" 200 25829 "-" "Mozilla/5.0 AppleWebKit/537.36 (KHTML, like Gecko; compatible; bingbot/2.0; +http://www.bing.com/bingbot.htm) Chrome/116.0.1938.76 Safari/537.36"
157.55.39.11 - - [11/Dec/2025:10:22:39 +0300] "GET /692520506.phtml HTTP/2" 200 26611 "-" "Mozilla/5.0 AppleWebKit/537.36 (KHTML, like Gecko; compatible; bingbot/2.0; +http://www.bing.com/bingbot.htm) Chrome/116.0.1938.76 Safari/537.36"
157.55.39.11 - - [11/Dec/2025:10:22:41 +0300] "GET /646204775.phtml HTTP/2" 200 26849 "-" "Mozilla/5.0 AppleWebKit/537.36 (KHTML, like Gecko; compatible; bingbot/2.0; +http://www.bing.com/bingbot.htm) Chrome/116.0.1938.76 Safari/537.36"
74.7.243.221 - - [11/Dec/2025:10:23:27 +0300] "GET /523860938.phtml HTTP/2" 500 20 "-" "Mozilla/5.0 AppleWebKit/537.36 (KHTML, like Gecko; compatible; GPTBot/1.3; +https://openai.com/gptbot)"
185.191.171.15 - - [11/Dec/2025:10:23:36 +0300] "GET /522143453.phtml HTTP/1.1" 500 20 "-" "Mozilla/5.0 (compatible; SemrushBot/7~bl; +http://www.semrush.com/bot.html)"
207.46.13.86 - - [11/Dec/2025:10:23:37 +0300] "GET /264739691.phtml HTTP/2" 200 28202 "-" "Mozilla/5.0 AppleWebKit/537.36 (KHTML, like Gecko; compatible; bingbot/2.0; +http://www.bing.com/bingbot.htm) Chrome/116.0.1938.76 Safari/537.36"
207.46.13.86 - - [11/Dec/2025:10:23:38 +0300] "GET /598325174.phtml HTTP/2" 200 26682 "-" "Mozilla/5.0 AppleWebKit/537.36 (KHTML, like Gecko; compatible; bingbot/2.0; +http://www.bing.com/bingbot.htm) Chrome/116.0.1938.76 Safari/537.36"
74.7.243.221 - - [11/Dec/2025:10:19:13 +0300] "GET /243515180.phtml HTTP/2" 500 20 "-" "Mozilla/5.0 AppleWebKit/537.36 (KHTML, like Gecko; compatible; GPTBot/1.3; +https://openai.com/gptbot)"
185.191.171.7 - - [11/Dec/2025:10:19:31 +0300] "GET /680189264.phtml HTTP/1.1" 500 20 "-" "Mozilla/5.0 (compatible; SemrushBot/7~bl; +http://www.semrush.com/bot.html)"
157.55.39.8 - - [11/Dec/2025:10:19:42 +0300] "GET /67536608.phtml HTTP/2" 200 28668 "-" "Mozilla/5.0 AppleWebKit/537.36 (KHTML, like Gecko; compatible; bingbot/2.0; +http://www.bing.com/bingbot.htm) Chrome/116.0.1938.76 Safari/537.36"
157.55.39.8 - - [11/Dec/2025:10:19:43 +0300] "GET /310316915.phtml HTTP/2" 200 26432 "-" "Mozilla/5.0 AppleWebKit/537.36 (KHTML, like Gecko; compatible; bingbot/2.0; +http://www.bing.com/bingbot.htm) Chrome/116.0.1938.76 Safari/537.36"
157.55.39.8 - - [11/Dec/2025:10:19:44 +0300] "GET /389588030.phtml HTTP/2" 200 25608 "-" "Mozilla/5.0 AppleWebKit/537.36 (KHTML, like Gecko; compatible; bingbot/2.0; +http://www.bing.com/bingbot.htm) Chrome/116.0.1938.76 Safari/537.36"
207.46.13.86 - - [11/Dec/2025:10:20:14 +0300] "GET /148921835.phtml HTTP/2" 200 26551 "-" "Mozilla/5.0 AppleWebKit/537.36 (KHTML, like Gecko; compatible; bingbot/2.0; +http://www.bing.com/bingbot.htm) Chrome/116.0.1938.76 Safari/537.36"
85.208.96.206 - - [11/Dec/2025:10:20:33 +0300] "GET /11131952.phtml HTTP/1.1" 500 20 "-" "Mozilla/5.0 (compatible; SemrushBot/7~bl; +http://www.semrush.com/bot.html)"
207.46.13.86 - - [11/Dec/2025:10:21:15 +0300] "GET /446209826.phtml HTTP/2" 200 25999 "-" "Mozilla/5.0 AppleWebKit/537.36 (KHTML, like Gecko; compatible; bingbot/2.0; +http://www.bing.com/bingbot.htm) Chrome/116.0.1938.76 Safari/537.36"
157.55.39.56 - - [11/Dec/2025:10:21:33 +0300] "GET /221642252.phtml HTTP/2" 200 25445 "-" "Mozilla/5.0 AppleWebKit/537.36 (KHTML, like Gecko; compatible; bingbot/2.0; +http://www.bing.com/bingbot.htm) Chrome/116.0.1938.76 Safari/537.36"
85.208.96.196 - - [11/Dec/2025:10:21:55 +0300] "GET /robots.txt HTTP/1.1" 200 147 "-" "Mozilla/5.0 (compatible; SemrushBot/7~bl; +http://www.semrush.com/bot.html)"
74.7.243.221 - - [11/Dec/2025:10:22:23 +0300] "GET /587405342.phtml HTTP/2" 500 20 "-" "Mozilla/5.0 AppleWebKit/537.36 (KHTML, like Gecko; compatible; GPTBot/1.3; +https://openai.com/gptbot)"
207.46.13.86 - - [11/Dec/2025:10:22:24 +0300] "GET /41969759.phtml HTTP/2" 200 26749 "-" "Mozilla/5.0 AppleWebKit/537.36 (KHTML, like Gecko; compatible; bingbot/2.0; +http://www.bing.com/bingbot.htm) Chrome/116.0.1938.76 Safari/537.36"
207.46.13.86 - - [11/Dec/2025:10:22:25 +0300] "GET /214131287.phtml HTTP/2" 200 25486 "-" "Mozilla/5.0 AppleWebKit/537.36 (KHTML, like Gecko; compatible; bingbot/2.0; +http://www.bing.com/bingbot.htm) Chrome/116.0.1938.76 Safari/537.36"
85.208.96.203 - - [11/Dec/2025:10:22:35 +0300] "GET /207702095.phtml HTTP/1.1" 500 20 "-" "Mozilla/5.0 (compatible; SemrushBot/7~bl; +http://www.semrush.com/bot.html)"
57.141.0.10 - - [11/Dec/2025:10:22:45 +0300] "GET /7374941.shtml HTTP/2" 500 0 "-" "meta-externalagent/1.1 (+https://developers.facebook.com/docs/sharing/webmasters/crawler)"
157.55.39.56 - - [11/Dec/2025:10:23:54 +0300] "GET /340508153.phtml HTTP/2" 200 25902 "-" "Mozilla/5.0 AppleWebKit/537.36 (KHTML, like Gecko; compatible; bingbot/2.0; +http://www.bing.com/bingbot.htm) Chrome/116.0.1938.76 Safari/537.36"
157.55.39.56 - - [11/Dec/2025:10:24:04 +0300] "GET /272216468.phtml HTTP/2" 200 28663 "-" "Mozilla/5.0 AppleWebKit/537.36 (KHTML, like Gecko; compatible; bingbot/2.0; +http://www.bing.com/bingbot.htm) Chrome/116.0.1938.76 Safari/537.36"
157.55.39.56 - - [11/Dec/2025:10:24:24 +0300] "GET /386820419.phtml HTTP/2" 200 26349 "-" "Mozilla/5.0 AppleWebKit/537.36 (KHTML, like Gecko; compatible; bingbot/2.0; +http://www.bing.com/bingbot.htm) Chrome/116.0.1938.76 Safari/537.36"
185.191.171.14 - - [11/Dec/2025:10:24:37 +0300] "GET /307679126.phtml HTTP/1.1" 500 20 "-" "Mozilla/5.0 (compatible; SemrushBot/7~bl; +http://www.semrush.com/bot.html)"
207.46.13.86 - - [11/Dec/2025:10:24:09 +0300] "GET /553393595.phtml HTTP/2" 200 27435 "-" "Mozilla/5.0 AppleWebKit/537.36 (KHTML, like Gecko; compatible; bingbot/2.0; +http://www.bing.com/bingbot.htm) Chrome/116.0.1938.76 Safari/537.36"
207.46.13.86 - - [11/Dec/2025:10:24:10 +0300] "GET /153381290.phtml HTTP/2" 200 26497 "-" "Mozilla/5.0 AppleWebKit/537.36 (KHTML, like Gecko; compatible; bingbot/2.0; +http://www.bing.com/bingbot.htm) Chrome/116.0.1938.76 Safari/537.36"
207.46.13.86 - - [11/Dec/2025:10:24:14 +0300] "GET /612139205.phtml HTTP/2" 200 27719 "-" "Mozilla/5.0 AppleWebKit/537.36 (KHTML, like Gecko; compatible; bingbot/2.0; +http://www.bing.com/bingbot.htm) Chrome/116.0.1938.76 Safari/537.36"
74.7.243.221 - - [11/Dec/2025:10:24:32 +0300] "GET /346965758.phtml HTTP/2" 500 20 "-" "Mozilla/5.0 AppleWebKit/537.36 (KHTML, like Gecko; compatible; GPTBot/1.3; +https://openai.com/gptbot)"
207.46.13.86 - - [11/Dec/2025:10:25:48 +0300] "GET /181980014.phtml HTTP/2" 200 27753 "-" "Mozilla/5.0 AppleWebKit/537.36 (KHTML, like Gecko; compatible; bingbot/2.0; +http://www.bing.com/bingbot.htm) Chrome/116.0.1938.76 Safari/537.36"
185.191.171.1 - - [11/Dec/2025:10:25:50 +0300] "GET /176496998.phtml HTTP/1.1" 500 20 "-" "Mozilla/5.0 (compatible; SemrushBot/7~bl; +http://www.semrush.com/bot.html)"
207.46.13.155 - - [11/Dec/2025:10:25:52 +0300] "GET /54749603.phtml HTTP/2" 200 27475 "-" "Mozilla/5.0 AppleWebKit/537.36 (KHTML, like Gecko; compatible; bingbot/2.0; +http://www.bing.com/bingbot.htm) Chrome/116.0.1938.76 Safari/537.36"
207.46.13.86 - - [11/Dec/2025:10:26:29 +0300] "GET /228383987.phtml HTTP/2" 200 26770 "-" "Mozilla/5.0 AppleWebKit/537.36 (KHTML, like Gecko; compatible; bingbot/2.0; +http://www.bing.com/bingbot.htm) Chrome/116.0.1938.76 Safari/537.36"
66.249.66.202 - - [11/Dec/2025:10:26:49 +0300] "GET /388269020.phtml HTTP/1.1" 200 26510 "-" "Mozilla/5.0 (Linux; Android 6.0.1; Nexus 5X Build/MMB29P) AppleWebKit/537.36 (KHTML, like Gecko) Chrome/141.0.7390.122 Mobile Safari/537.36 (compatible; Googlebot/2.1; +http://www.google.com/bot.html)"
85.208.96.199 - - [11/Dec/2025:10:26:51 +0300] "GET /234964484.phtml HTTP/1.1" 500 20 "-" "Mozilla/5.0 (compatible; SemrushBot/7~bl; +http://www.semrush.com/bot.html)"
157.55.39.56 - - [11/Dec/2025:10:26:55 +0300] "GET /147943319.phtml HTTP/2" 200 26228 "-" "Mozilla/5.0 AppleWebKit/537.36 (KHTML, like Gecko; compatible; bingbot/2.0; +http://www.bing.com/bingbot.htm) Chrome/116.0.1938.76 Safari/537.36"
66.249.66.203 - - [11/Dec/2025:10:27:12 +0300] "GET /407439248.phtml HTTP/1.1" 200 25607 "-" "Mozilla/5.0 (Linux; Android 6.0.1; Nexus 5X Build/MMB29P) AppleWebKit/537.36 (KHTML, like Gecko) Chrome/141.0.7390.122 Mobile Safari/537.36 (compatible; Googlebot/2.1; +http://www.google.com/bot.html)"
207.46.13.155 - - [11/Dec/2025:10:27:40 +0300] "GET /88463129.phtml HTTP/2" 200 27598 "-" "Mozilla/5.0 AppleWebKit/537.36 (KHTML, like Gecko; compatible; bingbot/2.0; +http://www.bing.com/bingbot.htm) Chrome/116.0.1938.76 Safari/537.36"
207.46.13.155 - - [11/Dec/2025:10:27:41 +0300] "GET /256128011.phtml HTTP/2" 200 26217 "-" "Mozilla/5.0 AppleWebKit/537.36 (KHTML, like Gecko; compatible; bingbot/2.0; +http://www.bing.com/bingbot.htm) Chrome/116.0.1938.76 Safari/537.36"
66.249.66.42 - - [11/Dec/2025:10:27:43 +0300] "GET /112565207.phtml HTTP/1.1" 200 27703 "-" "Mozilla/5.0 (Linux; Android 6.0.1; Nexus 5X Build/MMB29P) AppleWebKit/537.36 (KHTML, like Gecko) Chrome/141.0.7390.122 Mobile Safari/537.36 (compatible; Googlebot/2.1; +http://www.google.com/bot.html)"
85.208.96.210 - - [11/Dec/2025:10:27:52 +0300] "GET /307503335.phtml HTTP/1.1" 500 20 "-" "Mozilla/5.0 (compatible; SemrushBot/7~bl; +http://www.semrush.com/bot.html)"
207.46.13.86 - - [11/Dec/2025:10:28:00 +0300] "GET /311864153.phtml HTTP/2" 200 26550 "-" "Mozilla/5.0 AppleWebKit/537.36 (KHTML, like Gecko; compatible; bingbot/2.0; +http://www.bing.com/bingbot.htm) Chrome/116.0.1938.76 Safari/537.36"
157.55.39.56 - - [11/Dec/2025:10:25:04 +0300] "GET /298089392.phtml HTTP/2" 200 29702 "-" "Mozilla/5.0 AppleWebKit/537.36 (KHTML, like Gecko; compatible; bingbot/2.0; +http://www.bing.com/bingbot.htm) Chrome/116.0.1938.76 Safari/537.36"
157.55.39.56 - - [11/Dec/2025:10:25:05 +0300] "GET /371392622.phtml HTTP/2" 200 26053 "-" "Mozilla/5.0 AppleWebKit/537.36 (KHTML, like Gecko; compatible; bingbot/2.0; +http://www.bing.com/bingbot.htm) Chrome/116.0.1938.76 Safari/537.36"
207.46.13.155 - - [11/Dec/2025:10:25:08 +0300] "GET /305674970.phtml HTTP/2" 200 25813 "-" "Mozilla/5.0 AppleWebKit/537.36 (KHTML, like Gecko; compatible; bingbot/2.0; +http://www.bing.com/bingbot.htm) Chrome/116.0.1938.76 Safari/537.36"
208.110.64.178 - - [11/Dec/2025:10:25:49 +0300] "GET /wp-includes/im9c5db8/edit.php HTTP/1.1" 500 20 "https://survivorshoes.com/wp-includes/im9c5db8/edit.php" "Mozilla/5.0 (Windows NT 10.0; Win64; x64) AppleWebKit/537.36 (KHTML, like Gecko) Chrome/58.0.3029.110 Safari/537.3"
208.110.64.178 - - [11/Dec/2025:10:25:50 +0300] "GET /wp-includes/im9c5db8/edit.php HTTP/1.1" 500 20 "https://survivorshoes.com/wp-includes/im9c5db8/edit.php" "Mozilla/5.0 (Windows NT 10.0; Win64; x64) AppleWebKit/537.36 (KHTML, like Gecko) Chrome/58.0.3029.110 Safari/537.3"
66.249.66.202 - - [11/Dec/2025:10:26:42 +0300] "GET /267194297.phtml HTTP/1.1" 200 26809 "-" "Mozilla/5.0 (compatible; Googlebot/2.1; +http://www.google.com/bot.html)"
207.46.13.86 - - [11/Dec/2025:10:27:09 +0300] "GET /158062967.phtml HTTP/2" 200 27330 "-" "Mozilla/5.0 AppleWebKit/537.36 (KHTML, like Gecko; compatible; bingbot/2.0; +http://www.bing.com/bingbot.htm) Chrome/116.0.1938.76 Safari/537.36"
207.46.13.155 - - [11/Dec/2025:10:27:14 +0300] "GET /482206094.phtml HTTP/2" 200 26608 "-" "Mozilla/5.0 AppleWebKit/537.36 (KHTML, like Gecko; compatible; bingbot/2.0; +http://www.bing.com/bingbot.htm) Chrome/116.0.1938.76 Safari/537.36"
157.55.39.56 - - [11/Dec/2025:10:27:35 +0300] "GET /95526878.phtml HTTP/2" 200 27506 "-" "Mozilla/5.0 AppleWebKit/537.36 (KHTML, like Gecko; compatible; bingbot/2.0; +http://www.bing.com/bingbot.htm) Chrome/116.0.1938.76 Safari/537.36"
66.249.66.41 - - [11/Dec/2025:10:27:48 +0300] "GET /673936787.phtml HTTP/1.1" 200 26874 "-" "Mozilla/5.0 (Linux; Android 6.0.1; Nexus 5X Build/MMB29P) AppleWebKit/537.36 (KHTML, like Gecko) Chrome/141.0.7390.122 Mobile Safari/537.36 (compatible; Googlebot/2.1; +http://www.google.com/bot.html)"
66.249.66.169 - - [11/Dec/2025:10:27:51 +0300] "GET /604017245.phtml HTTP/1.1" 200 26472 "-" "Mozilla/5.0 (Linux; Android 6.0.1; Nexus 5X Build/MMB29P) AppleWebKit/537.36 (KHTML, like Gecko) Chrome/141.0.7390.122 Mobile Safari/537.36 (compatible; Googlebot/2.1; +http://www.google.com/bot.html)"
157.55.39.56 - - [11/Dec/2025:10:28:16 +0300] "GET /535661804.phtml HTTP/2" 200 27526 "-" "Mozilla/5.0 AppleWebKit/537.36 (KHTML, like Gecko; compatible; bingbot/2.0; +http://www.bing.com/bingbot.htm) Chrome/116.0.1938.76 Safari/537.36"
157.55.39.56 - - [11/Dec/2025:10:28:26 +0300] "GET /277998629.phtml HTTP/2" 200 27063 "-" "Mozilla/5.0 AppleWebKit/537.36 (KHTML, like Gecko; compatible; bingbot/2.0; +http://www.bing.com/bingbot.htm) Chrome/116.0.1938.76 Safari/537.36"
208.110.64.178 - - [11/Dec/2025:10:28:40 +0300] "GET /wp-includes/im9c5db8/edit.php HTTP/1.1" 500 20 "https://survivorshoes.com/wp-includes/im9c5db8/edit.php" "Mozilla/5.0 (Windows NT 10.0; Win64; x64) AppleWebKit/537.36 (KHTML, like Gecko) Chrome/58.0.3029.110 Safari/537.3"
208.110.64.178 - - [11/Dec/2025:10:28:41 +0300] "GET /wp-includes/im9c5db8/edit.php HTTP/1.1" 500 20 "https://survivorshoes.com/wp-includes/im9c5db8/edit.php" "Mozilla/5.0 (Windows NT 10.0; Win64; x64) AppleWebKit/537.36 (KHTML, like Gecko) Chrome/58.0.3029.110 Safari/537.3"
85.208.96.202 - - [11/Dec/2025:10:28:54 +0300] "GET /653588228.phtml HTTP/1.1" 500 20 "-" "Mozilla/5.0 (compatible; SemrushBot/7~bl; +http://www.semrush.com/bot.html)"
66.249.66.7 - - [11/Dec/2025:10:29:01 +0300] "GET /448053668.phtml HTTP/1.1" 200 26209 "-" "Mozilla/5.0 (Linux; Android 6.0.1; Nexus 5X Build/MMB29P) AppleWebKit/537.36 (KHTML, like Gecko) Chrome/141.0.7390.122 Mobile Safari/537.36 (compatible; Googlebot/2.1; +http://www.google.com/bot.html)"
157.55.39.56 - - [11/Dec/2025:10:29:36 +0300] "GET /656865887.phtml HTTP/2" 200 25326 "-" "Mozilla/5.0 AppleWebKit/537.36 (KHTML, like Gecko; compatible; bingbot/2.0; +http://www.bing.com/bingbot.htm) Chrome/116.0.1938.76 Safari/537.36"
157.55.39.56 - - [11/Dec/2025:10:29:37 +0300] "GET /520874108.phtml HTTP/2" 200 26569 "-" "Mozilla/5.0 AppleWebKit/537.36 (KHTML, like Gecko; compatible; bingbot/2.0; +http://www.bing.com/bingbot.htm) Chrome/116.0.1938.76 Safari/537.36"
157.55.39.56 - - [11/Dec/2025:10:29:38 +0300] "GET /595409261.phtml HTTP/2" 200 26034 "-" "Mozilla/5.0 AppleWebKit/537.36 (KHTML, like Gecko; compatible; bingbot/2.0; +http://www.bing.com/bingbot.htm) Chrome/116.0.1938.76 Safari/537.36"
207.46.13.155 - - [11/Dec/2025:10:29:41 +0300] "GET /323962778.phtml HTTP/2" 200 26681 "-" "Mozilla/5.0 AppleWebKit/537.36 (KHTML, like Gecko; compatible; bingbot/2.0; +http://www.bing.com/bingbot.htm) Chrome/116.0.1938.76 Safari/537.36"
185.191.171.19 - - [11/Dec/2025:10:29:55 +0300] "GET /114135776.phtml HTTP/1.1" 500 20 "-" "Mozilla/5.0 (compatible; SemrushBot/7~bl; +http://www.semrush.com/bot.html)"
207.46.13.155 - - [11/Dec/2025:10:30:10 +0300] "GET /459501104.phtml HTTP/2" 200 25705 "-" "Mozilla/5.0 AppleWebKit/537.36 (KHTML, like Gecko; compatible; bingbot/2.0; +http://www.bing.com/bingbot.htm) Chrome/116.0.1938.76 Safari/537.36"
207.46.13.155 - - [11/Dec/2025:10:30:11 +0300] "GET /530305376.phtml HTTP/2" 200 27673 "-" "Mozilla/5.0 AppleWebKit/537.36 (KHTML, like Gecko; compatible; bingbot/2.0; +http://www.bing.com/bingbot.htm) Chrome/116.0.1938.76 Safari/537.36"
207.46.13.155 - - [11/Dec/2025:10:30:13 +0300] "GET /488672939.phtml HTTP/2" 200 27607 "-" "Mozilla/5.0 AppleWebKit/537.36 (KHTML, like Gecko; compatible; bingbot/2.0; +http://www.bing.com/bingbot.htm) Chrome/116.0.1938.76 Safari/537.36"
185.191.171.2 - - [11/Dec/2025:10:30:55 +0300] "GET /589191203.phtml HTTP/1.1" 500 20 "-" "Mozilla/5.0 (compatible; SemrushBot/7~bl; +http://www.semrush.com/bot.html)"
207.46.13.155 - - [11/Dec/2025:10:31:01 +0300] "GET /156137351.phtml HTTP/2" 200 25847 "-" "Mozilla/5.0 AppleWebKit/537.36 (KHTML, like Gecko; compatible; bingbot/2.0; +http://www.bing.com/bingbot.htm) Chrome/116.0.1938.76 Safari/537.36"
185.191.171.7 - - [11/Dec/2025:10:31:56 +0300] "GET /242518877.phtml HTTP/1.1" 500 20 "-" "Mozilla/5.0 (compatible; SemrushBot/7~bl; +http://www.semrush.com/bot.html)"
207.46.13.155 - - [11/Dec/2025:10:32:08 +0300] "GET /373205510.phtml HTTP/2" 200 26559 "-" "Mozilla/5.0 AppleWebKit/537.36 (KHTML, like Gecko; compatible; bingbot/2.0; +http://www.bing.com/bingbot.htm) Chrome/116.0.1938.76 Safari/537.36"
207.46.13.155 - - [11/Dec/2025:10:32:09 +0300] "GET /400941218.phtml HTTP/2" 200 26691 "-" "Mozilla/5.0 AppleWebKit/537.36 (KHTML, like Gecko; compatible; bingbot/2.0; +http://www.bing.com/bingbot.htm) Chrome/116.0.1938.76 Safari/537.36"
157.55.39.13 - - [11/Dec/2025:10:32:13 +0300] "GET /144783701.phtml HTTP/2" 200 27246 "-" "Mozilla/5.0 AppleWebKit/537.36 (KHTML, like Gecko; compatible; bingbot/2.0; +http://www.bing.com/bingbot.htm) Chrome/116.0.1938.76 Safari/537.36"
207.46.13.155 - - [11/Dec/2025:10:32:27 +0300] "GET /145402088.phtml HTTP/2" 200 25949 "-" "Mozilla/5.0 AppleWebKit/537.36 (KHTML, like Gecko; compatible; bingbot/2.0; +http://www.bing.com/bingbot.htm) Chrome/116.0.1938.76 Safari/537.36"
207.46.13.155 - - [11/Dec/2025:10:33:07 +0300] "GET /136004084.phtml HTTP/2" 200 25845 "-" "Mozilla/5.0 AppleWebKit/537.36 (KHTML, like Gecko; compatible; bingbot/2.0; +http://www.bing.com/bingbot.htm) Chrome/116.0.1938.76 Safari/537.36"
207.46.13.86 - - [11/Dec/2025:10:28:01 +0300] "GET /226265486.phtml HTTP/2" 200 26221 "-" "Mozilla/5.0 AppleWebKit/537.36 (KHTML, like Gecko; compatible; bingbot/2.0; +http://www.bing.com/bingbot.htm) Chrome/116.0.1938.76 Safari/537.36"
157.55.39.56 - - [11/Dec/2025:10:28:46 +0300] "GET /494224100.phtml HTTP/2" 200 27576 "-" "Mozilla/5.0 AppleWebKit/537.36 (KHTML, like Gecko; compatible; bingbot/2.0; +http://www.bing.com/bingbot.htm) Chrome/116.0.1938.76 Safari/537.36"
66.249.66.204 - - [11/Dec/2025:10:28:50 +0300] "GET /595738436.phtml HTTP/1.1" 200 25519 "-" "Mozilla/5.0 (Linux; Android 6.0.1; Nexus 5X Build/MMB29P) AppleWebKit/537.36 (KHTML, like Gecko) Chrome/141.0.7390.122 Mobile Safari/537.36 (compatible; Googlebot/2.1; +http://www.google.com/bot.html)"
157.55.39.56 - - [11/Dec/2025:10:29:16 +0300] "GET /155174081.phtml HTTP/2" 200 25679 "-" "Mozilla/5.0 AppleWebKit/537.36 (KHTML, like Gecko; compatible; bingbot/2.0; +http://www.bing.com/bingbot.htm) Chrome/116.0.1938.76 Safari/537.36"
157.55.39.13 - - [11/Dec/2025:10:30:01 +0300] "GET /433489580.phtml HTTP/2" 200 28299 "-" "Mozilla/5.0 AppleWebKit/537.36 (KHTML, like Gecko; compatible; bingbot/2.0; +http://www.bing.com/bingbot.htm) Chrome/116.0.1938.76 Safari/537.36"
157.55.39.13 - - [11/Dec/2025:10:30:02 +0300] "GET /27050855.phtml HTTP/2" 200 25652 "-" "Mozilla/5.0 AppleWebKit/537.36 (KHTML, like Gecko; compatible; bingbot/2.0; +http://www.bing.com/bingbot.htm) Chrome/116.0.1938.76 Safari/537.36"
207.46.13.155 - - [11/Dec/2025:10:31:37 +0300] "GET /197109128.phtml HTTP/2" 200 26062 "-" "Mozilla/5.0 AppleWebKit/537.36 (KHTML, like Gecko; compatible; bingbot/2.0; +http://www.bing.com/bingbot.htm) Chrome/116.0.1938.76 Safari/537.36"
185.191.171.7 - - [11/Dec/2025:10:32:57 +0300] "GET /146864087.phtml HTTP/1.1" 500 20 "-" "Mozilla/5.0 (compatible; SemrushBot/7~bl; +http://www.semrush.com/bot.html)"
157.55.39.192 - - [11/Dec/2025:10:34:12 +0300] "GET /664859180.phtml HTTP/2" 200 27829 "-" "Mozilla/5.0 AppleWebKit/537.36 (KHTML, like Gecko; compatible; bingbot/2.0; +http://www.bing.com/bingbot.htm) Chrome/116.0.1938.76 Safari/537.36"
207.46.13.155 - - [11/Dec/2025:10:34:47 +0300] "GET /135192581.phtml HTTP/2" 200 25955 "-" "Mozilla/5.0 AppleWebKit/537.36 (KHTML, like Gecko; compatible; bingbot/2.0; +http://www.bing.com/bingbot.htm) Chrome/116.0.1938.76 Safari/537.36"
157.55.39.13 - - [11/Dec/2025:10:34:50 +0300] "GET /571092815.phtml HTTP/2" 200 26517 "-" "Mozilla/5.0 AppleWebKit/537.36 (KHTML, like Gecko; compatible; bingbot/2.0; +http://www.bing.com/bingbot.htm) Chrome/116.0.1938.76 Safari/537.36"
74.7.243.221 - - [11/Dec/2025:10:35:02 +0300] "GET /567102059.phtml HTTP/2" 500 20 "-" "Mozilla/5.0 AppleWebKit/537.36 (KHTML, like Gecko; compatible; GPTBot/1.3; +https://openai.com/gptbot)"
207.46.13.155 - - [11/Dec/2025:10:35:29 +0300] "GET /314305823.phtml HTTP/2" 200 26003 "-" "Mozilla/5.0 AppleWebKit/537.36 (KHTML, like Gecko; compatible; bingbot/2.0; +http://www.bing.com/bingbot.htm) Chrome/116.0.1938.76 Safari/537.36"
157.55.39.13 - - [11/Dec/2025:10:36:07 +0300] "GET /295091936.phtml HTTP/2" 200 26600 "-" "Mozilla/5.0 AppleWebKit/537.36 (KHTML, like Gecko; compatible; bingbot/2.0; +http://www.bing.com/bingbot.htm) Chrome/116.0.1938.76 Safari/537.36"
204.12.252.98 - - [11/Dec/2025:10:37:09 +0300] "GET /wp-includes/im9c5db8/edit.php HTTP/1.1" 500 20 "https://survivorshoes.com/wp-includes/im9c5db8/edit.php" "Mozilla/5.0 (Windows NT 10.0; Win64; x64) AppleWebKit/537.36 (KHTML, like Gecko) Chrome/58.0.3029.110 Safari/537.3"
204.12.252.98 - - [11/Dec/2025:10:37:10 +0300] "GET /wp-includes/im9c5db8/edit.php HTTP/1.1" 500 20 "https://survivorshoes.com/wp-includes/im9c5db8/edit.php" "Mozilla/5.0 (Windows NT 10.0; Win64; x64) AppleWebKit/537.36 (KHTML, like Gecko) Chrome/58.0.3029.110 Safari/537.3"
157.55.39.192 - - [11/Dec/2025:10:37:13 +0300] "GET /521484410.phtml HTTP/2" 200 25528 "-" "Mozilla/5.0 AppleWebKit/537.36 (KHTML, like Gecko; compatible; bingbot/2.0; +http://www.bing.com/bingbot.htm) Chrome/116.0.1938.76 Safari/537.36"
207.46.13.155 - - [11/Dec/2025:10:33:28 +0300] "GET /107539340.phtml HTTP/2" 200 28637 "-" "Mozilla/5.0 AppleWebKit/537.36 (KHTML, like Gecko; compatible; bingbot/2.0; +http://www.bing.com/bingbot.htm) Chrome/116.0.1938.76 Safari/537.36"
85.208.96.200 - - [11/Dec/2025:10:33:58 +0300] "GET /458653334.phtml HTTP/1.1" 500 20 "-" "Mozilla/5.0 (compatible; SemrushBot/7~bl; +http://www.semrush.com/bot.html)"
157.55.39.13 - - [11/Dec/2025:10:34:16 +0300] "GET /372266495.phtml HTTP/2" 200 27145 "-" "Mozilla/5.0 AppleWebKit/537.36 (KHTML, like Gecko; compatible; bingbot/2.0; +http://www.bing.com/bingbot.htm) Chrome/116.0.1938.76 Safari/537.36"
85.208.96.196 - - [11/Dec/2025:10:34:59 +0300] "GET /135403253.phtml HTTP/1.1" 500 20 "-" "Mozilla/5.0 (compatible; SemrushBot/7~bl; +http://www.semrush.com/bot.html)"
157.55.39.192 - - [11/Dec/2025:10:35:12 +0300] "GET /539423870.phtml HTTP/2" 200 27157 "-" "Mozilla/5.0 AppleWebKit/537.36 (KHTML, like Gecko; compatible; bingbot/2.0; +http://www.bing.com/bingbot.htm) Chrome/116.0.1938.76 Safari/537.36"
157.55.39.192 - - [11/Dec/2025:10:35:21 +0300] "GET /358604000.phtml HTTP/2" 200 26632 "-" "Mozilla/5.0 AppleWebKit/537.36 (KHTML, like Gecko; compatible; bingbot/2.0; +http://www.bing.com/bingbot.htm) Chrome/116.0.1938.76 Safari/537.36"
85.208.96.193 - - [11/Dec/2025:10:36:00 +0300] "GET /229458830.phtml HTTP/1.1" 500 20 "-" "Mozilla/5.0 (compatible; SemrushBot/7~bl; +http://www.semrush.com/bot.html)"
207.46.13.155 - - [11/Dec/2025:10:36:09 +0300] "GET /131665211.phtml HTTP/2" 200 26946 "-" "Mozilla/5.0 AppleWebKit/537.36 (KHTML, like Gecko; compatible; bingbot/2.0; +http://www.bing.com/bingbot.htm) Chrome/116.0.1938.76 Safari/537.36"
207.46.13.155 - - [11/Dec/2025:10:36:09 +0300] "GET /524904596.phtml HTTP/2" 200 26608 "-" "Mozilla/5.0 AppleWebKit/537.36 (KHTML, like Gecko; compatible; bingbot/2.0; +http://www.bing.com/bingbot.htm) Chrome/116.0.1938.76 Safari/537.36"
207.46.13.155 - - [11/Dec/2025:10:36:11 +0300] "GET /187323275.phtml HTTP/2" 200 27212 "-" "Mozilla/5.0 AppleWebKit/537.36 (KHTML, like Gecko; compatible; bingbot/2.0; +http://www.bing.com/bingbot.htm) Chrome/116.0.1938.76 Safari/537.36"
157.55.39.13 - - [11/Dec/2025:10:36:37 +0300] "GET /397123712.phtml HTTP/2" 200 26278 "-" "Mozilla/5.0 AppleWebKit/537.36 (KHTML, like Gecko; compatible; bingbot/2.0; +http://www.bing.com/bingbot.htm) Chrome/116.0.1938.76 Safari/537.36"
185.191.171.15 - - [11/Dec/2025:10:37:01 +0300] "GET /161730092.phtml HTTP/1.1" 500 20 "-" "Mozilla/5.0 (compatible; SemrushBot/7~bl; +http://www.semrush.com/bot.html)"
157.55.39.192 - - [11/Dec/2025:10:37:33 +0300] "GET /636407372.phtml HTTP/2" 200 27006 "-" "Mozilla/5.0 AppleWebKit/537.36 (KHTML, like Gecko; compatible; bingbot/2.0; +http://www.bing.com/bingbot.htm) Chrome/116.0.1938.76 Safari/537.36"
85.208.96.202 - - [11/Dec/2025:10:38:03 +0300] "GET /442757762.phtml HTTP/1.1" 500 20 "-" "Mozilla/5.0 (compatible; SemrushBot/7~bl; +http://www.semrush.com/bot.html)"
157.55.39.192 - - [11/Dec/2025:10:38:43 +0300] "GET /680201276.phtml HTTP/2" 200 25869 "-" "Mozilla/5.0 AppleWebKit/537.36 (KHTML, like Gecko; compatible; bingbot/2.0; +http://www.bing.com/bingbot.htm) Chrome/116.0.1938.76 Safari/537.36"
207.46.13.155 - - [11/Dec/2025:10:39:00 +0300] "GET /494441702.phtml HTTP/2" 200 27177 "-" "Mozilla/5.0 AppleWebKit/537.36 (KHTML, like Gecko; compatible; bingbot/2.0; +http://www.bing.com/bingbot.htm) Chrome/116.0.1938.76 Safari/537.36"
158.94.210.13 - - [11/Dec/2025:10:39:04 +0300] "GET /wp-content/plugins/fix/up.php HTTP/1.1" 500 20 "-" "Mozilla/5.0 (Linux; Android 7.0; SM-G892A Build/NRD90M; wv) AppleWebKit/537.36 (KHTML, Gecko) Version/4.0 Chrome/60.0.3112.107 Mobile Safari/537.36"
158.94.210.13 - - [11/Dec/2025:10:39:05 +0300] "GET /wp-content/index.php HTTP/1.1" 500 20 "-" "Mozilla/5.0 (Linux; Android 7.0; SM-G892A Build/NRD90M; wv) AppleWebKit/537.36 (KHTML, Gecko) Version/4.0 Chrome/60.0.3112.107 Mobile Safari/537.36"
207.46.13.107 - - [11/Dec/2025:10:39:08 +0300] "GET /158393990.phtml HTTP/2" 200 27878 "-" "Mozilla/5.0 AppleWebKit/537.36 (KHTML, like Gecko; compatible; bingbot/2.0; +http://www.bing.com/bingbot.htm) Chrome/116.0.1938.76 Safari/537.36"
207.46.13.107 - - [11/Dec/2025:10:39:10 +0300] "GET /36859577.phtml HTTP/2" 200 26026 "-" "Mozilla/5.0 AppleWebKit/537.36 (KHTML, like Gecko; compatible; bingbot/2.0; +http://www.bing.com/bingbot.htm) Chrome/116.0.1938.76 Safari/537.36"
158.94.210.13 - - [11/Dec/2025:10:39:10 +0300] "GET /wp-content/plugins/pwnd/pwnd.php HTTP/1.1" 500 20 "-" "Mozilla/5.0 (Linux; Android 7.0; SM-G892A Build/NRD90M; wv) AppleWebKit/537.36 (KHTML, Gecko) Version/4.0 Chrome/60.0.3112.107 Mobile Safari/537.36"
207.46.13.107 - - [11/Dec/2025:10:39:10 +0300] "GET /360570734.phtml HTTP/2" 200 26650 "-" "Mozilla/5.0 AppleWebKit/537.36 (KHTML, like Gecko; compatible; bingbot/2.0; +http://www.bing.com/bingbot.htm) Chrome/116.0.1938.76 Safari/537.36"
158.94.210.13 - - [11/Dec/2025:10:39:15 +0300] "GET /wp-content/plugins/simple/simple.php HTTP/1.1" 500 20 "-" "Mozilla/5.0 (Linux; Android 7.0; SM-G892A Build/NRD90M; wv) AppleWebKit/537.36 (KHTML, Gecko) Version/4.0 Chrome/60.0.3112.107 Mobile Safari/537.36"
158.94.210.13 - - [11/Dec/2025:10:39:24 +0300] "GET /wp-content/worksec.php HTTP/1.1" 500 20 "-" "Mozilla/5.0 (Linux; Android 7.0; SM-G892A Build/NRD90M; wv) AppleWebKit/537.36 (KHTML, Gecko) Version/4.0 Chrome/60.0.3112.107 Mobile Safari/537.36"
157.55.39.192 - - [11/Dec/2025:10:39:24 +0300] "GET /61604759.phtml HTTP/2" 200 25608 "-" "Mozilla/5.0 AppleWebKit/537.36 (KHTML, like Gecko; compatible; bingbot/2.0; +http://www.bing.com/bingbot.htm) Chrome/116.0.1938.76 Safari/537.36"
157.55.39.192 - - [11/Dec/2025:10:39:26 +0300] "GET /79217354.phtml HTTP/2" 200 26762 "-" "Mozilla/5.0 AppleWebKit/537.36 (KHTML, like Gecko; compatible; bingbot/2.0; +http://www.bing.com/bingbot.htm) Chrome/116.0.1938.76 Safari/537.36"
207.46.13.107 - - [11/Dec/2025:10:39:28 +0300] "GET /448352351.phtml HTTP/2" 200 26867 "-" "Mozilla/5.0 AppleWebKit/537.36 (KHTML, like Gecko; compatible; bingbot/2.0; +http://www.bing.com/bingbot.htm) Chrome/116.0.1938.76 Safari/537.36"
158.94.210.13 - - [11/Dec/2025:10:39:29 +0300] "GET /wp-content/cache/index.php HTTP/1.1" 500 20 "-" "Mozilla/5.0 (Linux; Android 7.0; SM-G892A Build/NRD90M; wv) AppleWebKit/537.36 (KHTML, Gecko) Version/4.0 Chrome/60.0.3112.107 Mobile Safari/537.36"
158.94.210.13 - - [11/Dec/2025:10:39:31 +0300] "GET /wp-content/languages/index.php HTTP/1.1" 500 20 "-" "Mozilla/5.0 (Linux; Android 7.0; SM-G892A Build/NRD90M; wv) AppleWebKit/537.36 (KHTML, Gecko) Version/4.0 Chrome/60.0.3112.107 Mobile Safari/537.36"
158.94.210.13 - - [11/Dec/2025:10:39:35 +0300] "GET /wp-content/plugins/index.php HTTP/1.1" 500 20 "-" "Mozilla/5.0 (Linux; Android 7.0; SM-G892A Build/NRD90M; wv) AppleWebKit/537.36 (KHTML, Gecko) Version/4.0 Chrome/60.0.3112.107 Mobile Safari/537.36"
158.94.210.13 - - [11/Dec/2025:10:39:37 +0300] "GET /wp-content/themes/index.php HTTP/1.1" 500 20 "-" "Mozilla/5.0 (Linux; Android 7.0; SM-G892A Build/NRD90M; wv) AppleWebKit/537.36 (KHTML, Gecko) Version/4.0 Chrome/60.0.3112.107 Mobile Safari/537.36"
158.94.210.13 - - [11/Dec/2025:10:39:38 +0300] "GET /wp-content/upgrade/index.php HTTP/1.1" 500 20 "-" "Mozilla/5.0 (Linux; Android 7.0; SM-G892A Build/NRD90M; wv) AppleWebKit/537.36 (KHTML, Gecko) Version/4.0 Chrome/60.0.3112.107 Mobile Safari/537.36"
158.94.210.13 - - [11/Dec/2025:10:39:43 +0300] "GET /wp-content/uploads/index.php HTTP/1.1" 500 20 "-" "Mozilla/5.0 (Linux; Android 7.0; SM-G892A Build/NRD90M; wv) AppleWebKit/537.36 (KHTML, Gecko) Version/4.0 Chrome/60.0.3112.107 Mobile Safari/537.36"
158.94.210.13 - - [11/Dec/2025:10:39:45 +0300] "GET /wp-admin/index.php HTTP/1.1" 500 20 "-" "Mozilla/5.0 (Linux; Android 7.0; SM-G892A Build/NRD90M; wv) AppleWebKit/537.36 (KHTML, Gecko) Version/4.0 Chrome/60.0.3112.107 Mobile Safari/537.36"
74.7.243.221 - - [11/Dec/2025:10:38:14 +0300] "GET /159437879.phtml HTTP/2" 500 20 "-" "Mozilla/5.0 AppleWebKit/537.36 (KHTML, like Gecko; compatible; GPTBot/1.3; +https://openai.com/gptbot)"
158.94.210.13 - - [11/Dec/2025:10:39:03 +0300] "GET /wp-content/plugins/boot/boot.php HTTP/1.1" 500 20 "-" "Mozilla/5.0 (Linux; Android 7.0; SM-G892A Build/NRD90M; wv) AppleWebKit/537.36 (KHTML, Gecko) Version/4.0 Chrome/60.0.3112.107 Mobile Safari/537.36"
185.191.171.8 - - [11/Dec/2025:10:39:04 +0300] "GET /353463788.phtml HTTP/1.1" 500 20 "-" "Mozilla/5.0 (compatible; SemrushBot/7~bl; +http://www.semrush.com/bot.html)"
158.94.210.13 - - [11/Dec/2025:10:39:08 +0300] "GET /autoload_classmap.php HTTP/1.1" 500 20 "-" "Mozilla/5.0 (Linux; Android 7.0; SM-G892A Build/NRD90M; wv) AppleWebKit/537.36 (KHTML, Gecko) Version/4.0 Chrome/60.0.3112.107 Mobile Safari/537.36"
158.94.210.13 - - [11/Dec/2025:10:39:14 +0300] "GET /wp-content/plugins/pwnd-1/pwnd.php HTTP/1.1" 500 20 "-" "Mozilla/5.0 (Linux; Android 7.0; SM-G892A Build/NRD90M; wv) AppleWebKit/537.36 (KHTML, Gecko) Version/4.0 Chrome/60.0.3112.107 Mobile Safari/537.36"
74.7.243.221 - - [11/Dec/2025:10:39:17 +0300] "GET /625819718.phtml HTTP/2" 500 20 "-" "Mozilla/5.0 AppleWebKit/537.36 (KHTML, like Gecko; compatible; GPTBot/1.3; +https://openai.com/gptbot)"
158.94.210.13 - - [11/Dec/2025:10:39:23 +0300] "GET /worksec.php HTTP/1.1" 500 20 "-" "Mozilla/5.0 (Linux; Android 7.0; SM-G892A Build/NRD90M; wv) AppleWebKit/537.36 (KHTML, Gecko) Version/4.0 Chrome/60.0.3112.107 Mobile Safari/537.36"
158.94.210.13 - - [11/Dec/2025:10:39:30 +0300] "GET /wp-content/index.php HTTP/1.1" 500 20 "-" "Mozilla/5.0 (Linux; Android 7.0; SM-G892A Build/NRD90M; wv) AppleWebKit/537.36 (KHTML, Gecko) Version/4.0 Chrome/60.0.3112.107 Mobile Safari/537.36"
158.94.210.13 - - [11/Dec/2025:10:39:49 +0300] "GET /wp-admin/css/index.php HTTP/1.1" 500 20 "-" "Mozilla/5.0 (Linux; Android 7.0; SM-G892A Build/NRD90M; wv) AppleWebKit/537.36 (KHTML, Gecko) Version/4.0 Chrome/60.0.3112.107 Mobile Safari/537.36"
158.94.210.13 - - [11/Dec/2025:10:40:02 +0300] "GET /wp-admin/user/index.php HTTP/1.1" 500 20 "-" "Mozilla/5.0 (Linux; Android 7.0; SM-G892A Build/NRD90M; wv) AppleWebKit/537.36 (KHTML, Gecko) Version/4.0 Chrome/60.0.3112.107 Mobile Safari/537.36"
158.94.210.13 - - [11/Dec/2025:10:40:05 +0300] "GET /wp-includes/html-api/index.php HTTP/1.1" 500 20 "-" "Mozilla/5.0 (Linux; Android 7.0; SM-G892A Build/NRD90M; wv) AppleWebKit/537.36 (KHTML, Gecko) Version/4.0 Chrome/60.0.3112.107 Mobile Safari/537.36"
158.94.210.13 - - [11/Dec/2025:10:40:06 +0300] "GET /wp-includes/ID3/index.php HTTP/1.1" 500 20 "-" "Mozilla/5.0 (Linux; Android 7.0; SM-G892A Build/NRD90M; wv) AppleWebKit/537.36 (KHTML, Gecko) Version/4.0 Chrome/60.0.3112.107 Mobile Safari/537.36"
158.94.210.13 - - [11/Dec/2025:10:40:09 +0300] "GET /wp-includes/PHPMailer/index.php HTTP/1.1" 500 20 "-" "Mozilla/5.0 (Linux; Android 7.0; SM-G892A Build/NRD90M; wv) AppleWebKit/537.36 (KHTML, Gecko) Version/4.0 Chrome/60.0.3112.107 Mobile Safari/537.36"
158.94.210.13 - - [11/Dec/2025:10:40:13 +0300] "GET /wp-includes/Requests/Auth/index.php HTTP/1.1" 500 20 "-" "Mozilla/5.0 (Linux; Android 7.0; SM-G892A Build/NRD90M; wv) AppleWebKit/537.36 (KHTML, Gecko) Version/4.0 Chrome/60.0.3112.107 Mobile Safari/537.36"
158.94.210.13 - - [11/Dec/2025:10:40:17 +0300] "GET /wp-includes/Requests/Cookie/index.php HTTP/1.1" 500 20 "-" "Mozilla/5.0 (Linux; Android 7.0; SM-G892A Build/NRD90M; wv) AppleWebKit/537.36 (KHTML, Gecko) Version/4.0 Chrome/60.0.3112.107 Mobile Safari/537.36"
158.94.210.13 - - [11/Dec/2025:10:40:20 +0300] "GET /wp-includes/Requests/Exception/HTTP/index.php HTTP/1.1" 500 20 "-" "Mozilla/5.0 (Linux; Android 7.0; SM-G892A Build/NRD90M; wv) AppleWebKit/537.36 (KHTML, Gecko) Version/4.0 Chrome/60.0.3112.107 Mobile Safari/537.36"
74.7.243.221 - - [11/Dec/2025:10:40:23 +0300] "GET /457221365.phtml HTTP/2" 500 20 "-" "Mozilla/5.0 AppleWebKit/537.36 (KHTML, like Gecko; compatible; GPTBot/1.3; +https://openai.com/gptbot)"
158.94.210.13 - - [11/Dec/2025:10:39:51 +0300] "GET /wp-admin/images/index.php HTTP/1.1" 500 20 "-" "Mozilla/5.0 (Linux; Android 7.0; SM-G892A Build/NRD90M; wv) AppleWebKit/537.36 (KHTML, Gecko) Version/4.0 Chrome/60.0.3112.107 Mobile Safari/537.36"
158.94.210.13 - - [11/Dec/2025:10:39:53 +0300] "GET /wp-admin/includes/index.php HTTP/1.1" 500 20 "-" "Mozilla/5.0 (Linux; Android 7.0; SM-G892A Build/NRD90M; wv) AppleWebKit/537.36 (KHTML, Gecko) Version/4.0 Chrome/60.0.3112.107 Mobile Safari/537.36"
158.94.210.13 - - [11/Dec/2025:10:39:55 +0300] "GET /wp-admin/js/index.php HTTP/1.1" 500 20 "-" "Mozilla/5.0 (Linux; Android 7.0; SM-G892A Build/NRD90M; wv) AppleWebKit/537.36 (KHTML, Gecko) Version/4.0 Chrome/60.0.3112.107 Mobile Safari/537.36"
158.94.210.13 - - [11/Dec/2025:10:39:59 +0300] "GET /wp-admin/maint/index.php HTTP/1.1" 500 20 "-" "Mozilla/5.0 (Linux; Android 7.0; SM-G892A Build/NRD90M; wv) AppleWebKit/537.36 (KHTML, Gecko) Version/4.0 Chrome/60.0.3112.107 Mobile Safari/537.36"
158.94.210.13 - - [11/Dec/2025:10:39:59 +0300] "GET /wp-admin/network/index.php HTTP/1.1" 500 20 "-" "Mozilla/5.0 (Linux; Android 7.0; SM-G892A Build/NRD90M; wv) AppleWebKit/537.36 (KHTML, Gecko) Version/4.0 Chrome/60.0.3112.107 Mobile Safari/537.36"
158.94.210.13 - - [11/Dec/2025:10:40:03 +0300] "GET /wp-includes/index.php HTTP/1.1" 500 20 "-" "Mozilla/5.0 (Linux; Android 7.0; SM-G892A Build/NRD90M; wv) AppleWebKit/537.36 (KHTML, Gecko) Version/4.0 Chrome/60.0.3112.107 Mobile Safari/537.36"
85.208.96.208 - - [11/Dec/2025:10:40:06 +0300] "GET /674122049.phtml HTTP/1.1" 500 20 "-" "Mozilla/5.0 (compatible; SemrushBot/7~bl; +http://www.semrush.com/bot.html)"
158.94.210.13 - - [11/Dec/2025:10:40:07 +0300] "GET /wp-includes/IXR/index.php HTTP/1.1" 500 20 "-" "Mozilla/5.0 (Linux; Android 7.0; SM-G892A Build/NRD90M; wv) AppleWebKit/537.36 (KHTML, Gecko) Version/4.0 Chrome/60.0.3112.107 Mobile Safari/537.36"
158.94.210.13 - - [11/Dec/2025:10:40:10 +0300] "GET /wp-includes/Requests/index.php HTTP/1.1" 500 20 "-" "Mozilla/5.0 (Linux; Android 7.0; SM-G892A Build/NRD90M; wv) AppleWebKit/537.36 (KHTML, Gecko) Version/4.0 Chrome/60.0.3112.107 Mobile Safari/537.36"
158.94.210.13 - - [11/Dec/2025:10:40:20 +0300] "GET /wp-includes/Requests/Exception/index.php HTTP/1.1" 500 20 "-" "Mozilla/5.0 (Linux; Android 7.0; SM-G892A Build/NRD90M; wv) AppleWebKit/537.36 (KHTML, Gecko) Version/4.0 Chrome/60.0.3112.107 Mobile Safari/537.36"
158.94.210.13 - - [11/Dec/2025:10:40:27 +0300] "GET /wp-includes/Requests/Proxy/index.php HTTP/1.1" 500 20 "-" "Mozilla/5.0 (Linux; Android 7.0; SM-G892A Build/NRD90M; wv) AppleWebKit/537.36 (KHTML, Gecko) Version/4.0 Chrome/60.0.3112.107 Mobile Safari/537.36"
158.94.210.13 - - [11/Dec/2025:10:40:28 +0300] "GET /wp-includes/Requests/Response/index.php HTTP/1.1" 500 20 "-" "Mozilla/5.0 (Linux; Android 7.0; SM-G892A Build/NRD90M; wv) AppleWebKit/537.36 (KHTML, Gecko) Version/4.0 Chrome/60.0.3112.107 Mobile Safari/537.36"
158.94.210.13 - - [11/Dec/2025:10:40:30 +0300] "GET /wp-includes/Requests/Utility/index.php HTTP/1.1" 500 20 "-" "Mozilla/5.0 (Linux; Android 7.0; SM-G892A Build/NRD90M; wv) AppleWebKit/537.36 (KHTML, Gecko) Version/4.0 Chrome/60.0.3112.107 Mobile Safari/537.36"
158.94.210.13 - - [11/Dec/2025:10:40:34 +0300] "GET /wp-includes/SimplePie/Cache/index.php HTTP/1.1" 500 20 "-" "Mozilla/5.0 (Linux; Android 7.0; SM-G892A Build/NRD90M; wv) AppleWebKit/537.36 (KHTML, Gecko) Version/4.0 Chrome/60.0.3112.107 Mobile Safari/537.36"
74.7.243.221 - - [11/Dec/2025:10:41:28 +0300] "GET /557389202.phtml HTTP/2" 500 20 "-" "Mozilla/5.0 AppleWebKit/537.36 (KHTML, like Gecko; compatible; GPTBot/1.3; +https://openai.com/gptbot)"
185.191.171.11 - - [11/Dec/2025:10:42:08 +0300] "GET /528416258.phtml HTTP/1.1" 500 20 "-" "Mozilla/5.0 (compatible; SemrushBot/7~bl; +http://www.semrush.com/bot.html)"
74.7.243.221 - - [11/Dec/2025:10:42:30 +0300] "GET /648726140.phtml HTTP/2" 500 20 "-" "Mozilla/5.0 AppleWebKit/537.36 (KHTML, like Gecko; compatible; GPTBot/1.3; +https://openai.com/gptbot)"
85.208.96.198 - - [11/Dec/2025:10:42:54 +0300] "GET /robots.txt HTTP/1.1" 200 147 "-" "Mozilla/5.0 (compatible; SemrushBot/7~bl; +http://www.semrush.com/bot.html)"
185.191.171.19 - - [11/Dec/2025:10:43:09 +0300] "GET /171883466.phtml HTTP/1.1" 500 20 "-" "Mozilla/5.0 (compatible; SemrushBot/7~bl; +http://www.semrush.com/bot.html)"
185.191.171.9 - - [11/Dec/2025:10:44:10 +0300] "GET /91104845.phtml HTTP/1.1" 500 20 "-" "Mozilla/5.0 (compatible; SemrushBot/7~bl; +http://www.semrush.com/bot.html)"
207.46.13.168 - - [11/Dec/2025:10:44:11 +0300] "GET /629035238.phtml HTTP/2" 200 26987 "-" "Mozilla/5.0 AppleWebKit/537.36 (KHTML, like Gecko; compatible; bingbot/2.0; +http://www.bing.com/bingbot.htm) Chrome/116.0.1938.76 Safari/537.36"
114.119.156.131 - - [11/Dec/2025:10:45:24 +0300] "GET /99587165.phtml HTTP/1.1" 500 20 "https://survivorshoes.com/sitemap-13.xml" "Mozilla/5.0 (Linux; Android 7.0;) AppleWebKit/537.36 (KHTML, like Gecko) Mobile Safari/537.36 (compatible; PetalBot;+https://webmaster.petalsearch.com/site/petalbot)"
207.46.13.107 - - [11/Dec/2025:10:45:46 +0300] "GET /380347568.phtml HTTP/2" 200 25492 "-" "Mozilla/5.0 AppleWebKit/537.36 (KHTML, like Gecko; compatible; bingbot/2.0; +http://www.bing.com/bingbot.htm) Chrome/116.0.1938.76 Safari/537.36"
207.46.13.107 - - [11/Dec/2025:10:46:14 +0300] "GET /636673022.phtml HTTP/2" 200 26530 "-" "Mozilla/5.0 AppleWebKit/537.36 (KHTML, like Gecko; compatible; bingbot/2.0; +http://www.bing.com/bingbot.htm) Chrome/116.0.1938.76 Safari/537.36"
157.55.39.197 - - [11/Dec/2025:10:46:18 +0300] "GET /674400173.phtml HTTP/2" 200 28261 "-" "Mozilla/5.0 AppleWebKit/537.36 (KHTML, like Gecko; compatible; bingbot/2.0; +http://www.bing.com/bingbot.htm) Chrome/116.0.1938.76 Safari/537.36"
74.7.243.221 - - [11/Dec/2025:10:46:40 +0300] "GET /406362557.phtml HTTP/2" 500 20 "-" "Mozilla/5.0 AppleWebKit/537.36 (KHTML, like Gecko; compatible; GPTBot/1.3; +https://openai.com/gptbot)"
157.55.39.197 - - [11/Dec/2025:10:48:07 +0300] "GET /31268222.phtml HTTP/2" 200 28455 "-" "Mozilla/5.0 AppleWebKit/537.36 (KHTML, like Gecko; compatible; bingbot/2.0; +http://www.bing.com/bingbot.htm) Chrome/116.0.1938.76 Safari/537.36"
157.55.39.197 - - [11/Dec/2025:10:48:08 +0300] "GET /176567222.phtml HTTP/2" 200 25616 "-" "Mozilla/5.0 AppleWebKit/537.36 (KHTML, like Gecko; compatible; bingbot/2.0; +http://www.bing.com/bingbot.htm) Chrome/116.0.1938.76 Safari/537.36"
207.46.13.107 - - [11/Dec/2025:10:48:15 +0300] "GET /638121854.phtml HTTP/2" 200 26620 "-" "Mozilla/5.0 AppleWebKit/537.36 (KHTML, like Gecko; compatible; bingbot/2.0; +http://www.bing.com/bingbot.htm) Chrome/116.0.1938.76 Safari/537.36"
185.191.171.1 - - [11/Dec/2025:10:48:15 +0300] "GET /329695967.phtml HTTP/1.1" 500 20 "-" "Mozilla/5.0 (compatible; SemrushBot/7~bl; +http://www.semrush.com/bot.html)"
207.46.13.107 - - [11/Dec/2025:10:48:15 +0300] "GET /494058473.phtml HTTP/2" 200 27169 "-" "Mozilla/5.0 AppleWebKit/537.36 (KHTML, like Gecko; compatible; bingbot/2.0; +http://www.bing.com/bingbot.htm) Chrome/116.0.1938.76 Safari/537.36"
157.55.39.197 - - [11/Dec/2025:10:48:29 +0300] "GET /350598926.phtml HTTP/2" 200 26751 "-" "Mozilla/5.0 AppleWebKit/537.36 (KHTML, like Gecko; compatible; bingbot/2.0; +http://www.bing.com/bingbot.htm) Chrome/116.0.1938.76 Safari/537.36"
207.46.13.168 - - [11/Dec/2025:10:48:33 +0300] "GET /299672435.phtml HTTP/2" 200 27151 "-" "Mozilla/5.0 AppleWebKit/537.36 (KHTML, like Gecko; compatible; bingbot/2.0; +http://www.bing.com/bingbot.htm) Chrome/116.0.1938.76 Safari/537.36"
207.46.13.107 - - [11/Dec/2025:10:48:37 +0300] "GET /399765197.phtml HTTP/2" 200 26515 "-" "Mozilla/5.0 AppleWebKit/537.36 (KHTML, like Gecko; compatible; bingbot/2.0; +http://www.bing.com/bingbot.htm) Chrome/116.0.1938.76 Safari/537.36"
74.7.243.221 - - [11/Dec/2025:10:48:48 +0300] "GET /393026465.phtml HTTP/2" 500 20 "-" "Mozilla/5.0 AppleWebKit/537.36 (KHTML, like Gecko; compatible; GPTBot/1.3; +https://openai.com/gptbot)"
158.94.210.13 - - [11/Dec/2025:10:40:23 +0300] "GET /wp-includes/Requests/Exception/Transport/index.php HTTP/1.1" 500 20 "-" "Mozilla/5.0 (Linux; Android 7.0; SM-G892A Build/NRD90M; wv) AppleWebKit/537.36 (KHTML, Gecko) Version/4.0 Chrome/60.0.3112.107 Mobile Safari/537.36"
158.94.210.13 - - [11/Dec/2025:10:40:29 +0300] "GET /wp-includes/Requests/Transport/index.php HTTP/1.1" 500 20 "-" "Mozilla/5.0 (Linux; Android 7.0; SM-G892A Build/NRD90M; wv) AppleWebKit/537.36 (KHTML, Gecko) Version/4.0 Chrome/60.0.3112.107 Mobile Safari/537.36"
158.94.210.13 - - [11/Dec/2025:10:40:33 +0300] "GET /wp-includes/SimplePie/index.php HTTP/1.1" 500 20 "-" "Mozilla/5.0 (Linux; Android 7.0; SM-G892A Build/NRD90M; wv) AppleWebKit/537.36 (KHTML, Gecko) Version/4.0 Chrome/60.0.3112.107 Mobile Safari/537.36"
185.191.171.19 - - [11/Dec/2025:10:41:07 +0300] "GET /502629959.phtml HTTP/1.1" 500 20 "-" "Mozilla/5.0 (compatible; SemrushBot/7~bl; +http://www.semrush.com/bot.html)"
207.46.13.107 - - [11/Dec/2025:10:41:40 +0300] "GET /49374926.phtml HTTP/2" 200 26232 "-" "Mozilla/5.0 AppleWebKit/537.36 (KHTML, like Gecko; compatible; bingbot/2.0; +http://www.bing.com/bingbot.htm) Chrome/116.0.1938.76 Safari/537.36"
157.55.39.192 - - [11/Dec/2025:10:44:34 +0300] "GET /575027207.phtml HTTP/2" 200 25640 "-" "Mozilla/5.0 AppleWebKit/537.36 (KHTML, like Gecko; compatible; bingbot/2.0; +http://www.bing.com/bingbot.htm) Chrome/116.0.1938.76 Safari/537.36"
185.191.171.15 - - [11/Dec/2025:10:45:12 +0300] "GET /450080000.phtml HTTP/1.1" 500 20 "-" "Mozilla/5.0 (compatible; SemrushBot/7~bl; +http://www.semrush.com/bot.html)"
85.208.96.197 - - [11/Dec/2025:10:46:13 +0300] "GET /467067509.phtml HTTP/1.1" 500 20 "-" "Mozilla/5.0 (compatible; SemrushBot/7~bl; +http://www.semrush.com/bot.html)"
207.46.13.168 - - [11/Dec/2025:10:46:23 +0300] "GET /181534184.phtml HTTP/2" 200 26184 "-" "Mozilla/5.0 AppleWebKit/537.36 (KHTML, like Gecko; compatible; bingbot/2.0; +http://www.bing.com/bingbot.htm) Chrome/116.0.1938.76 Safari/537.36"
85.208.96.202 - - [11/Dec/2025:10:47:14 +0300] "GET /211686383.phtml HTTP/1.1" 500 20 "-" "Mozilla/5.0 (compatible; SemrushBot/7~bl; +http://www.semrush.com/bot.html)"
207.46.13.168 - - [11/Dec/2025:10:47:32 +0300] "GET /576553655.phtml HTTP/2" 200 26107 "-" "Mozilla/5.0 AppleWebKit/537.36 (KHTML, like Gecko; compatible; bingbot/2.0; +http://www.bing.com/bingbot.htm) Chrome/116.0.1938.76 Safari/537.36"
85.208.96.197 - - [11/Dec/2025:10:49:16 +0300] "GET /220864244.phtml HTTP/1.1" 500 20 "-" "Mozilla/5.0 (compatible; SemrushBot/7~bl; +http://www.semrush.com/bot.html)"
157.55.39.197 - - [11/Dec/2025:10:49:27 +0300] "GET /310567781.phtml HTTP/2" 200 26520 "-" "Mozilla/5.0 AppleWebKit/537.36 (KHTML, like Gecko; compatible; bingbot/2.0; +http://www.bing.com/bingbot.htm) Chrome/116.0.1938.76 Safari/537.36"
185.191.171.16 - - [11/Dec/2025:10:50:18 +0300] "GET /367469318.phtml HTTP/1.1" 500 20 "-" "Mozilla/5.0 (compatible; SemrushBot/7~bl; +http://www.semrush.com/bot.html)"
204.12.252.98 - - [11/Dec/2025:10:50:18 +0300] "GET /wp-includes/im9c5db8/edit.php HTTP/1.1" 500 20 "https://survivorshoes.com/wp-includes/im9c5db8/edit.php" "Mozilla/5.0 (Windows NT 10.0; Win64; x64) AppleWebKit/537.36 (KHTML, like Gecko) Chrome/58.0.3029.110 Safari/537.3"
157.55.39.197 - - [11/Dec/2025:10:50:18 +0300] "GET /126254729.phtml HTTP/2" 200 27241 "-" "Mozilla/5.0 AppleWebKit/537.36 (KHTML, like Gecko; compatible; bingbot/2.0; +http://www.bing.com/bingbot.htm) Chrome/116.0.1938.76 Safari/537.36"
204.12.252.98 - - [11/Dec/2025:10:50:19 +0300] "GET /wp-includes/im9c5db8/edit.php HTTP/1.1" 500 20 "https://survivorshoes.com/wp-includes/im9c5db8/edit.php" "Mozilla/5.0 (Windows NT 10.0; Win64; x64) AppleWebKit/537.36 (KHTML, like Gecko) Chrome/58.0.3029.110 Safari/537.3"
157.55.39.197 - - [11/Dec/2025:10:50:21 +0300] "GET /671435288.phtml HTTP/2" 200 25755 "-" "Mozilla/5.0 AppleWebKit/537.36 (KHTML, like Gecko; compatible; bingbot/2.0; +http://www.bing.com/bingbot.htm) Chrome/116.0.1938.76 Safari/537.36"
