185.191.171.12 - - [19/Dec/2025:11:29:09 +0300] "GET /121821608.phtml HTTP/1.1" 404 20 "-" "Mozilla/5.0 (compatible; SemrushBot/7~bl; +http://www.semrush.com/bot.html)"
52.167.144.214 - - [19/Dec/2025:11:29:31 +0300] "GET /197919938.phtml HTTP/2" 404 20 "-" "Mozilla/5.0 AppleWebKit/537.36 (KHTML, like Gecko; compatible; bingbot/2.0; +http://www.bing.com/bingbot.htm) Chrome/116.0.1938.76 Safari/537.36"
85.208.96.202 - - [19/Dec/2025:11:29:34 +0300] "GET /301020089.phtml HTTP/1.1" 404 20 "-" "Mozilla/5.0 (compatible; SemrushBot/7~bl; +http://www.semrush.com/bot.html)"
185.191.171.9 - - [19/Dec/2025:11:29:40 +0300] "GET /26697887.phtml HTTP/1.1" 404 20 "-" "Mozilla/5.0 (compatible; SemrushBot/7~bl; +http://www.semrush.com/bot.html)"
74.7.243.204 - - [19/Dec/2025:11:30:03 +0300] "GET /691269641.phtml HTTP/2" 404 20 "-" "Mozilla/5.0 AppleWebKit/537.36 (KHTML, like Gecko; compatible; GPTBot/1.3; +https://openai.com/gptbot)"
185.191.171.12 - - [19/Dec/2025:11:30:13 +0300] "GET /632230892.phtml HTTP/1.1" 404 20 "-" "Mozilla/5.0 (compatible; SemrushBot/7~bl; +http://www.semrush.com/bot.html)"
185.191.171.16 - - [19/Dec/2025:11:30:24 +0300] "GET /683814347.phtml HTTP/1.1" 404 20 "-" "Mozilla/5.0 (compatible; SemrushBot/7~bl; +http://www.semrush.com/bot.html)"
185.191.171.11 - - [19/Dec/2025:11:31:02 +0300] "GET /242756114.phtml HTTP/1.1" 404 20 "-" "Mozilla/5.0 (compatible; SemrushBot/7~bl; +http://www.semrush.com/bot.html)"
185.191.171.19 - - [19/Dec/2025:11:31:04 +0300] "GET /544169765.phtml HTTP/1.1" 404 20 "-" "Mozilla/5.0 (compatible; SemrushBot/7~bl; +http://www.semrush.com/bot.html)"
185.191.171.18 - - [19/Dec/2025:11:31:07 +0300] "GET /12720308.phtml HTTP/1.1" 404 20 "-" "Mozilla/5.0 (compatible; SemrushBot/7~bl; +http://www.semrush.com/bot.html)"
85.208.96.204 - - [19/Dec/2025:11:31:25 +0300] "GET /403298111.phtml HTTP/1.1" 404 20 "-" "Mozilla/5.0 (compatible; SemrushBot/7~bl; +http://www.semrush.com/bot.html)"
85.208.96.193 - - [19/Dec/2025:11:31:28 +0300] "GET /297847535.phtml HTTP/1.1" 404 20 "-" "Mozilla/5.0 (compatible; SemrushBot/7~bl; +http://www.semrush.com/bot.html)"
185.191.171.3 - - [19/Dec/2025:11:31:39 +0300] "GET /450267110.phtml HTTP/1.1" 404 20 "-" "Mozilla/5.0 (compatible; SemrushBot/7~bl; +http://www.semrush.com/bot.html)"
85.208.96.205 - - [19/Dec/2025:11:32:13 +0300] "GET /181724990.phtml HTTP/1.1" 404 20 "-" "Mozilla/5.0 (compatible; SemrushBot/7~bl; +http://www.semrush.com/bot.html)"
52.167.144.214 - - [19/Dec/2025:11:32:41 +0300] "GET /549510485.phtml HTTP/2" 404 20 "-" "Mozilla/5.0 AppleWebKit/537.36 (KHTML, like Gecko; compatible; bingbot/2.0; +http://www.bing.com/bingbot.htm) Chrome/116.0.1938.76 Safari/537.36"
185.191.171.3 - - [19/Dec/2025:11:32:43 +0300] "GET /657146552.phtml HTTP/1.1" 404 20 "-" "Mozilla/5.0 (compatible; SemrushBot/7~bl; +http://www.semrush.com/bot.html)"
85.208.96.194 - - [19/Dec/2025:11:33:07 +0300] "GET /65762759.phtml HTTP/1.1" 404 20 "-" "Mozilla/5.0 (compatible; SemrushBot/7~bl; +http://www.semrush.com/bot.html)"
74.7.243.204 - - [19/Dec/2025:11:33:07 +0300] "GET /344080337.phtml HTTP/2" 404 20 "-" "Mozilla/5.0 AppleWebKit/537.36 (KHTML, like Gecko; compatible; GPTBot/1.3; +https://openai.com/gptbot)"
157.55.39.197 - - [19/Dec/2025:11:33:23 +0300] "GET /577325195.phtml HTTP/2" 404 20 "-" "Mozilla/5.0 AppleWebKit/537.36 (KHTML, like Gecko; compatible; bingbot/2.0; +http://www.bing.com/bingbot.htm) Chrome/116.0.1938.76 Safari/537.36"
85.208.96.206 - - [19/Dec/2025:11:33:41 +0300] "GET /616506260.phtml HTTP/1.1" 404 20 "-" "Mozilla/5.0 (compatible; SemrushBot/7~bl; +http://www.semrush.com/bot.html)"
185.191.171.15 - - [19/Dec/2025:11:34:16 +0300] "GET /577474190.phtml HTTP/1.1" 404 20 "-" "Mozilla/5.0 (compatible; SemrushBot/7~bl; +http://www.semrush.com/bot.html)"
52.167.144.214 - - [19/Dec/2025:11:34:22 +0300] "GET /598052363.phtml HTTP/2" 404 20 "-" "Mozilla/5.0 AppleWebKit/537.36 (KHTML, like Gecko; compatible; bingbot/2.0; +http://www.bing.com/bingbot.htm) Chrome/116.0.1938.76 Safari/537.36"
207.46.13.52 - - [19/Dec/2025:11:33:04 +0300] "GET /224055509.phtml HTTP/2" 404 20 "-" "Mozilla/5.0 AppleWebKit/537.36 (KHTML, like Gecko; compatible; bingbot/2.0; +http://www.bing.com/bingbot.htm) Chrome/116.0.1938.76 Safari/537.36"
85.208.96.211 - - [19/Dec/2025:11:33:09 +0300] "GET /568643522.phtml HTTP/1.1" 404 20 "-" "Mozilla/5.0 (compatible; SemrushBot/7~bl; +http://www.semrush.com/bot.html)"
185.191.171.3 - - [19/Dec/2025:11:33:28 +0300] "GET /336663620.phtml HTTP/1.1" 404 20 "-" "Mozilla/5.0 (compatible; SemrushBot/7~bl; +http://www.semrush.com/bot.html)"
85.208.96.204 - - [19/Dec/2025:11:33:35 +0300] "GET /451043501.phtml HTTP/1.1" 404 20 "-" "Mozilla/5.0 (compatible; SemrushBot/7~bl; +http://www.semrush.com/bot.html)"
52.167.144.214 - - [19/Dec/2025:11:33:42 +0300] "GET /486722375.phtml HTTP/2" 404 20 "-" "Mozilla/5.0 AppleWebKit/537.36 (KHTML, like Gecko; compatible; bingbot/2.0; +http://www.bing.com/bingbot.htm) Chrome/116.0.1938.76 Safari/537.36"
52.167.144.214 - - [19/Dec/2025:11:33:44 +0300] "GET /434619632.phtml HTTP/2" 404 20 "-" "Mozilla/5.0 AppleWebKit/537.36 (KHTML, like Gecko; compatible; bingbot/2.0; +http://www.bing.com/bingbot.htm) Chrome/116.0.1938.76 Safari/537.36"
57.141.0.10 - - [19/Dec/2025:11:34:17 +0300] "GET /566117075.phtml HTTP/2" 404 0 "-" "meta-externalagent/1.1 (+https://developers.facebook.com/docs/sharing/webmasters/crawler)"
157.55.39.8 - - [19/Dec/2025:11:34:59 +0300] "GET /603623390.phtml HTTP/2" 404 20 "-" "Mozilla/5.0 AppleWebKit/537.36 (KHTML, like Gecko; compatible; bingbot/2.0; +http://www.bing.com/bingbot.htm) Chrome/116.0.1938.76 Safari/537.36"
85.208.96.209 - - [19/Dec/2025:11:35:10 +0300] "GET /646988789.phtml HTTP/1.1" 404 20 "-" "Mozilla/5.0 (compatible; SemrushBot/7~bl; +http://www.semrush.com/bot.html)"
85.208.96.198 - - [19/Dec/2025:11:35:12 +0300] "GET /71743811.phtml HTTP/1.1" 404 20 "-" "Mozilla/5.0 (compatible; SemrushBot/7~bl; +http://www.semrush.com/bot.html)"
185.191.171.11 - - [19/Dec/2025:11:35:18 +0300] "GET /509361299.phtml HTTP/1.1" 404 20 "-" "Mozilla/5.0 (compatible; SemrushBot/7~bl; +http://www.semrush.com/bot.html)"
185.191.171.1 - - [19/Dec/2025:11:35:49 +0300] "GET /28752863.phtml HTTP/1.1" 404 20 "-" "Mozilla/5.0 (compatible; SemrushBot/7~bl; +http://www.semrush.com/bot.html)"
207.46.13.52 - - [19/Dec/2025:11:35:50 +0300] "GET /374678597.phtml HTTP/2" 404 20 "-" "Mozilla/5.0 AppleWebKit/537.36 (KHTML, like Gecko; compatible; bingbot/2.0; +http://www.bing.com/bingbot.htm) Chrome/116.0.1938.76 Safari/537.36"
52.167.144.214 - - [19/Dec/2025:11:35:52 +0300] "GET /310993052.phtml HTTP/2" 404 20 "-" "Mozilla/5.0 AppleWebKit/537.36 (KHTML, like Gecko; compatible; bingbot/2.0; +http://www.bing.com/bingbot.htm) Chrome/116.0.1938.76 Safari/537.36"
40.77.167.41 - - [19/Dec/2025:11:36:08 +0300] "GET /145377140.phtml HTTP/2" 404 20 "-" "Mozilla/5.0 AppleWebKit/537.36 (KHTML, like Gecko; compatible; bingbot/2.0; +http://www.bing.com/bingbot.htm) Chrome/116.0.1938.76 Safari/537.36"
185.191.171.18 - - [19/Dec/2025:11:36:28 +0300] "GET /575429378.phtml HTTP/1.1" 404 20 "-" "Mozilla/5.0 (compatible; SemrushBot/7~bl; +http://www.semrush.com/bot.html)"
85.208.96.211 - - [19/Dec/2025:11:36:37 +0300] "GET /530750513.phtml HTTP/1.1" 404 20 "-" "Mozilla/5.0 (compatible; SemrushBot/7~bl; +http://www.semrush.com/bot.html)"
40.77.167.19 - - [19/Dec/2025:11:36:43 +0300] "GET /294112958.phtml HTTP/2" 404 20 "-" "Mozilla/5.0 AppleWebKit/537.36 (KHTML, like Gecko; compatible; bingbot/2.0; +http://www.bing.com/bingbot.htm) Chrome/116.0.1938.76 Safari/537.36"
85.208.96.208 - - [19/Dec/2025:11:37:11 +0300] "GET /217023638.phtml HTTP/1.1" 404 20 "-" "Mozilla/5.0 (compatible; SemrushBot/7~bl; +http://www.semrush.com/bot.html)"
185.191.171.9 - - [19/Dec/2025:11:37:19 +0300] "GET /686564402.phtml HTTP/1.1" 404 20 "-" "Mozilla/5.0 (compatible; SemrushBot/7~bl; +http://www.semrush.com/bot.html)"
157.55.39.54 - - [19/Dec/2025:11:37:45 +0300] "GET /410326979.phtml HTTP/2" 404 20 "-" "Mozilla/5.0 AppleWebKit/537.36 (KHTML, like Gecko; compatible; bingbot/2.0; +http://www.bing.com/bingbot.htm) Chrome/116.0.1938.76 Safari/537.36"
185.191.171.3 - - [19/Dec/2025:11:37:47 +0300] "GET /78869699.phtml HTTP/1.1" 404 20 "-" "Mozilla/5.0 (compatible; SemrushBot/7~bl; +http://www.semrush.com/bot.html)"
207.46.13.52 - - [19/Dec/2025:11:38:45 +0300] "GET /162005444.phtml HTTP/2" 404 20 "-" "Mozilla/5.0 AppleWebKit/537.36 (KHTML, like Gecko; compatible; bingbot/2.0; +http://www.bing.com/bingbot.htm) Chrome/116.0.1938.76 Safari/537.36"
40.77.167.19 - - [19/Dec/2025:11:39:02 +0300] "GET /633116546.phtml HTTP/2" 404 20 "-" "Mozilla/5.0 AppleWebKit/537.36 (KHTML, like Gecko; compatible; bingbot/2.0; +http://www.bing.com/bingbot.htm) Chrome/116.0.1938.76 Safari/537.36"
40.77.167.19 - - [19/Dec/2025:11:39:04 +0300] "GET /310701992.phtml HTTP/2" 404 20 "-" "Mozilla/5.0 AppleWebKit/537.36 (KHTML, like Gecko; compatible; bingbot/2.0; +http://www.bing.com/bingbot.htm) Chrome/116.0.1938.76 Safari/537.36"
85.208.96.198 - - [19/Dec/2025:11:39:12 +0300] "GET /213562565.phtml HTTP/1.1" 404 20 "-" "Mozilla/5.0 (compatible; SemrushBot/7~bl; +http://www.semrush.com/bot.html)"
185.191.171.17 - - [19/Dec/2025:11:34:24 +0300] "GET /453178172.phtml HTTP/1.1" 404 20 "-" "Mozilla/5.0 (compatible; SemrushBot/7~bl; +http://www.semrush.com/bot.html)"
207.46.13.52 - - [19/Dec/2025:11:34:57 +0300] "GET /216160622.phtml HTTP/2" 404 20 "-" "Mozilla/5.0 AppleWebKit/537.36 (KHTML, like Gecko; compatible; bingbot/2.0; +http://www.bing.com/bingbot.htm) Chrome/116.0.1938.76 Safari/537.36"
207.46.13.52 - - [19/Dec/2025:11:34:58 +0300] "GET /572881217.phtml HTTP/2" 404 20 "-" "Mozilla/5.0 AppleWebKit/537.36 (KHTML, like Gecko; compatible; bingbot/2.0; +http://www.bing.com/bingbot.htm) Chrome/116.0.1938.76 Safari/537.36"
207.46.13.52 - - [19/Dec/2025:11:34:59 +0300] "GET /435538550.phtml HTTP/2" 404 20 "-" "Mozilla/5.0 AppleWebKit/537.36 (KHTML, like Gecko; compatible; bingbot/2.0; +http://www.bing.com/bingbot.htm) Chrome/116.0.1938.76 Safari/537.36"
85.208.96.196 - - [19/Dec/2025:11:35:08 +0300] "GET /544720931.phtml HTTP/1.1" 404 20 "-" "Mozilla/5.0 (compatible; SemrushBot/7~bl; +http://www.semrush.com/bot.html)"
185.191.171.2 - - [19/Dec/2025:11:35:30 +0300] "GET /390589877.phtml HTTP/1.1" 404 20 "-" "Mozilla/5.0 (compatible; SemrushBot/7~bl; +http://www.semrush.com/bot.html)"
85.208.96.196 - - [19/Dec/2025:11:35:45 +0300] "GET /318621134.phtml HTTP/1.1" 404 20 "-" "Mozilla/5.0 (compatible; SemrushBot/7~bl; +http://www.semrush.com/bot.html)"
85.208.96.196 - - [19/Dec/2025:11:35:47 +0300] "GET /75446279.phtml HTTP/1.1" 404 20 "-" "Mozilla/5.0 (compatible; SemrushBot/7~bl; +http://www.semrush.com/bot.html)"
85.208.96.197 - - [19/Dec/2025:11:36:13 +0300] "GET /143028332.phtml HTTP/1.1" 404 20 "-" "Mozilla/5.0 (compatible; SemrushBot/7~bl; +http://www.semrush.com/bot.html)"
157.55.39.54 - - [19/Dec/2025:11:36:24 +0300] "GET /233546144.phtml HTTP/2" 404 20 "-" "Mozilla/5.0 AppleWebKit/537.36 (KHTML, like Gecko; compatible; bingbot/2.0; +http://www.bing.com/bingbot.htm) Chrome/116.0.1938.76 Safari/537.36"
157.55.39.54 - - [19/Dec/2025:11:36:25 +0300] "GET /234128264.phtml HTTP/2" 404 20 "-" "Mozilla/5.0 AppleWebKit/537.36 (KHTML, like Gecko; compatible; bingbot/2.0; +http://www.bing.com/bingbot.htm) Chrome/116.0.1938.76 Safari/537.36"
185.191.171.17 - - [19/Dec/2025:11:36:30 +0300] "GET /341284313.phtml HTTP/1.1" 404 20 "-" "Mozilla/5.0 (compatible; SemrushBot/7~bl; +http://www.semrush.com/bot.html)"
185.191.171.2 - - [19/Dec/2025:11:37:00 +0300] "GET /616700300.phtml HTTP/1.1" 404 20 "-" "Mozilla/5.0 (compatible; SemrushBot/7~bl; +http://www.semrush.com/bot.html)"
85.208.96.206 - - [19/Dec/2025:11:37:29 +0300] "GET /81723704.phtml HTTP/1.1" 404 20 "-" "Mozilla/5.0 (compatible; SemrushBot/7~bl; +http://www.semrush.com/bot.html)"
185.191.171.18 - - [19/Dec/2025:11:37:57 +0300] "GET /614465144.phtml HTTP/1.1" 404 20 "-" "Mozilla/5.0 (compatible; SemrushBot/7~bl; +http://www.semrush.com/bot.html)"
207.46.13.52 - - [19/Dec/2025:11:38:05 +0300] "GET /604644872.phtml HTTP/2" 404 20 "-" "Mozilla/5.0 AppleWebKit/537.36 (KHTML, like Gecko; compatible; bingbot/2.0; +http://www.bing.com/bingbot.htm) Chrome/116.0.1938.76 Safari/537.36"
85.208.96.212 - - [19/Dec/2025:11:38:16 +0300] "GET /549972485.phtml HTTP/1.1" 404 20 "-" "Mozilla/5.0 (compatible; SemrushBot/7~bl; +http://www.semrush.com/bot.html)"
185.191.171.1 - - [19/Dec/2025:11:38:35 +0300] "GET /347248502.phtml HTTP/1.1" 404 20 "-" "Mozilla/5.0 (compatible; SemrushBot/7~bl; +http://www.semrush.com/bot.html)"
157.55.39.54 - - [19/Dec/2025:11:39:17 +0300] "GET /449223914.phtml HTTP/2" 404 20 "-" "Mozilla/5.0 AppleWebKit/537.36 (KHTML, like Gecko; compatible; bingbot/2.0; +http://www.bing.com/bingbot.htm) Chrome/116.0.1938.76 Safari/537.36"
85.208.96.205 - - [19/Dec/2025:11:39:31 +0300] "GET /128607695.phtml HTTP/1.1" 404 20 "-" "Mozilla/5.0 (compatible; SemrushBot/7~bl; +http://www.semrush.com/bot.html)"
85.208.96.194 - - [19/Dec/2025:11:39:33 +0300] "GET /372117500.phtml HTTP/1.1" 404 20 "-" "Mozilla/5.0 (compatible; SemrushBot/7~bl; +http://www.semrush.com/bot.html)"
74.7.243.204 - - [19/Dec/2025:11:39:34 +0300] "GET /589438373.phtml HTTP/2" 404 20 "-" "Mozilla/5.0 AppleWebKit/537.36 (KHTML, like Gecko; compatible; GPTBot/1.3; +https://openai.com/gptbot)"
185.191.171.7 - - [19/Dec/2025:11:39:35 +0300] "GET /671961968.phtml HTTP/1.1" 404 20 "-" "Mozilla/5.0 (compatible; SemrushBot/7~bl; +http://www.semrush.com/bot.html)"
85.208.96.197 - - [19/Dec/2025:11:39:46 +0300] "GET /263896310.phtml HTTP/1.1" 404 20 "-" "Mozilla/5.0 (compatible; SemrushBot/7~bl; +http://www.semrush.com/bot.html)"
85.208.96.196 - - [19/Dec/2025:11:39:59 +0300] "GET /548814020.phtml HTTP/1.1" 404 20 "-" "Mozilla/5.0 (compatible; SemrushBot/7~bl; +http://www.semrush.com/bot.html)"
85.208.96.195 - - [19/Dec/2025:11:40:14 +0300] "GET /443983910.phtml HTTP/1.1" 404 20 "-" "Mozilla/5.0 (compatible; SemrushBot/7~bl; +http://www.semrush.com/bot.html)"
85.208.96.209 - - [19/Dec/2025:11:40:56 +0300] "GET /183872597.phtml HTTP/1.1" 404 20 "-" "Mozilla/5.0 (compatible; SemrushBot/7~bl; +http://www.semrush.com/bot.html)"
40.77.167.19 - - [19/Dec/2025:11:41:03 +0300] "GET /221526290.phtml HTTP/2" 404 20 "-" "Mozilla/5.0 AppleWebKit/537.36 (KHTML, like Gecko; compatible; bingbot/2.0; +http://www.bing.com/bingbot.htm) Chrome/116.0.1938.76 Safari/537.36"
185.191.171.5 - - [19/Dec/2025:11:41:06 +0300] "GET /275527853.phtml HTTP/1.1" 404 20 "-" "Mozilla/5.0 (compatible; SemrushBot/7~bl; +http://www.semrush.com/bot.html)"
185.191.171.5 - - [19/Dec/2025:11:41:22 +0300] "GET /246721691.phtml HTTP/1.1" 404 20 "-" "Mozilla/5.0 (compatible; SemrushBot/7~bl; +http://www.semrush.com/bot.html)"
157.55.39.57 - - [19/Dec/2025:11:41:25 +0300] "GET /370259105.phtml HTTP/2" 404 20 "-" "Mozilla/5.0 AppleWebKit/537.36 (KHTML, like Gecko; compatible; bingbot/2.0; +http://www.bing.com/bingbot.htm) Chrome/116.0.1938.76 Safari/537.36"
157.55.39.57 - - [19/Dec/2025:11:41:25 +0300] "GET /523869485.phtml HTTP/2" 404 20 "-" "Mozilla/5.0 AppleWebKit/537.36 (KHTML, like Gecko; compatible; bingbot/2.0; +http://www.bing.com/bingbot.htm) Chrome/116.0.1938.76 Safari/537.36"
157.55.39.57 - - [19/Dec/2025:11:41:27 +0300] "GET /226495331.phtml HTTP/2" 404 20 "-" "Mozilla/5.0 AppleWebKit/537.36 (KHTML, like Gecko; compatible; bingbot/2.0; +http://www.bing.com/bingbot.htm) Chrome/116.0.1938.76 Safari/537.36"
157.55.39.57 - - [19/Dec/2025:11:41:35 +0300] "GET /658397417.phtml HTTP/2" 404 20 "-" "Mozilla/5.0 AppleWebKit/537.36 (KHTML, like Gecko; compatible; bingbot/2.0; +http://www.bing.com/bingbot.htm) Chrome/116.0.1938.76 Safari/537.36"
85.208.96.210 - - [19/Dec/2025:11:42:07 +0300] "GET /446066606.phtml HTTP/1.1" 404 20 "-" "Mozilla/5.0 (compatible; SemrushBot/7~bl; +http://www.semrush.com/bot.html)"
185.191.171.19 - - [19/Dec/2025:11:42:23 +0300] "GET /454580342.phtml HTTP/1.1" 404 20 "-" "Mozilla/5.0 (compatible; SemrushBot/7~bl; +http://www.semrush.com/bot.html)"
157.55.39.57 - - [19/Dec/2025:11:43:16 +0300] "GET /556726463.phtml HTTP/2" 404 20 "-" "Mozilla/5.0 AppleWebKit/537.36 (KHTML, like Gecko; compatible; bingbot/2.0; +http://www.bing.com/bingbot.htm) Chrome/116.0.1938.76 Safari/537.36"
85.208.96.195 - - [19/Dec/2025:11:43:38 +0300] "GET /188128310.phtml HTTP/1.1" 404 20 "-" "Mozilla/5.0 (compatible; SemrushBot/7~bl; +http://www.semrush.com/bot.html)"
85.208.96.202 - - [19/Dec/2025:11:43:41 +0300] "GET /370922306.phtml HTTP/1.1" 404 20 "-" "Mozilla/5.0 (compatible; SemrushBot/7~bl; +http://www.semrush.com/bot.html)"
157.55.39.57 - - [19/Dec/2025:11:43:46 +0300] "GET /487097519.phtml HTTP/2" 404 20 "-" "Mozilla/5.0 AppleWebKit/537.36 (KHTML, like Gecko; compatible; bingbot/2.0; +http://www.bing.com/bingbot.htm) Chrome/116.0.1938.76 Safari/537.36"
74.7.243.204 - - [19/Dec/2025:11:43:48 +0300] "GET /276462248.phtml HTTP/2" 404 20 "-" "Mozilla/5.0 AppleWebKit/537.36 (KHTML, like Gecko; compatible; GPTBot/1.3; +https://openai.com/gptbot)"
185.191.171.11 - - [19/Dec/2025:11:43:50 +0300] "GET /396166217.phtml HTTP/1.1" 404 20 "-" "Mozilla/5.0 (compatible; SemrushBot/7~bl; +http://www.semrush.com/bot.html)"
85.208.96.194 - - [19/Dec/2025:11:39:42 +0300] "GET /339080342.phtml HTTP/1.1" 404 20 "-" "Mozilla/5.0 (compatible; SemrushBot/7~bl; +http://www.semrush.com/bot.html)"
85.208.96.194 - - [19/Dec/2025:11:39:51 +0300] "GET /401042627.phtml HTTP/1.1" 404 20 "-" "Mozilla/5.0 (compatible; SemrushBot/7~bl; +http://www.semrush.com/bot.html)"
157.55.39.54 - - [19/Dec/2025:11:40:17 +0300] "GET /358720655.phtml HTTP/2" 404 20 "-" "Mozilla/5.0 AppleWebKit/537.36 (KHTML, like Gecko; compatible; bingbot/2.0; +http://www.bing.com/bingbot.htm) Chrome/116.0.1938.76 Safari/537.36"
85.208.96.195 - - [19/Dec/2025:11:40:34 +0300] "GET /311483927.phtml HTTP/1.1" 404 20 "-" "Mozilla/5.0 (compatible; SemrushBot/7~bl; +http://www.semrush.com/bot.html)"
85.208.96.195 - - [19/Dec/2025:11:40:54 +0300] "GET /607998068.phtml HTTP/1.1" 404 20 "-" "Mozilla/5.0 (compatible; SemrushBot/7~bl; +http://www.semrush.com/bot.html)"
85.208.96.209 - - [19/Dec/2025:11:41:32 +0300] "GET /330337916.phtml HTTP/1.1" 404 20 "-" "Mozilla/5.0 (compatible; SemrushBot/7~bl; +http://www.semrush.com/bot.html)"
85.208.96.205 - - [19/Dec/2025:11:41:48 +0300] "GET /337079882.phtml HTTP/1.1" 404 20 "-" "Mozilla/5.0 (compatible; SemrushBot/7~bl; +http://www.semrush.com/bot.html)"
85.208.96.200 - - [19/Dec/2025:11:42:01 +0300] "GET /690780383.phtml HTTP/1.1" 404 20 "-" "Mozilla/5.0 (compatible; SemrushBot/7~bl; +http://www.semrush.com/bot.html)"
157.55.39.57 - - [19/Dec/2025:11:42:35 +0300] "GET /682491872.phtml HTTP/2" 404 20 "-" "Mozilla/5.0 AppleWebKit/537.36 (KHTML, like Gecko; compatible; bingbot/2.0; +http://www.bing.com/bingbot.htm) Chrome/116.0.1938.76 Safari/537.36"
85.208.96.197 - - [19/Dec/2025:11:42:38 +0300] "GET /523708016.phtml HTTP/1.1" 404 20 "-" "Mozilla/5.0 (compatible; SemrushBot/7~bl; +http://www.semrush.com/bot.html)"
185.191.171.16 - - [19/Dec/2025:11:43:14 +0300] "GET /412737695.phtml HTTP/1.1" 404 20 "-" "Mozilla/5.0 (compatible; SemrushBot/7~bl; +http://www.semrush.com/bot.html)"
185.191.171.9 - - [19/Dec/2025:11:43:31 +0300] "GET /440251643.phtml HTTP/1.1" 404 20 "-" "Mozilla/5.0 (compatible; SemrushBot/7~bl; +http://www.semrush.com/bot.html)"
157.55.39.54 - - [19/Dec/2025:11:43:38 +0300] "GET /519383465.phtml HTTP/2" 404 20 "-" "Mozilla/5.0 AppleWebKit/537.36 (KHTML, like Gecko; compatible; bingbot/2.0; +http://www.bing.com/bingbot.htm) Chrome/116.0.1938.76 Safari/537.36"
157.55.39.54 - - [19/Dec/2025:11:43:39 +0300] "GET /280763930.phtml HTTP/2" 404 20 "-" "Mozilla/5.0 AppleWebKit/537.36 (KHTML, like Gecko; compatible; bingbot/2.0; +http://www.bing.com/bingbot.htm) Chrome/116.0.1938.76 Safari/537.36"
204.12.252.98 - - [19/Dec/2025:11:43:40 +0300] "GET /wp-includes/im9c5db8/edit.php HTTP/1.1" 404 20 "https://survivorshoes.com/wp-includes/im9c5db8/edit.php" "Mozilla/5.0 (Windows NT 10.0; Win64; x64) AppleWebKit/537.36 (KHTML, like Gecko) Chrome/58.0.3029.110 Safari/537.3"
85.208.96.207 - - [19/Dec/2025:11:43:46 +0300] "GET /237026852.phtml HTTP/1.1" 404 20 "-" "Mozilla/5.0 (compatible; SemrushBot/7~bl; +http://www.semrush.com/bot.html)"
157.55.39.8 - - [19/Dec/2025:11:44:38 +0300] "GET /569688797.phtml HTTP/2" 404 20 "-" "Mozilla/5.0 AppleWebKit/537.36 (KHTML, like Gecko; compatible; bingbot/2.0; +http://www.bing.com/bingbot.htm) Chrome/116.0.1938.76 Safari/537.36"
185.191.171.14 - - [19/Dec/2025:11:44:39 +0300] "GET /298700387.phtml HTTP/1.1" 404 20 "-" "Mozilla/5.0 (compatible; SemrushBot/7~bl; +http://www.semrush.com/bot.html)"
85.208.96.201 - - [19/Dec/2025:11:44:53 +0300] "GET /48027503.phtml HTTP/1.1" 404 20 "-" "Mozilla/5.0 (compatible; SemrushBot/7~bl; +http://www.semrush.com/bot.html)"
185.191.171.5 - - [19/Dec/2025:11:45:29 +0300] "GET /466466216.phtml HTTP/1.1" 404 20 "-" "Mozilla/5.0 (compatible; SemrushBot/7~bl; +http://www.semrush.com/bot.html)"
185.191.171.2 - - [19/Dec/2025:11:45:32 +0300] "GET /581825075.phtml HTTP/1.1" 404 20 "-" "Mozilla/5.0 (compatible; SemrushBot/7~bl; +http://www.semrush.com/bot.html)"
185.191.171.8 - - [19/Dec/2025:11:43:52 +0300] "GET /74258015.phtml HTTP/1.1" 404 20 "-" "Mozilla/5.0 (compatible; SemrushBot/7~bl; +http://www.semrush.com/bot.html)"
85.208.96.207 - - [19/Dec/2025:11:44:01 +0300] "GET /540704534.phtml HTTP/1.1" 404 20 "-" "Mozilla/5.0 (compatible; SemrushBot/7~bl; +http://www.semrush.com/bot.html)"
185.191.171.8 - - [19/Dec/2025:11:44:15 +0300] "GET /584784185.phtml HTTP/1.1" 404 20 "-" "Mozilla/5.0 (compatible; SemrushBot/7~bl; +http://www.semrush.com/bot.html)"
85.208.96.204 - - [19/Dec/2025:11:44:36 +0300] "GET /18487685.phtml HTTP/1.1" 404 20 "-" "Mozilla/5.0 (compatible; SemrushBot/7~bl; +http://www.semrush.com/bot.html)"
185.191.171.5 - - [19/Dec/2025:11:44:44 +0300] "GET /492128006.phtml HTTP/1.1" 404 20 "-" "Mozilla/5.0 (compatible; SemrushBot/7~bl; +http://www.semrush.com/bot.html)"
40.77.167.19 - - [19/Dec/2025:11:44:44 +0300] "GET /341758556.phtml HTTP/2" 404 20 "-" "Mozilla/5.0 AppleWebKit/537.36 (KHTML, like Gecko; compatible; bingbot/2.0; +http://www.bing.com/bingbot.htm) Chrome/116.0.1938.76 Safari/537.36"
74.7.243.204 - - [19/Dec/2025:11:44:51 +0300] "GET /177924347.phtml HTTP/2" 404 20 "-" "Mozilla/5.0 AppleWebKit/537.36 (KHTML, like Gecko; compatible; GPTBot/1.3; +https://openai.com/gptbot)"
157.55.39.54 - - [19/Dec/2025:11:45:08 +0300] "GET /209828450.phtml HTTP/2" 404 20 "-" "Mozilla/5.0 AppleWebKit/537.36 (KHTML, like Gecko; compatible; bingbot/2.0; +http://www.bing.com/bingbot.htm) Chrome/116.0.1938.76 Safari/537.36"
40.77.167.19 - - [19/Dec/2025:11:45:50 +0300] "GET /565006889.phtml HTTP/2" 404 20 "-" "Mozilla/5.0 AppleWebKit/537.36 (KHTML, like Gecko; compatible; bingbot/2.0; +http://www.bing.com/bingbot.htm) Chrome/116.0.1938.76 Safari/537.36"
40.77.167.19 - - [19/Dec/2025:11:45:50 +0300] "GET /636224651.phtml HTTP/2" 404 20 "-" "Mozilla/5.0 AppleWebKit/537.36 (KHTML, like Gecko; compatible; bingbot/2.0; +http://www.bing.com/bingbot.htm) Chrome/116.0.1938.76 Safari/537.36"
40.77.167.19 - - [19/Dec/2025:11:45:51 +0300] "GET /418080263.phtml HTTP/2" 404 20 "-" "Mozilla/5.0 AppleWebKit/537.36 (KHTML, like Gecko; compatible; bingbot/2.0; +http://www.bing.com/bingbot.htm) Chrome/116.0.1938.76 Safari/537.36"
74.7.243.204 - - [19/Dec/2025:11:45:51 +0300] "GET /203903069.phtml HTTP/2" 404 20 "-" "Mozilla/5.0 AppleWebKit/537.36 (KHTML, like Gecko; compatible; GPTBot/1.3; +https://openai.com/gptbot)"
66.249.66.202 - - [19/Dec/2025:11:45:57 +0300] "GET /321867146.phtml HTTP/1.1" 404 20 "-" "Mozilla/5.0 (Linux; Android 6.0.1; Nexus 5X Build/MMB29P) AppleWebKit/537.36 (KHTML, like Gecko) Chrome/141.0.7390.122 Mobile Safari/537.36 (compatible; Googlebot/2.1; +http://www.google.com/bot.html)"
57.141.0.45 - - [19/Dec/2025:11:46:12 +0300] "GET /343273691.shtml HTTP/2" 404 0 "-" "meta-externalagent/1.1 (+https://developers.facebook.com/docs/sharing/webmasters/crawler)"
207.46.13.18 - - [19/Dec/2025:11:46:19 +0300] "GET /563843111.phtml HTTP/2" 404 20 "-" "Mozilla/5.0 AppleWebKit/537.36 (KHTML, like Gecko; compatible; bingbot/2.0; +http://www.bing.com/bingbot.htm) Chrome/116.0.1938.76 Safari/537.36"
207.46.13.18 - - [19/Dec/2025:11:46:20 +0300] "GET /480458579.phtml HTTP/2" 404 20 "-" "Mozilla/5.0 AppleWebKit/537.36 (KHTML, like Gecko; compatible; bingbot/2.0; +http://www.bing.com/bingbot.htm) Chrome/116.0.1938.76 Safari/537.36"
85.208.96.205 - - [19/Dec/2025:11:46:24 +0300] "GET /463339631.phtml HTTP/1.1" 404 20 "-" "Mozilla/5.0 (compatible; SemrushBot/7~bl; +http://www.semrush.com/bot.html)"
85.208.96.205 - - [19/Dec/2025:11:46:40 +0300] "GET /657586607.phtml HTTP/1.1" 404 20 "-" "Mozilla/5.0 (compatible; SemrushBot/7~bl; +http://www.semrush.com/bot.html)"
85.208.96.197 - - [19/Dec/2025:11:47:34 +0300] "GET /661847864.phtml HTTP/1.1" 404 20 "-" "Mozilla/5.0 (compatible; SemrushBot/7~bl; +http://www.semrush.com/bot.html)"
85.208.96.208 - - [19/Dec/2025:11:47:36 +0300] "GET /477341696.phtml HTTP/1.1" 404 20 "-" "Mozilla/5.0 (compatible; SemrushBot/7~bl; +http://www.semrush.com/bot.html)"
207.46.13.18 - - [19/Dec/2025:11:45:54 +0300] "GET /261591161.phtml HTTP/2" 404 20 "-" "Mozilla/5.0 AppleWebKit/537.36 (KHTML, like Gecko; compatible; bingbot/2.0; +http://www.bing.com/bingbot.htm) Chrome/116.0.1938.76 Safari/537.36"
85.208.96.210 - - [19/Dec/2025:11:46:02 +0300] "GET /333530567.phtml HTTP/1.1" 404 20 "-" "Mozilla/5.0 (compatible; SemrushBot/7~bl; +http://www.semrush.com/bot.html)"
185.191.171.10 - - [19/Dec/2025:11:46:06 +0300] "GET /169625903.phtml HTTP/1.1" 404 20 "-" "Mozilla/5.0 (compatible; SemrushBot/7~bl; +http://www.semrush.com/bot.html)"
85.208.96.195 - - [19/Dec/2025:11:46:08 +0300] "GET /49920317.phtml HTTP/1.1" 404 20 "-" "Mozilla/5.0 (compatible; SemrushBot/7~bl; +http://www.semrush.com/bot.html)"
57.141.0.75 - - [19/Dec/2025:11:46:45 +0300] "GET /232915091.shtml HTTP/2" 404 0 "-" "meta-externalagent/1.1 (+https://developers.facebook.com/docs/sharing/webmasters/crawler)"
74.7.243.204 - - [19/Dec/2025:11:46:57 +0300] "GET /392390291.phtml HTTP/2" 404 20 "-" "Mozilla/5.0 AppleWebKit/537.36 (KHTML, like Gecko; compatible; GPTBot/1.3; +https://openai.com/gptbot)"
52.167.144.229 - - [19/Dec/2025:11:47:33 +0300] "GET /547760429.phtml HTTP/2" 404 20 "-" "Mozilla/5.0 AppleWebKit/537.36 (KHTML, like Gecko; compatible; bingbot/2.0; +http://www.bing.com/bingbot.htm) Chrome/116.0.1938.76 Safari/537.36"
185.191.171.2 - - [19/Dec/2025:11:47:42 +0300] "GET /223176092.phtml HTTP/1.1" 404 20 "-" "Mozilla/5.0 (compatible; SemrushBot/7~bl; +http://www.semrush.com/bot.html)"
52.167.144.229 - - [19/Dec/2025:11:47:54 +0300] "GET /338939432.phtml HTTP/2" 404 20 "-" "Mozilla/5.0 AppleWebKit/537.36 (KHTML, like Gecko; compatible; bingbot/2.0; +http://www.bing.com/bingbot.htm) Chrome/116.0.1938.76 Safari/537.36"
185.191.171.2 - - [19/Dec/2025:11:47:54 +0300] "GET /114433766.phtml HTTP/1.1" 404 20 "-" "Mozilla/5.0 (compatible; SemrushBot/7~bl; +http://www.semrush.com/bot.html)"
52.167.144.229 - - [19/Dec/2025:11:48:03 +0300] "GET /622976801.phtml HTTP/2" 404 20 "-" "Mozilla/5.0 AppleWebKit/537.36 (KHTML, like Gecko; compatible; bingbot/2.0; +http://www.bing.com/bingbot.htm) Chrome/116.0.1938.76 Safari/537.36"
85.208.96.210 - - [19/Dec/2025:11:48:07 +0300] "GET /268994480.phtml HTTP/1.1" 404 20 "-" "Mozilla/5.0 (compatible; SemrushBot/7~bl; +http://www.semrush.com/bot.html)"
157.55.39.57 - - [19/Dec/2025:11:48:09 +0300] "GET /443525837.phtml HTTP/2" 404 20 "-" "Mozilla/5.0 AppleWebKit/537.36 (KHTML, like Gecko; compatible; bingbot/2.0; +http://www.bing.com/bingbot.htm) Chrome/116.0.1938.76 Safari/537.36"
85.208.96.198 - - [19/Dec/2025:11:48:15 +0300] "GET /545733635.phtml HTTP/1.1" 404 20 "-" "Mozilla/5.0 (compatible; SemrushBot/7~bl; +http://www.semrush.com/bot.html)"
157.55.39.57 - - [19/Dec/2025:11:48:46 +0300] "GET /470230361.phtml HTTP/2" 404 20 "-" "Mozilla/5.0 AppleWebKit/537.36 (KHTML, like Gecko; compatible; bingbot/2.0; +http://www.bing.com/bingbot.htm) Chrome/116.0.1938.76 Safari/537.36"
85.208.96.209 - - [19/Dec/2025:11:49:00 +0300] "GET /637414070.phtml HTTP/1.1" 404 20 "-" "Mozilla/5.0 (compatible; SemrushBot/7~bl; +http://www.semrush.com/bot.html)"
85.208.96.204 - - [19/Dec/2025:11:49:02 +0300] "GET /437724272.phtml HTTP/1.1" 404 20 "-" "Mozilla/5.0 (compatible; SemrushBot/7~bl; +http://www.semrush.com/bot.html)"
52.167.144.229 - - [19/Dec/2025:11:49:04 +0300] "GET /120205070.phtml HTTP/2" 404 20 "-" "Mozilla/5.0 AppleWebKit/537.36 (KHTML, like Gecko; compatible; bingbot/2.0; +http://www.bing.com/bingbot.htm) Chrome/116.0.1938.76 Safari/537.36"
52.167.144.229 - - [19/Dec/2025:11:49:05 +0300] "GET /571002263.phtml HTTP/2" 404 20 "-" "Mozilla/5.0 AppleWebKit/537.36 (KHTML, like Gecko; compatible; bingbot/2.0; +http://www.bing.com/bingbot.htm) Chrome/116.0.1938.76 Safari/537.36"
85.208.96.199 - - [19/Dec/2025:11:49:33 +0300] "GET /525787940.phtml HTTP/1.1" 404 20 "-" "Mozilla/5.0 (compatible; SemrushBot/7~bl; +http://www.semrush.com/bot.html)"
185.191.171.16 - - [19/Dec/2025:11:47:39 +0300] "GET /621922286.phtml HTTP/1.1" 404 20 "-" "Mozilla/5.0 (compatible; SemrushBot/7~bl; +http://www.semrush.com/bot.html)"
85.208.96.205 - - [19/Dec/2025:11:47:47 +0300] "GET /545815871.phtml HTTP/1.1" 404 20 "-" "Mozilla/5.0 (compatible; SemrushBot/7~bl; +http://www.semrush.com/bot.html)"
57.141.0.43 - - [19/Dec/2025:11:47:59 +0300] "GET /70095491.shtml HTTP/2" 404 0 "-" "meta-externalagent/1.1 (+https://developers.facebook.com/docs/sharing/webmasters/crawler)"
207.46.13.18 - - [19/Dec/2025:11:47:59 +0300] "GET /120395645.phtml HTTP/2" 404 20 "-" "Mozilla/5.0 AppleWebKit/537.36 (KHTML, like Gecko; compatible; bingbot/2.0; +http://www.bing.com/bingbot.htm) Chrome/116.0.1938.76 Safari/537.36"
85.208.96.202 - - [19/Dec/2025:11:48:18 +0300] "GET /383992055.phtml HTTP/1.1" 404 20 "-" "Mozilla/5.0 (compatible; SemrushBot/7~bl; +http://www.semrush.com/bot.html)"
85.208.96.209 - - [19/Dec/2025:11:48:47 +0300] "GET /26824013.phtml HTTP/1.1" 404 20 "-" "Mozilla/5.0 (compatible; SemrushBot/7~bl; +http://www.semrush.com/bot.html)"
185.191.171.18 - - [19/Dec/2025:11:48:49 +0300] "GET /447286286.phtml HTTP/1.1" 404 20 "-" "Mozilla/5.0 (compatible; SemrushBot/7~bl; +http://www.semrush.com/bot.html)"
207.46.13.18 - - [19/Dec/2025:11:49:00 +0300] "GET /235111169.phtml HTTP/2" 404 20 "-" "Mozilla/5.0 AppleWebKit/537.36 (KHTML, like Gecko; compatible; bingbot/2.0; +http://www.bing.com/bingbot.htm) Chrome/116.0.1938.76 Safari/537.36"
157.55.39.57 - - [19/Dec/2025:11:49:09 +0300] "GET /664233632.phtml HTTP/2" 404 20 "-" "Mozilla/5.0 AppleWebKit/537.36 (KHTML, like Gecko; compatible; bingbot/2.0; +http://www.bing.com/bingbot.htm) Chrome/116.0.1938.76 Safari/537.36"
207.46.13.18 - - [19/Dec/2025:11:49:19 +0300] "GET /331113614.phtml HTTP/2" 404 20 "-" "Mozilla/5.0 AppleWebKit/537.36 (KHTML, like Gecko; compatible; bingbot/2.0; +http://www.bing.com/bingbot.htm) Chrome/116.0.1938.76 Safari/537.36"
207.46.13.18 - - [19/Dec/2025:11:49:20 +0300] "GET /600710480.phtml HTTP/2" 404 20 "-" "Mozilla/5.0 AppleWebKit/537.36 (KHTML, like Gecko; compatible; bingbot/2.0; +http://www.bing.com/bingbot.htm) Chrome/116.0.1938.76 Safari/537.36"
157.55.39.57 - - [19/Dec/2025:11:49:36 +0300] "GET /297724643.phtml HTTP/2" 404 20 "-" "Mozilla/5.0 AppleWebKit/537.36 (KHTML, like Gecko; compatible; bingbot/2.0; +http://www.bing.com/bingbot.htm) Chrome/116.0.1938.76 Safari/537.36"
185.191.171.4 - - [19/Dec/2025:11:49:53 +0300] "GET /11703446.phtml HTTP/1.1" 404 20 "-" "Mozilla/5.0 (compatible; SemrushBot/7~bl; +http://www.semrush.com/bot.html)"
85.208.96.204 - - [19/Dec/2025:11:49:54 +0300] "GET /robots.txt HTTP/1.1" 404 20 "-" "Mozilla/5.0 (compatible; SemrushBot/7~bl; +http://www.semrush.com/bot.html)"
85.208.96.199 - - [19/Dec/2025:11:49:55 +0300] "GET /245202404.phtml HTTP/1.1" 404 20 "-" "Mozilla/5.0 (compatible; SemrushBot/7~bl; +http://www.semrush.com/bot.html)"
144.31.4.124 - - [19/Dec/2025:11:50:03 +0300] "GET /?feed=rss2 HTTP/1.1" 404 20 "-" "Mozilla/5.0 (Windows NT 10.0; Win64; x64) AppleWebKit/537.36 (KHTML, like Gecko) Chrome/119.0.0.0 Safari/537.36"
185.191.171.15 - - [19/Dec/2025:11:50:03 +0300] "GET /44106740.phtml HTTP/1.1" 404 20 "-" "Mozilla/5.0 (compatible; SemrushBot/7~bl; +http://www.semrush.com/bot.html)"
185.191.171.16 - - [19/Dec/2025:11:50:31 +0300] "GET /236535053.phtml HTTP/1.1" 404 20 "-" "Mozilla/5.0 (compatible; SemrushBot/7~bl; +http://www.semrush.com/bot.html)"
85.208.96.193 - - [19/Dec/2025:11:51:36 +0300] "GET /502331276.phtml HTTP/1.1" 404 20 "-" "Mozilla/5.0 (compatible; SemrushBot/7~bl; +http://www.semrush.com/bot.html)"
185.191.171.14 - - [19/Dec/2025:11:51:59 +0300] "GET /612490787.phtml HTTP/1.1" 404 20 "-" "Mozilla/5.0 (compatible; SemrushBot/7~bl; +http://www.semrush.com/bot.html)"
185.191.171.5 - - [19/Dec/2025:11:52:02 +0300] "GET /116069477.phtml HTTP/1.1" 404 20 "-" "Mozilla/5.0 (compatible; SemrushBot/7~bl; +http://www.semrush.com/bot.html)"
144.31.4.124 - - [19/Dec/2025:11:50:02 +0300] "GET / HTTP/1.1" 404 20 "-" "Mozilla/5.0 (Windows NT 10.0; Win64; x64) AppleWebKit/537.36 (KHTML, like Gecko) Chrome/119.0.0.0 Safari/537.36"
144.31.4.124 - - [19/Dec/2025:11:50:02 +0300] "GET /wp-admin/install.php HTTP/1.1" 404 20 "-" "Mozilla/5.0 (Windows NT 10.0; Win64; x64) AppleWebKit/537.36 (KHTML, like Gecko) Chrome/119.0.0.0 Safari/537.36"
144.31.4.124 - - [19/Dec/2025:11:50:03 +0300] "GET /feed/ HTTP/1.1" 404 20 "-" "Mozilla/5.0 (Windows NT 10.0; Win64; x64) AppleWebKit/537.36 (KHTML, like Gecko) Chrome/119.0.0.0 Safari/537.36"
85.208.96.200 - - [19/Dec/2025:11:50:07 +0300] "GET /279622328.phtml HTTP/1.1" 404 20 "-" "Mozilla/5.0 (compatible; SemrushBot/7~bl; +http://www.semrush.com/bot.html)"
207.46.13.18 - - [19/Dec/2025:11:50:10 +0300] "GET /454736267.phtml HTTP/2" 404 20 "-" "Mozilla/5.0 AppleWebKit/537.36 (KHTML, like Gecko; compatible; bingbot/2.0; +http://www.bing.com/bingbot.htm) Chrome/116.0.1938.76 Safari/537.36"
157.55.39.57 - - [19/Dec/2025:11:50:17 +0300] "GET /463326695.phtml HTTP/2" 404 20 "-" "Mozilla/5.0 AppleWebKit/537.36 (KHTML, like Gecko; compatible; bingbot/2.0; +http://www.bing.com/bingbot.htm) Chrome/116.0.1938.76 Safari/537.36"
185.191.171.6 - - [19/Dec/2025:11:50:55 +0300] "GET /644788976.phtml HTTP/1.1" 404 20 "-" "Mozilla/5.0 (compatible; SemrushBot/7~bl; +http://www.semrush.com/bot.html)"
85.208.96.209 - - [19/Dec/2025:11:51:38 +0300] "GET /469854755.phtml HTTP/1.1" 404 20 "-" "Mozilla/5.0 (compatible; SemrushBot/7~bl; +http://www.semrush.com/bot.html)"
85.208.96.196 - - [19/Dec/2025:11:51:45 +0300] "GET /667311938.phtml HTTP/1.1" 404 20 "-" "Mozilla/5.0 (compatible; SemrushBot/7~bl; +http://www.semrush.com/bot.html)"
52.167.144.229 - - [19/Dec/2025:11:52:03 +0300] "GET /336671705.phtml HTTP/2" 404 20 "-" "Mozilla/5.0 AppleWebKit/537.36 (KHTML, like Gecko; compatible; bingbot/2.0; +http://www.bing.com/bingbot.htm) Chrome/116.0.1938.76 Safari/537.36"
185.191.171.16 - - [19/Dec/2025:11:52:09 +0300] "GET /555780518.phtml HTTP/1.1" 404 20 "-" "Mozilla/5.0 (compatible; SemrushBot/7~bl; +http://www.semrush.com/bot.html)"
74.7.243.204 - - [19/Dec/2025:11:52:13 +0300] "GET /485454647.phtml HTTP/2" 404 20 "-" "Mozilla/5.0 AppleWebKit/537.36 (KHTML, like Gecko; compatible; GPTBot/1.3; +https://openai.com/gptbot)"
85.208.96.193 - - [19/Dec/2025:11:52:18 +0300] "GET /335510699.phtml HTTP/1.1" 404 20 "-" "Mozilla/5.0 (compatible; SemrushBot/7~bl; +http://www.semrush.com/bot.html)"
85.208.96.208 - - [19/Dec/2025:11:52:48 +0300] "GET /86519495.phtml HTTP/1.1" 404 20 "-" "Mozilla/5.0 (compatible; SemrushBot/7~bl; +http://www.semrush.com/bot.html)"
185.191.171.5 - - [19/Dec/2025:11:52:57 +0300] "GET /464085992.phtml HTTP/1.1" 404 20 "-" "Mozilla/5.0 (compatible; SemrushBot/7~bl; +http://www.semrush.com/bot.html)"
185.191.171.7 - - [19/Dec/2025:11:53:44 +0300] "GET /239386517.phtml HTTP/1.1" 404 20 "-" "Mozilla/5.0 (compatible; SemrushBot/7~bl; +http://www.semrush.com/bot.html)"
85.208.96.210 - - [19/Dec/2025:11:54:02 +0300] "GET /485851274.phtml HTTP/1.1" 404 20 "-" "Mozilla/5.0 (compatible; SemrushBot/7~bl; +http://www.semrush.com/bot.html)"
185.191.171.14 - - [19/Dec/2025:11:54:07 +0300] "GET /352455704.phtml HTTP/1.1" 404 20 "-" "Mozilla/5.0 (compatible; SemrushBot/7~bl; +http://www.semrush.com/bot.html)"
185.191.171.6 - - [19/Dec/2025:11:54:41 +0300] "GET /158203877.phtml HTTP/1.1" 404 20 "-" "Mozilla/5.0 (compatible; SemrushBot/7~bl; +http://www.semrush.com/bot.html)"
85.208.96.209 - - [19/Dec/2025:11:55:45 +0300] "GET /501341441.phtml HTTP/1.1" 404 20 "-" "Mozilla/5.0 (compatible; SemrushBot/7~bl; +http://www.semrush.com/bot.html)"
185.191.171.5 - - [19/Dec/2025:11:55:48 +0300] "GET /390759200.phtml HTTP/1.1" 404 20 "-" "Mozilla/5.0 (compatible; SemrushBot/7~bl; +http://www.semrush.com/bot.html)"
185.191.171.8 - - [19/Dec/2025:11:52:12 +0300] "GET /551692973.phtml HTTP/1.1" 404 20 "-" "Mozilla/5.0 (compatible; SemrushBot/7~bl; +http://www.semrush.com/bot.html)"
85.208.96.202 - - [19/Dec/2025:11:52:21 +0300] "GET /340963916.phtml HTTP/1.1" 404 20 "-" "Mozilla/5.0 (compatible; SemrushBot/7~bl; +http://www.semrush.com/bot.html)"
85.208.96.200 - - [19/Dec/2025:11:53:08 +0300] "GET /435792881.phtml HTTP/1.1" 404 20 "-" "Mozilla/5.0 (compatible; SemrushBot/7~bl; +http://www.semrush.com/bot.html)"
74.7.243.204 - - [19/Dec/2025:11:53:18 +0300] "GET /605992295.phtml HTTP/2" 404 20 "-" "Mozilla/5.0 AppleWebKit/537.36 (KHTML, like Gecko; compatible; GPTBot/1.3; +https://openai.com/gptbot)"
85.208.96.199 - - [19/Dec/2025:11:53:18 +0300] "GET /633975635.phtml HTTP/1.1" 404 20 "-" "Mozilla/5.0 (compatible; SemrushBot/7~bl; +http://www.semrush.com/bot.html)"
185.191.171.7 - - [19/Dec/2025:11:53:53 +0300] "GET /688749431.phtml HTTP/1.1" 404 20 "-" "Mozilla/5.0 (compatible; SemrushBot/7~bl; +http://www.semrush.com/bot.html)"
85.208.96.194 - - [19/Dec/2025:11:53:55 +0300] "GET /273919400.phtml HTTP/1.1" 404 20 "-" "Mozilla/5.0 (compatible; SemrushBot/7~bl; +http://www.semrush.com/bot.html)"
185.191.171.13 - - [19/Dec/2025:11:54:36 +0300] "GET /408304343.phtml HTTP/1.1" 404 20 "-" "Mozilla/5.0 (compatible; SemrushBot/7~bl; +http://www.semrush.com/bot.html)"
185.191.171.6 - - [19/Dec/2025:11:55:47 +0300] "GET /529713092.phtml HTTP/1.1" 404 20 "-" "Mozilla/5.0 (compatible; SemrushBot/7~bl; +http://www.semrush.com/bot.html)"
185.191.171.4 - - [19/Dec/2025:11:55:58 +0300] "GET /575761787.phtml HTTP/1.1" 404 20 "-" "Mozilla/5.0 (compatible; SemrushBot/7~bl; +http://www.semrush.com/bot.html)"
185.191.171.4 - - [19/Dec/2025:11:56:10 +0300] "GET /504439613.phtml HTTP/1.1" 404 20 "-" "Mozilla/5.0 (compatible; SemrushBot/7~bl; +http://www.semrush.com/bot.html)"
207.46.13.18 - - [19/Dec/2025:11:56:21 +0300] "GET /96176912.phtml HTTP/2" 404 20 "-" "Mozilla/5.0 AppleWebKit/537.36 (KHTML, like Gecko; compatible; bingbot/2.0; +http://www.bing.com/bingbot.htm) Chrome/116.0.1938.76 Safari/537.36"
185.191.171.14 - - [19/Dec/2025:11:56:32 +0300] "GET /130387319.phtml HTTP/1.1" 404 20 "-" "Mozilla/5.0 (compatible; SemrushBot/7~bl; +http://www.semrush.com/bot.html)"
207.46.13.168 - - [19/Dec/2025:11:57:07 +0300] "GET /279048755.phtml HTTP/2" 404 20 "-" "Mozilla/5.0 AppleWebKit/537.36 (KHTML, like Gecko; compatible; bingbot/2.0; +http://www.bing.com/bingbot.htm) Chrome/116.0.1938.76 Safari/537.36"
185.191.171.15 - - [19/Dec/2025:11:57:27 +0300] "GET /612105710.phtml HTTP/1.1" 404 20 "-" "Mozilla/5.0 (compatible; SemrushBot/7~bl; +http://www.semrush.com/bot.html)"
185.191.171.5 - - [19/Dec/2025:11:57:51 +0300] "GET /286762307.phtml HTTP/1.1" 404 20 "-" "Mozilla/5.0 (compatible; SemrushBot/7~bl; +http://www.semrush.com/bot.html)"
185.191.171.6 - - [19/Dec/2025:11:57:59 +0300] "GET /152352185.phtml HTTP/1.1" 404 20 "-" "Mozilla/5.0 (compatible; SemrushBot/7~bl; +http://www.semrush.com/bot.html)"
85.208.96.193 - - [19/Dec/2025:11:58:09 +0300] "GET /273701567.phtml HTTP/1.1" 404 20 "-" "Mozilla/5.0 (compatible; SemrushBot/7~bl; +http://www.semrush.com/bot.html)"
74.7.243.204 - - [19/Dec/2025:11:58:34 +0300] "GET /172122551.phtml HTTP/2" 404 20 "-" "Mozilla/5.0 AppleWebKit/537.36 (KHTML, like Gecko; compatible; GPTBot/1.3; +https://openai.com/gptbot)"
185.191.171.18 - - [19/Dec/2025:11:58:35 +0300] "GET /598094636.phtml HTTP/1.1" 404 20 "-" "Mozilla/5.0 (compatible; SemrushBot/7~bl; +http://www.semrush.com/bot.html)"
85.208.96.196 - - [19/Dec/2025:11:58:39 +0300] "GET /456878792.phtml HTTP/1.1" 404 20 "-" "Mozilla/5.0 (compatible; SemrushBot/7~bl; +http://www.semrush.com/bot.html)"
185.191.171.9 - - [19/Dec/2025:11:58:42 +0300] "GET /174386120.phtml HTTP/1.1" 404 20 "-" "Mozilla/5.0 (compatible; SemrushBot/7~bl; +http://www.semrush.com/bot.html)"
85.208.96.208 - - [19/Dec/2025:12:00:10 +0300] "GET /617671655.phtml HTTP/1.1" 404 20 "-" "Mozilla/5.0 (compatible; SemrushBot/7~bl; +http://www.semrush.com/bot.html)"
185.191.171.2 - - [19/Dec/2025:12:00:21 +0300] "GET /508725818.phtml HTTP/1.1" 404 20 "-" "Mozilla/5.0 (compatible; SemrushBot/7~bl; +http://www.semrush.com/bot.html)"
207.46.13.168 - - [19/Dec/2025:12:00:27 +0300] "GET /447260876.phtml HTTP/2" 404 20 "-" "Mozilla/5.0 AppleWebKit/537.36 (KHTML, like Gecko; compatible; bingbot/2.0; +http://www.bing.com/bingbot.htm) Chrome/116.0.1938.76 Safari/537.36"
85.208.96.193 - - [19/Dec/2025:12:00:29 +0300] "GET /228340559.phtml HTTP/1.1" 404 20 "-" "Mozilla/5.0 (compatible; SemrushBot/7~bl; +http://www.semrush.com/bot.html)"
52.167.144.23 - - [19/Dec/2025:12:00:58 +0300] "GET /608699846.phtml HTTP/2" 404 20 "-" "Mozilla/5.0 AppleWebKit/537.36 (KHTML, like Gecko; compatible; bingbot/2.0; +http://www.bing.com/bingbot.htm) Chrome/116.0.1938.76 Safari/537.36"
85.208.96.210 - - [19/Dec/2025:12:01:09 +0300] "GET /173309198.phtml HTTP/1.1" 404 20 "-" "Mozilla/5.0 (compatible; SemrushBot/7~bl; +http://www.semrush.com/bot.html)"
85.208.96.193 - - [19/Dec/2025:12:01:11 +0300] "GET /377988596.phtml HTTP/1.1" 404 20 "-" "Mozilla/5.0 (compatible; SemrushBot/7~bl; +http://www.semrush.com/bot.html)"
52.167.144.23 - - [19/Dec/2025:12:01:15 +0300] "GET /639717140.phtml HTTP/2" 404 20 "-" "Mozilla/5.0 AppleWebKit/537.36 (KHTML, like Gecko; compatible; bingbot/2.0; +http://www.bing.com/bingbot.htm) Chrome/116.0.1938.76 Safari/537.36"
52.167.144.23 - - [19/Dec/2025:12:01:24 +0300] "GET /291609380.phtml HTTP/2" 404 20 "-" "Mozilla/5.0 AppleWebKit/537.36 (KHTML, like Gecko; compatible; bingbot/2.0; +http://www.bing.com/bingbot.htm) Chrome/116.0.1938.76 Safari/537.36"
85.208.96.208 - - [19/Dec/2025:12:02:00 +0300] "GET /396056030.phtml HTTP/1.1" 404 20 "-" "Mozilla/5.0 (compatible; SemrushBot/7~bl; +http://www.semrush.com/bot.html)"
66.249.66.5 - - [19/Dec/2025:12:02:05 +0300] "GET /220938395.phtml HTTP/1.1" 404 20 "-" "Mozilla/5.0 (Linux; Android 6.0.1; Nexus 5X Build/MMB29P) AppleWebKit/537.36 (KHTML, like Gecko) Chrome/141.0.7390.122 Mobile Safari/537.36 (compatible; Googlebot/2.1; +http://www.google.com/bot.html)"
185.191.171.5 - - [19/Dec/2025:12:02:16 +0300] "GET /25065179.phtml HTTP/1.1" 404 20 "-" "Mozilla/5.0 (compatible; SemrushBot/7~bl; +http://www.semrush.com/bot.html)"
85.208.96.211 - - [19/Dec/2025:12:02:44 +0300] "GET /132051905.phtml HTTP/1.1" 404 20 "-" "Mozilla/5.0 (compatible; SemrushBot/7~bl; +http://www.semrush.com/bot.html)"
207.46.13.6 - - [19/Dec/2025:12:02:44 +0300] "GET /251980406.phtml HTTP/2" 404 20 "-" "Mozilla/5.0 AppleWebKit/537.36 (KHTML, like Gecko; compatible; bingbot/2.0; +http://www.bing.com/bingbot.htm) Chrome/116.0.1938.76 Safari/537.36"
74.7.243.204 - - [19/Dec/2025:12:02:44 +0300] "GET /267424604.phtml HTTP/2" 404 20 "-" "Mozilla/5.0 AppleWebKit/537.36 (KHTML, like Gecko; compatible; GPTBot/1.3; +https://openai.com/gptbot)"
185.191.171.15 - - [19/Dec/2025:12:02:55 +0300] "GET /586410425.phtml HTTP/1.1" 404 20 "-" "Mozilla/5.0 (compatible; SemrushBot/7~bl; +http://www.semrush.com/bot.html)"
207.46.13.6 - - [19/Dec/2025:12:03:13 +0300] "GET /671506436.phtml HTTP/2" 404 20 "-" "Mozilla/5.0 AppleWebKit/537.36 (KHTML, like Gecko; compatible; bingbot/2.0; +http://www.bing.com/bingbot.htm) Chrome/116.0.1938.76 Safari/537.36"
172.225.27.106 - - [19/Dec/2025:12:03:40 +0300] "GET /.well-known/passkey-endpoints HTTP/2" 404 20 "-" "com.apple.AuthenticationServicesCore.AuthenticationServicesAgent/8623.1.14.10.9 CFNetwork/3860.300.31 Darwin/25.2.0"
74.7.243.204 - - [19/Dec/2025:12:03:44 +0300] "GET /539233988.phtml HTTP/2" 404 20 "-" "Mozilla/5.0 AppleWebKit/537.36 (KHTML, like Gecko; compatible; GPTBot/1.3; +https://openai.com/gptbot)"
207.46.13.6 - - [19/Dec/2025:12:03:54 +0300] "GET /335579075.phtml HTTP/2" 404 20 "-" "Mozilla/5.0 AppleWebKit/537.36 (KHTML, like Gecko; compatible; bingbot/2.0; +http://www.bing.com/bingbot.htm) Chrome/116.0.1938.76 Safari/537.36"
52.167.144.23 - - [19/Dec/2025:11:58:44 +0300] "GET /644863358.phtml HTTP/2" 404 20 "-" "Mozilla/5.0 AppleWebKit/537.36 (KHTML, like Gecko; compatible; bingbot/2.0; +http://www.bing.com/bingbot.htm) Chrome/116.0.1938.76 Safari/537.36"
74.7.243.204 - - [19/Dec/2025:11:59:35 +0300] "GET /613930610.phtml HTTP/2" 404 20 "-" "Mozilla/5.0 AppleWebKit/537.36 (KHTML, like Gecko; compatible; GPTBot/1.3; +https://openai.com/gptbot)"
85.208.96.211 - - [19/Dec/2025:11:59:39 +0300] "GET /390320531.phtml HTTP/1.1" 404 20 "-" "Mozilla/5.0 (compatible; SemrushBot/7~bl; +http://www.semrush.com/bot.html)"
185.191.171.10 - - [19/Dec/2025:11:59:54 +0300] "GET /654343829.phtml HTTP/1.1" 404 20 "-" "Mozilla/5.0 (compatible; SemrushBot/7~bl; +http://www.semrush.com/bot.html)"
208.110.64.178 - - [19/Dec/2025:11:56:00 +0300] "GET /wp-includes/im9c5db8/edit.php HTTP/1.1" 404 20 "https://survivorshoes.com/wp-includes/im9c5db8/edit.php" "Mozilla/5.0 (Windows NT 10.0; Win64; x64) AppleWebKit/537.36 (KHTML, like Gecko) Chrome/58.0.3029.110 Safari/537.3"
85.208.96.208 - - [19/Dec/2025:11:56:07 +0300] "GET /418890149.phtml HTTP/1.1" 404 20 "-" "Mozilla/5.0 (compatible; SemrushBot/7~bl; +http://www.semrush.com/bot.html)"
185.191.171.15 - - [19/Dec/2025:11:56:14 +0300] "GET /386199029.phtml HTTP/1.1" 404 20 "-" "Mozilla/5.0 (compatible; SemrushBot/7~bl; +http://www.semrush.com/bot.html)"
57.141.0.33 - - [19/Dec/2025:11:56:19 +0300] "GET /256836026.phtml HTTP/2" 404 0 "-" "meta-externalagent/1.1 (+https://developers.facebook.com/docs/sharing/webmasters/crawler)"
85.208.96.198 - - [19/Dec/2025:11:56:20 +0300] "GET /602799182.phtml HTTP/1.1" 404 20 "-" "Mozilla/5.0 (compatible; SemrushBot/7~bl; +http://www.semrush.com/bot.html)"
74.7.243.204 - - [19/Dec/2025:11:56:28 +0300] "GET /163534433.phtml HTTP/2" 404 20 "-" "Mozilla/5.0 AppleWebKit/537.36 (KHTML, like Gecko; compatible; GPTBot/1.3; +https://openai.com/gptbot)"
185.191.171.2 - - [19/Dec/2025:11:56:54 +0300] "GET /359762465.phtml HTTP/1.1" 404 20 "-" "Mozilla/5.0 (compatible; SemrushBot/7~bl; +http://www.semrush.com/bot.html)"
85.208.96.210 - - [19/Dec/2025:11:56:59 +0300] "GET /72622535.phtml HTTP/1.1" 404 20 "-" "Mozilla/5.0 (compatible; SemrushBot/7~bl; +http://www.semrush.com/bot.html)"
85.208.96.202 - - [19/Dec/2025:11:57:19 +0300] "GET /9884552.phtml HTTP/1.1" 404 20 "-" "Mozilla/5.0 (compatible; SemrushBot/7~bl; +http://www.semrush.com/bot.html)"
207.46.13.168 - - [19/Dec/2025:11:57:26 +0300] "GET /382997369.phtml HTTP/2" 404 20 "-" "Mozilla/5.0 AppleWebKit/537.36 (KHTML, like Gecko; compatible; bingbot/2.0; +http://www.bing.com/bingbot.htm) Chrome/116.0.1938.76 Safari/537.36"
74.7.243.204 - - [19/Dec/2025:11:57:30 +0300] "GET /574367933.phtml HTTP/2" 404 20 "-" "Mozilla/5.0 AppleWebKit/537.36 (KHTML, like Gecko; compatible; GPTBot/1.3; +https://openai.com/gptbot)"
185.191.171.9 - - [19/Dec/2025:11:58:13 +0300] "GET /215664203.phtml HTTP/1.1" 404 20 "-" "Mozilla/5.0 (compatible; SemrushBot/7~bl; +http://www.semrush.com/bot.html)"
207.46.13.6 - - [19/Dec/2025:11:58:32 +0300] "GET /531387149.phtml HTTP/2" 404 20 "-" "Mozilla/5.0 AppleWebKit/537.36 (KHTML, like Gecko; compatible; bingbot/2.0; +http://www.bing.com/bingbot.htm) Chrome/116.0.1938.76 Safari/537.36"
185.191.171.8 - - [19/Dec/2025:11:59:41 +0300] "GET /198408734.phtml HTTP/1.1" 404 20 "-" "Mozilla/5.0 (compatible; SemrushBot/7~bl; +http://www.semrush.com/bot.html)"
185.191.171.11 - - [19/Dec/2025:11:59:59 +0300] "GET /132505358.phtml HTTP/1.1" 404 20 "-" "Mozilla/5.0 (compatible; SemrushBot/7~bl; +http://www.semrush.com/bot.html)"
185.191.171.11 - - [19/Dec/2025:12:00:12 +0300] "GET /435121133.phtml HTTP/1.1" 404 20 "-" "Mozilla/5.0 (compatible; SemrushBot/7~bl; +http://www.semrush.com/bot.html)"
85.208.96.199 - - [19/Dec/2025:12:01:07 +0300] "GET /331227497.phtml HTTP/1.1" 404 20 "-" "Mozilla/5.0 (compatible; SemrushBot/7~bl; +http://www.semrush.com/bot.html)"
85.208.96.205 - - [19/Dec/2025:12:01:19 +0300] "GET /51460163.phtml HTTP/1.1" 404 20 "-" "Mozilla/5.0 (compatible; SemrushBot/7~bl; +http://www.semrush.com/bot.html)"
207.46.13.168 - - [19/Dec/2025:12:01:37 +0300] "GET /300396158.phtml HTTP/2" 404 20 "-" "Mozilla/5.0 AppleWebKit/537.36 (KHTML, like Gecko; compatible; bingbot/2.0; +http://www.bing.com/bingbot.htm) Chrome/116.0.1938.76 Safari/537.36"
74.7.228.7 - - [19/Dec/2025:12:01:41 +0300] "GET /robots.txt HTTP/2" 404 20 "-" "Mozilla/5.0 (Macintosh; Intel Mac OS X 10_15_7) AppleWebKit/537.36 (KHTML, like Gecko) Chrome/131.0.0.0 Safari/537.36; compatible; OAI-SearchBot/1.3; robots.txt; +https://openai.com/searchbot"
85.208.96.209 - - [19/Dec/2025:12:01:52 +0300] "GET /424018118.phtml HTTP/1.1" 404 20 "-" "Mozilla/5.0 (compatible; SemrushBot/7~bl; +http://www.semrush.com/bot.html)"
85.208.96.204 - - [19/Dec/2025:12:02:02 +0300] "GET /30239579.phtml HTTP/1.1" 404 20 "-" "Mozilla/5.0 (compatible; SemrushBot/7~bl; +http://www.semrush.com/bot.html)"
185.191.171.13 - - [19/Dec/2025:12:02:21 +0300] "GET /434419586.phtml HTTP/1.1" 404 20 "-" "Mozilla/5.0 (compatible; SemrushBot/7~bl; +http://www.semrush.com/bot.html)"
