207.46.13.153 - - [19/Dec/2025:14:56:14 +0300] "GET /553420853.phtml HTTP/2" 404 20 "-" "Mozilla/5.0 AppleWebKit/537.36 (KHTML, like Gecko; compatible; bingbot/2.0; +http://www.bing.com/bingbot.htm) Chrome/116.0.1938.76 Safari/537.36"
85.208.96.203 - - [19/Dec/2025:14:56:15 +0300] "GET /381180323.phtml HTTP/1.1" 404 20 "-" "Mozilla/5.0 (compatible; SemrushBot/7~bl; +http://www.semrush.com/bot.html)"
74.7.243.204 - - [19/Dec/2025:14:56:08 +0300] "GET /537501257.phtml HTTP/2" 404 20 "-" "Mozilla/5.0 AppleWebKit/537.36 (KHTML, like Gecko; compatible; GPTBot/1.3; +https://openai.com/gptbot)"
66.249.66.5 - - [19/Dec/2025:14:52:19 +0300] "GET /362708408.phtml HTTP/1.1" 404 20 "-" "Mozilla/5.0 (Linux; Android 6.0.1; Nexus 5X Build/MMB29P) AppleWebKit/537.36 (KHTML, like Gecko) Chrome/141.0.7390.122 Mobile Safari/537.36 (compatible; Googlebot/2.1; +http://www.google.com/bot.html)"
185.191.171.15 - - [19/Dec/2025:14:52:29 +0300] "GET /582845864.phtml HTTP/1.1" 404 20 "-" "Mozilla/5.0 (compatible; SemrushBot/7~bl; +http://www.semrush.com/bot.html)"
185.191.171.19 - - [19/Dec/2025:14:52:33 +0300] "GET /670752452.phtml HTTP/1.1" 404 20 "-" "Mozilla/5.0 (compatible; SemrushBot/7~bl; +http://www.semrush.com/bot.html)"
85.208.96.193 - - [19/Dec/2025:14:52:43 +0300] "GET /596132522.phtml HTTP/1.1" 404 20 "-" "Mozilla/5.0 (compatible; SemrushBot/7~bl; +http://www.semrush.com/bot.html)"
85.208.96.207 - - [19/Dec/2025:14:52:45 +0300] "GET /414904013.phtml HTTP/1.1" 404 20 "-" "Mozilla/5.0 (compatible; SemrushBot/7~bl; +http://www.semrush.com/bot.html)"
66.249.66.169 - - [19/Dec/2025:14:53:42 +0300] "GET /218810885.phtml HTTP/1.1" 404 20 "-" "Mozilla/5.0 (Linux; Android 6.0.1; Nexus 5X Build/MMB29P) AppleWebKit/537.36 (KHTML, like Gecko) Chrome/141.0.7390.122 Mobile Safari/537.36 (compatible; Googlebot/2.1; +http://www.google.com/bot.html)"
185.191.171.19 - - [19/Dec/2025:14:53:48 +0300] "GET /235163606.phtml HTTP/1.1" 404 20 "-" "Mozilla/5.0 (compatible; SemrushBot/7~bl; +http://www.semrush.com/bot.html)"
207.46.13.153 - - [19/Dec/2025:14:54:09 +0300] "GET /e/24/ HTTP/2" 404 20 "-" "Mozilla/5.0 AppleWebKit/537.36 (KHTML, like Gecko; compatible; bingbot/2.0; +http://www.bing.com/bingbot.htm) Chrome/116.0.1938.76 Safari/537.36"
185.191.171.15 - - [19/Dec/2025:14:54:28 +0300] "GET /313556921.phtml HTTP/1.1" 404 20 "-" "Mozilla/5.0 (compatible; SemrushBot/7~bl; +http://www.semrush.com/bot.html)"
185.191.171.15 - - [19/Dec/2025:14:54:31 +0300] "GET /474326453.phtml HTTP/1.1" 404 20 "-" "Mozilla/5.0 (compatible; SemrushBot/7~bl; +http://www.semrush.com/bot.html)"
85.208.96.202 - - [19/Dec/2025:14:54:34 +0300] "GET /518103494.phtml HTTP/1.1" 404 20 "-" "Mozilla/5.0 (compatible; SemrushBot/7~bl; +http://www.semrush.com/bot.html)"
66.249.66.69 - - [19/Dec/2025:14:55:22 +0300] "GET /295147145.phtml HTTP/1.1" 404 20 "-" "Mozilla/5.0 (Linux; Android 6.0.1; Nexus 5X Build/MMB29P) AppleWebKit/537.36 (KHTML, like Gecko) Chrome/141.0.7390.122 Mobile Safari/537.36 (compatible; Googlebot/2.1; +http://www.google.com/bot.html)"
185.191.171.11 - - [19/Dec/2025:14:55:27 +0300] "GET /261367553.phtml HTTP/1.1" 404 20 "-" "Mozilla/5.0 (compatible; SemrushBot/7~bl; +http://www.semrush.com/bot.html)"
85.208.96.207 - - [19/Dec/2025:14:55:33 +0300] "GET /506064929.phtml HTTP/1.1" 404 20 "-" "Mozilla/5.0 (compatible; SemrushBot/7~bl; +http://www.semrush.com/bot.html)"
85.208.96.203 - - [19/Dec/2025:14:56:08 +0300] "GET /665996624.phtml HTTP/1.1" 404 20 "-" "Mozilla/5.0 (compatible; SemrushBot/7~bl; +http://www.semrush.com/bot.html)"
185.191.171.19 - - [19/Dec/2025:14:56:17 +0300] "GET /495196379.phtml HTTP/1.1" 404 20 "-" "Mozilla/5.0 (compatible; SemrushBot/7~bl; +http://www.semrush.com/bot.html)"
66.249.66.203 - - [19/Dec/2025:14:56:52 +0300] "GET /685239617.phtml HTTP/1.1" 404 20 "-" "Mozilla/5.0 (Linux; Android 6.0.1; Nexus 5X Build/MMB29P) AppleWebKit/537.36 (KHTML, like Gecko) Chrome/141.0.7390.122 Mobile Safari/537.36 (compatible; Googlebot/2.1; +http://www.google.com/bot.html)"
66.249.66.42 - - [19/Dec/2025:14:57:09 +0300] "GET /362708408.phtml HTTP/1.1" 404 20 "-" "Mozilla/5.0 (Linux; Android 6.0.1; Nexus 5X Build/MMB29P) AppleWebKit/537.36 (KHTML, like Gecko) Chrome/141.0.7390.122 Mobile Safari/537.36 (compatible; Googlebot/2.1; +http://www.google.com/bot.html)"
185.191.171.14 - - [19/Dec/2025:14:57:20 +0300] "GET /376342952.phtml HTTP/1.1" 404 20 "-" "Mozilla/5.0 (compatible; SemrushBot/7~bl; +http://www.semrush.com/bot.html)"
85.208.96.201 - - [19/Dec/2025:14:57:22 +0300] "GET /287370299.phtml HTTP/1.1" 404 20 "-" "Mozilla/5.0 (compatible; SemrushBot/7~bl; +http://www.semrush.com/bot.html)"
207.46.13.153 - - [19/Dec/2025:14:56:19 +0300] "GET /66981977.phtml HTTP/2" 404 20 "-" "Mozilla/5.0 AppleWebKit/537.36 (KHTML, like Gecko; compatible; bingbot/2.0; +http://www.bing.com/bingbot.htm) Chrome/116.0.1938.76 Safari/537.36"
85.208.96.202 - - [19/Dec/2025:14:56:31 +0300] "GET /308042720.phtml HTTP/1.1" 404 20 "-" "Mozilla/5.0 (compatible; SemrushBot/7~bl; +http://www.semrush.com/bot.html)"
85.208.96.208 - - [19/Dec/2025:14:56:35 +0300] "GET /9767204.phtml HTTP/1.1" 404 20 "-" "Mozilla/5.0 (compatible; SemrushBot/7~bl; +http://www.semrush.com/bot.html)"
185.191.171.16 - - [19/Dec/2025:14:56:37 +0300] "GET /441843233.phtml HTTP/1.1" 404 20 "-" "Mozilla/5.0 (compatible; SemrushBot/7~bl; +http://www.semrush.com/bot.html)"
185.191.171.6 - - [19/Dec/2025:14:56:59 +0300] "GET /408529337.phtml HTTP/1.1" 404 20 "-" "Mozilla/5.0 (compatible; SemrushBot/7~bl; +http://www.semrush.com/bot.html)"
185.191.171.6 - - [19/Dec/2025:14:57:07 +0300] "GET /385685747.phtml HTTP/1.1" 404 20 "-" "Mozilla/5.0 (compatible; SemrushBot/7~bl; +http://www.semrush.com/bot.html)"
52.167.144.192 - - [19/Dec/2025:14:57:11 +0300] "GET /8070047.phtml HTTP/2" 404 20 "-" "Mozilla/5.0 AppleWebKit/537.36 (KHTML, like Gecko; compatible; bingbot/2.0; +http://www.bing.com/bingbot.htm) Chrome/116.0.1938.76 Safari/537.36"
85.208.96.203 - - [19/Dec/2025:14:57:29 +0300] "GET /494210471.phtml HTTP/1.1" 404 20 "-" "Mozilla/5.0 (compatible; SemrushBot/7~bl; +http://www.semrush.com/bot.html)"
157.55.39.197 - - [19/Dec/2025:14:57:49 +0300] "GET /120244340.phtml HTTP/2" 404 20 "-" "Mozilla/5.0 AppleWebKit/537.36 (KHTML, like Gecko; compatible; bingbot/2.0; +http://www.bing.com/bingbot.htm) Chrome/116.0.1938.76 Safari/537.36"
52.167.144.192 - - [19/Dec/2025:14:58:02 +0300] "GET /165436256.phtml HTTP/2" 404 20 "-" "Mozilla/5.0 AppleWebKit/537.36 (KHTML, like Gecko; compatible; bingbot/2.0; +http://www.bing.com/bingbot.htm) Chrome/116.0.1938.76 Safari/537.36"
85.208.96.210 - - [19/Dec/2025:14:58:03 +0300] "GET /23751713.phtml HTTP/1.1" 404 20 "-" "Mozilla/5.0 (compatible; SemrushBot/7~bl; +http://www.semrush.com/bot.html)"
185.191.171.6 - - [19/Dec/2025:14:58:29 +0300] "GET /571449710.phtml HTTP/1.1" 404 20 "-" "Mozilla/5.0 (compatible; SemrushBot/7~bl; +http://www.semrush.com/bot.html)"
185.191.171.11 - - [19/Dec/2025:14:58:38 +0300] "GET /158214041.phtml HTTP/1.1" 404 20 "-" "Mozilla/5.0 (compatible; SemrushBot/7~bl; +http://www.semrush.com/bot.html)"
66.249.66.5 - - [19/Dec/2025:14:58:38 +0300] "GET /462323231.phtml HTTP/1.1" 404 20 "-" "Mozilla/5.0 (Linux; Android 6.0.1; Nexus 5X Build/MMB29P) AppleWebKit/537.36 (KHTML, like Gecko) Chrome/141.0.7390.122 Mobile Safari/537.36 (compatible; Googlebot/2.1; +http://www.google.com/bot.html)"
85.208.96.197 - - [19/Dec/2025:14:58:40 +0300] "GET /368099717.phtml HTTP/1.1" 404 20 "-" "Mozilla/5.0 (compatible; SemrushBot/7~bl; +http://www.semrush.com/bot.html)"
157.55.39.197 - - [19/Dec/2025:14:58:59 +0300] "GET /244988729.phtml HTTP/2" 404 20 "-" "Mozilla/5.0 AppleWebKit/537.36 (KHTML, like Gecko; compatible; bingbot/2.0; +http://www.bing.com/bingbot.htm) Chrome/116.0.1938.76 Safari/537.36"
157.55.39.197 - - [19/Dec/2025:14:59:00 +0300] "GET /225972347.phtml HTTP/2" 404 20 "-" "Mozilla/5.0 AppleWebKit/537.36 (KHTML, like Gecko; compatible; bingbot/2.0; +http://www.bing.com/bingbot.htm) Chrome/116.0.1938.76 Safari/537.36"
207.46.13.150 - - [19/Dec/2025:14:59:04 +0300] "GET /286946876.phtml HTTP/2" 404 20 "-" "Mozilla/5.0 AppleWebKit/537.36 (KHTML, like Gecko; compatible; bingbot/2.0; +http://www.bing.com/bingbot.htm) Chrome/116.0.1938.76 Safari/537.36"
207.46.13.150 - - [19/Dec/2025:14:59:06 +0300] "GET /406096214.phtml HTTP/2" 404 20 "-" "Mozilla/5.0 AppleWebKit/537.36 (KHTML, like Gecko; compatible; bingbot/2.0; +http://www.bing.com/bingbot.htm) Chrome/116.0.1938.76 Safari/537.36"
157.55.39.197 - - [19/Dec/2025:14:59:09 +0300] "GET /372289364.phtml HTTP/2" 404 20 "-" "Mozilla/5.0 AppleWebKit/537.36 (KHTML, like Gecko; compatible; bingbot/2.0; +http://www.bing.com/bingbot.htm) Chrome/116.0.1938.76 Safari/537.36"
207.46.13.153 - - [19/Dec/2025:14:57:31 +0300] "GET /438304313.phtml HTTP/2" 404 20 "-" "Mozilla/5.0 AppleWebKit/537.36 (KHTML, like Gecko; compatible; bingbot/2.0; +http://www.bing.com/bingbot.htm) Chrome/116.0.1938.76 Safari/537.36"
185.191.171.6 - - [19/Dec/2025:14:57:42 +0300] "GET /186963377.phtml HTTP/1.1" 404 20 "-" "Mozilla/5.0 (compatible; SemrushBot/7~bl; +http://www.semrush.com/bot.html)"
74.7.228.7 - - [19/Dec/2025:14:58:07 +0300] "GET /robots.txt HTTP/2" 404 20 "-" "Mozilla/5.0 (Macintosh; Intel Mac OS X 10_15_7) AppleWebKit/537.36 (KHTML, like Gecko) Chrome/131.0.0.0 Safari/537.36; compatible; OAI-SearchBot/1.3; robots.txt; +https://openai.com/searchbot"
66.249.66.42 - - [19/Dec/2025:14:58:15 +0300] "GET /445565798.phtml HTTP/1.1" 404 20 "-" "Mozilla/5.0 (Linux; Android 6.0.1; Nexus 5X Build/MMB29P) AppleWebKit/537.36 (KHTML, like Gecko) Chrome/141.0.7390.122 Mobile Safari/537.36 (compatible; Googlebot/2.1; +http://www.google.com/bot.html)"
66.249.66.6 - - [19/Dec/2025:14:58:28 +0300] "GET /343260749.phtml HTTP/1.1" 404 20 "-" "Mozilla/5.0 (Linux; Android 6.0.1; Nexus 5X Build/MMB29P) AppleWebKit/537.36 (KHTML, like Gecko) Chrome/141.0.7390.122 Mobile Safari/537.36 (compatible; Googlebot/2.1; +http://www.google.com/bot.html)"
207.46.13.150 - - [19/Dec/2025:14:58:31 +0300] "GET /301930460.phtml HTTP/2" 404 20 "-" "Mozilla/5.0 AppleWebKit/537.36 (KHTML, like Gecko; compatible; bingbot/2.0; +http://www.bing.com/bingbot.htm) Chrome/116.0.1938.76 Safari/537.36"
207.46.13.150 - - [19/Dec/2025:14:58:34 +0300] "GET /42421826.phtml HTTP/2" 404 20 "-" "Mozilla/5.0 AppleWebKit/537.36 (KHTML, like Gecko; compatible; bingbot/2.0; +http://www.bing.com/bingbot.htm) Chrome/116.0.1938.76 Safari/537.36"
185.191.171.19 - - [19/Dec/2025:14:58:36 +0300] "GET /robots.txt HTTP/1.1" 404 20 "-" "Mozilla/5.0 (compatible; SemrushBot/7~bl; +http://www.semrush.com/bot.html)"
185.191.171.5 - - [19/Dec/2025:14:59:07 +0300] "GET /126425669.phtml HTTP/1.1" 404 20 "-" "Mozilla/5.0 (compatible; SemrushBot/7~bl; +http://www.semrush.com/bot.html)"
52.167.144.192 - - [19/Dec/2025:14:59:32 +0300] "GET /40699721.phtml HTTP/2" 404 20 "-" "Mozilla/5.0 AppleWebKit/537.36 (KHTML, like Gecko; compatible; bingbot/2.0; +http://www.bing.com/bingbot.htm) Chrome/116.0.1938.76 Safari/537.36"
52.167.144.192 - - [19/Dec/2025:14:59:33 +0300] "GET /426370160.phtml HTTP/2" 404 20 "-" "Mozilla/5.0 AppleWebKit/537.36 (KHTML, like Gecko; compatible; bingbot/2.0; +http://www.bing.com/bingbot.htm) Chrome/116.0.1938.76 Safari/537.36"
74.7.243.204 - - [19/Dec/2025:15:00:17 +0300] "GET /247623284.phtml HTTP/2" 404 20 "-" "Mozilla/5.0 AppleWebKit/537.36 (KHTML, like Gecko; compatible; GPTBot/1.3; +https://openai.com/gptbot)"
185.191.171.10 - - [19/Dec/2025:15:00:19 +0300] "GET /680334332.phtml HTTP/1.1" 404 20 "-" "Mozilla/5.0 (compatible; SemrushBot/7~bl; +http://www.semrush.com/bot.html)"
207.46.13.150 - - [19/Dec/2025:15:00:21 +0300] "GET /551279021.phtml HTTP/2" 404 20 "-" "Mozilla/5.0 AppleWebKit/537.36 (KHTML, like Gecko; compatible; bingbot/2.0; +http://www.bing.com/bingbot.htm) Chrome/116.0.1938.76 Safari/537.36"
207.46.13.150 - - [19/Dec/2025:15:00:22 +0300] "GET /328148729.phtml HTTP/2" 404 20 "-" "Mozilla/5.0 AppleWebKit/537.36 (KHTML, like Gecko; compatible; bingbot/2.0; +http://www.bing.com/bingbot.htm) Chrome/116.0.1938.76 Safari/537.36"
185.191.171.11 - - [19/Dec/2025:15:00:39 +0300] "GET /416973542.phtml HTTP/1.1" 404 20 "-" "Mozilla/5.0 (compatible; SemrushBot/7~bl; +http://www.semrush.com/bot.html)"
157.55.39.197 - - [19/Dec/2025:15:01:09 +0300] "GET /99445793.phtml HTTP/2" 404 20 "-" "Mozilla/5.0 AppleWebKit/537.36 (KHTML, like Gecko; compatible; bingbot/2.0; +http://www.bing.com/bingbot.htm) Chrome/116.0.1938.76 Safari/537.36"
185.191.171.17 - - [19/Dec/2025:15:01:13 +0300] "GET /544872467.phtml HTTP/1.1" 404 20 "-" "Mozilla/5.0 (compatible; SemrushBot/7~bl; +http://www.semrush.com/bot.html)"
185.191.171.3 - - [19/Dec/2025:14:59:10 +0300] "GET /230855918.phtml HTTP/1.1" 404 20 "-" "Mozilla/5.0 (compatible; SemrushBot/7~bl; +http://www.semrush.com/bot.html)"
185.191.171.11 - - [19/Dec/2025:14:59:26 +0300] "GET /490987097.phtml HTTP/1.1" 404 20 "-" "Mozilla/5.0 (compatible; SemrushBot/7~bl; +http://www.semrush.com/bot.html)"
85.208.96.202 - - [19/Dec/2025:14:59:44 +0300] "GET /169545977.phtml HTTP/1.1" 404 20 "-" "Mozilla/5.0 (compatible; SemrushBot/7~bl; +http://www.semrush.com/bot.html)"
57.141.0.43 - - [19/Dec/2025:15:00:03 +0300] "GET /205933841.shtml HTTP/2" 404 0 "-" "meta-externalagent/1.1 (+https://developers.facebook.com/docs/sharing/webmasters/crawler)"
85.208.96.207 - - [19/Dec/2025:15:00:09 +0300] "GET /280584674.phtml HTTP/1.1" 404 20 "-" "Mozilla/5.0 (compatible; SemrushBot/7~bl; +http://www.semrush.com/bot.html)"
157.55.39.197 - - [19/Dec/2025:15:00:18 +0300] "GET /404303654.phtml HTTP/2" 404 20 "-" "Mozilla/5.0 AppleWebKit/537.36 (KHTML, like Gecko; compatible; bingbot/2.0; +http://www.bing.com/bingbot.htm) Chrome/116.0.1938.76 Safari/537.36"
85.208.96.199 - - [19/Dec/2025:15:00:37 +0300] "GET /253098908.phtml HTTP/1.1" 404 20 "-" "Mozilla/5.0 (compatible; SemrushBot/7~bl; +http://www.semrush.com/bot.html)"
85.208.96.207 - - [19/Dec/2025:15:00:42 +0300] "GET /652666307.phtml HTTP/1.1" 404 20 "-" "Mozilla/5.0 (compatible; SemrushBot/7~bl; +http://www.semrush.com/bot.html)"
185.191.171.18 - - [19/Dec/2025:15:00:56 +0300] "GET /537264020.phtml HTTP/1.1" 404 20 "-" "Mozilla/5.0 (compatible; SemrushBot/7~bl; +http://www.semrush.com/bot.html)"
185.191.171.5 - - [19/Dec/2025:15:01:03 +0300] "GET /508150166.phtml HTTP/1.1" 404 20 "-" "Mozilla/5.0 (compatible; SemrushBot/7~bl; +http://www.semrush.com/bot.html)"
52.167.144.192 - - [19/Dec/2025:15:01:12 +0300] "GET /617074520.phtml HTTP/2" 404 20 "-" "Mozilla/5.0 AppleWebKit/537.36 (KHTML, like Gecko; compatible; bingbot/2.0; +http://www.bing.com/bingbot.htm) Chrome/116.0.1938.76 Safari/537.36"
207.46.13.153 - - [19/Dec/2025:15:01:14 +0300] "GET /638251214.phtml HTTP/2" 404 20 "-" "Mozilla/5.0 AppleWebKit/537.36 (KHTML, like Gecko; compatible; bingbot/2.0; +http://www.bing.com/bingbot.htm) Chrome/116.0.1938.76 Safari/537.36"
66.249.66.6 - - [19/Dec/2025:15:01:57 +0300] "GET /195964292.phtml HTTP/1.1" 404 20 "-" "Mozilla/5.0 (Linux; Android 6.0.1; Nexus 5X Build/MMB29P) AppleWebKit/537.36 (KHTML, like Gecko) Chrome/141.0.7390.122 Mobile Safari/537.36 (compatible; Googlebot/2.1; +http://www.google.com/bot.html)"
52.167.144.192 - - [19/Dec/2025:15:01:59 +0300] "GET /513387398.phtml HTTP/2" 404 20 "-" "Mozilla/5.0 AppleWebKit/537.36 (KHTML, like Gecko; compatible; bingbot/2.0; +http://www.bing.com/bingbot.htm) Chrome/116.0.1938.76 Safari/537.36"
85.208.96.201 - - [19/Dec/2025:15:02:09 +0300] "GET /349792736.phtml HTTP/1.1" 404 20 "-" "Mozilla/5.0 (compatible; SemrushBot/7~bl; +http://www.semrush.com/bot.html)"
185.191.171.5 - - [19/Dec/2025:15:02:25 +0300] "GET /462569246.phtml HTTP/1.1" 404 20 "-" "Mozilla/5.0 (compatible; SemrushBot/7~bl; +http://www.semrush.com/bot.html)"
85.208.96.199 - - [19/Dec/2025:15:02:45 +0300] "GET /343871513.phtml HTTP/1.1" 404 20 "-" "Mozilla/5.0 (compatible; SemrushBot/7~bl; +http://www.semrush.com/bot.html)"
157.55.39.197 - - [19/Dec/2025:15:03:02 +0300] "GET /242398526.phtml HTTP/2" 404 20 "-" "Mozilla/5.0 AppleWebKit/537.36 (KHTML, like Gecko; compatible; bingbot/2.0; +http://www.bing.com/bingbot.htm) Chrome/116.0.1938.76 Safari/537.36"
52.167.144.192 - - [19/Dec/2025:15:03:03 +0300] "GET /523379765.phtml HTTP/2" 404 20 "-" "Mozilla/5.0 AppleWebKit/537.36 (KHTML, like Gecko; compatible; bingbot/2.0; +http://www.bing.com/bingbot.htm) Chrome/116.0.1938.76 Safari/537.36"
85.208.96.200 - - [19/Dec/2025:15:03:04 +0300] "GET /112083341.phtml HTTP/1.1" 404 20 "-" "Mozilla/5.0 (compatible; SemrushBot/7~bl; +http://www.semrush.com/bot.html)"
85.208.96.210 - - [19/Dec/2025:15:03:10 +0300] "GET /48392021.phtml HTTP/1.1" 404 20 "-" "Mozilla/5.0 (compatible; SemrushBot/7~bl; +http://www.semrush.com/bot.html)"
157.55.39.197 - - [19/Dec/2025:15:01:43 +0300] "GET /378220982.phtml HTTP/2" 404 20 "-" "Mozilla/5.0 AppleWebKit/537.36 (KHTML, like Gecko; compatible; bingbot/2.0; +http://www.bing.com/bingbot.htm) Chrome/116.0.1938.76 Safari/537.36"
185.191.171.10 - - [19/Dec/2025:15:02:06 +0300] "GET /411733076.phtml HTTP/1.1" 404 20 "-" "Mozilla/5.0 (compatible; SemrushBot/7~bl; +http://www.semrush.com/bot.html)"
157.55.39.197 - - [19/Dec/2025:15:02:09 +0300] "GET /435261119.phtml HTTP/2" 404 20 "-" "Mozilla/5.0 AppleWebKit/537.36 (KHTML, like Gecko; compatible; bingbot/2.0; +http://www.bing.com/bingbot.htm) Chrome/116.0.1938.76 Safari/537.36"
85.208.96.211 - - [19/Dec/2025:15:02:11 +0300] "GET /50488808.phtml HTTP/1.1" 404 20 "-" "Mozilla/5.0 (compatible; SemrushBot/7~bl; +http://www.semrush.com/bot.html)"
74.7.243.204 - - [19/Dec/2025:15:02:25 +0300] "GET /435335732.phtml HTTP/2" 404 20 "-" "Mozilla/5.0 AppleWebKit/537.36 (KHTML, like Gecko; compatible; GPTBot/1.3; +https://openai.com/gptbot)"
157.55.39.197 - - [19/Dec/2025:15:02:26 +0300] "GET /418685945.phtml HTTP/2" 404 20 "-" "Mozilla/5.0 AppleWebKit/537.36 (KHTML, like Gecko; compatible; bingbot/2.0; +http://www.bing.com/bingbot.htm) Chrome/116.0.1938.76 Safari/537.36"
52.167.144.192 - - [19/Dec/2025:15:02:28 +0300] "GET /680007698.phtml HTTP/2" 404 20 "-" "Mozilla/5.0 AppleWebKit/537.36 (KHTML, like Gecko; compatible; bingbot/2.0; +http://www.bing.com/bingbot.htm) Chrome/116.0.1938.76 Safari/537.36"
52.167.144.192 - - [19/Dec/2025:15:02:28 +0300] "GET /533742656.phtml HTTP/2" 404 20 "-" "Mozilla/5.0 AppleWebKit/537.36 (KHTML, like Gecko; compatible; bingbot/2.0; +http://www.bing.com/bingbot.htm) Chrome/116.0.1938.76 Safari/537.36"
85.208.96.206 - - [19/Dec/2025:15:02:28 +0300] "GET /179722913.phtml HTTP/1.1" 404 20 "-" "Mozilla/5.0 (compatible; SemrushBot/7~bl; +http://www.semrush.com/bot.html)"
52.167.144.192 - - [19/Dec/2025:15:02:32 +0300] "GET /452547542.phtml HTTP/2" 404 20 "-" "Mozilla/5.0 AppleWebKit/537.36 (KHTML, like Gecko; compatible; bingbot/2.0; +http://www.bing.com/bingbot.htm) Chrome/116.0.1938.76 Safari/537.36"
85.208.96.200 - - [19/Dec/2025:15:02:42 +0300] "GET /103852811.phtml HTTP/1.1" 404 20 "-" "Mozilla/5.0 (compatible; SemrushBot/7~bl; +http://www.semrush.com/bot.html)"
185.191.171.10 - - [19/Dec/2025:15:02:44 +0300] "GET /664883897.phtml HTTP/1.1" 404 20 "-" "Mozilla/5.0 (compatible; SemrushBot/7~bl; +http://www.semrush.com/bot.html)"
185.191.171.6 - - [19/Dec/2025:15:03:14 +0300] "GET /502827926.phtml HTTP/1.1" 404 20 "-" "Mozilla/5.0 (compatible; SemrushBot/7~bl; +http://www.semrush.com/bot.html)"
66.249.66.169 - - [19/Dec/2025:15:03:52 +0300] "GET /621368117.phtml HTTP/1.1" 404 20 "-" "Mozilla/5.0 (Linux; Android 6.0.1; Nexus 5X Build/MMB29P) AppleWebKit/537.36 (KHTML, like Gecko) Chrome/141.0.7390.122 Mobile Safari/537.36 (compatible; Googlebot/2.1; +http://www.google.com/bot.html)"
66.249.66.204 - - [19/Dec/2025:15:04:08 +0300] "GET /36176510.phtml HTTP/1.1" 404 20 "-" "Mozilla/5.0 (Linux; Android 6.0.1; Nexus 5X Build/MMB29P) AppleWebKit/537.36 (KHTML, like Gecko) Chrome/141.0.7390.122 Mobile Safari/537.36 (compatible; Googlebot/2.1; +http://www.google.com/bot.html)"
185.191.171.5 - - [19/Dec/2025:15:04:38 +0300] "GET /181914179.phtml HTTP/1.1" 404 20 "-" "Mozilla/5.0 (compatible; SemrushBot/7~bl; +http://www.semrush.com/bot.html)"
85.208.96.207 - - [19/Dec/2025:15:04:58 +0300] "GET /56658125.phtml HTTP/1.1" 404 20 "-" "Mozilla/5.0 (compatible; SemrushBot/7~bl; +http://www.semrush.com/bot.html)"
85.208.96.207 - - [19/Dec/2025:15:05:00 +0300] "GET /102160043.phtml HTTP/1.1" 404 20 "-" "Mozilla/5.0 (compatible; SemrushBot/7~bl; +http://www.semrush.com/bot.html)"
57.141.0.34 - - [19/Dec/2025:15:05:07 +0300] "GET /280678241.shtml HTTP/2" 404 0 "-" "meta-externalagent/1.1 (+https://developers.facebook.com/docs/sharing/webmasters/crawler)"
185.191.171.13 - - [19/Dec/2025:15:05:32 +0300] "GET /634831952.phtml HTTP/1.1" 404 20 "-" "Mozilla/5.0 (compatible; SemrushBot/7~bl; +http://www.semrush.com/bot.html)"
185.191.171.1 - - [19/Dec/2025:15:05:45 +0300] "GET /522991916.phtml HTTP/1.1" 404 20 "-" "Mozilla/5.0 (compatible; SemrushBot/7~bl; +http://www.semrush.com/bot.html)"
185.191.171.11 - - [19/Dec/2025:15:06:07 +0300] "GET /295934624.phtml HTTP/1.1" 404 20 "-" "Mozilla/5.0 (compatible; SemrushBot/7~bl; +http://www.semrush.com/bot.html)"
40.77.167.27 - - [19/Dec/2025:15:06:11 +0300] "GET /590859254.phtml HTTP/2" 404 20 "-" "Mozilla/5.0 AppleWebKit/537.36 (KHTML, like Gecko; compatible; bingbot/2.0; +http://www.bing.com/bingbot.htm) Chrome/116.0.1938.76 Safari/537.36"
85.208.96.204 - - [19/Dec/2025:15:06:19 +0300] "GET /303247622.phtml HTTP/1.1" 404 20 "-" "Mozilla/5.0 (compatible; SemrushBot/7~bl; +http://www.semrush.com/bot.html)"
157.55.39.197 - - [19/Dec/2025:15:06:20 +0300] "GET /292228229.phtml HTTP/2" 404 20 "-" "Mozilla/5.0 AppleWebKit/537.36 (KHTML, like Gecko; compatible; bingbot/2.0; +http://www.bing.com/bingbot.htm) Chrome/116.0.1938.76 Safari/537.36"
66.249.66.5 - - [19/Dec/2025:15:06:20 +0300] "GET /195964292.phtml HTTP/1.1" 404 20 "-" "Mozilla/5.0 (Linux; Android 6.0.1; Nexus 5X Build/MMB29P) AppleWebKit/537.36 (KHTML, like Gecko) Chrome/141.0.7390.122 Mobile Safari/537.36 (compatible; Googlebot/2.1; +http://www.google.com/bot.html)"
74.7.243.204 - - [19/Dec/2025:15:06:31 +0300] "GET /521571266.phtml HTTP/1.1" 404 20 "-" "Mozilla/5.0 AppleWebKit/537.36 (KHTML, like Gecko; compatible; GPTBot/1.3; +https://openai.com/gptbot)"
85.208.96.210 - - [19/Dec/2025:15:06:45 +0300] "GET /121671458.phtml HTTP/1.1" 404 20 "-" "Mozilla/5.0 (compatible; SemrushBot/7~bl; +http://www.semrush.com/bot.html)"
85.208.96.211 - - [19/Dec/2025:15:07:09 +0300] "GET /43417436.phtml HTTP/1.1" 404 20 "-" "Mozilla/5.0 (compatible; SemrushBot/7~bl; +http://www.semrush.com/bot.html)"
40.77.167.27 - - [19/Dec/2025:15:07:12 +0300] "GET /509976452.phtml HTTP/2" 404 20 "-" "Mozilla/5.0 AppleWebKit/537.36 (KHTML, like Gecko; compatible; bingbot/2.0; +http://www.bing.com/bingbot.htm) Chrome/116.0.1938.76 Safari/537.36"
185.191.171.9 - - [19/Dec/2025:15:07:14 +0300] "GET /348432839.phtml HTTP/1.1" 404 20 "-" "Mozilla/5.0 (compatible; SemrushBot/7~bl; +http://www.semrush.com/bot.html)"
185.191.171.6 - - [19/Dec/2025:15:07:32 +0300] "GET /401879309.phtml HTTP/1.1" 404 20 "-" "Mozilla/5.0 (compatible; SemrushBot/7~bl; +http://www.semrush.com/bot.html)"
74.7.243.204 - - [19/Dec/2025:15:07:35 +0300] "GET /588259118.phtml HTTP/1.1" 404 20 "-" "Mozilla/5.0 AppleWebKit/537.36 (KHTML, like Gecko; compatible; GPTBot/1.3; +https://openai.com/gptbot)"
185.191.171.3 - - [19/Dec/2025:15:07:50 +0300] "GET /627423782.phtml HTTP/1.1" 404 20 "-" "Mozilla/5.0 (compatible; SemrushBot/7~bl; +http://www.semrush.com/bot.html)"
66.249.66.202 - - [19/Dec/2025:15:07:55 +0300] "GET /35444471.phtml HTTP/1.1" 404 20 "-" "Mozilla/5.0 (Linux; Android 6.0.1; Nexus 5X Build/MMB29P) AppleWebKit/537.36 (KHTML, like Gecko) Chrome/141.0.7390.122 Mobile Safari/537.36 (compatible; Googlebot/2.1; +http://www.google.com/bot.html)"
207.46.13.52 - - [19/Dec/2025:15:07:58 +0300] "GET /ctg/search/similarImageSearchResultView/?ctgItemCd=33636514 HTTP/2" 404 20 "-" "Mozilla/5.0 AppleWebKit/537.36 (KHTML, like Gecko; compatible; bingbot/2.0; +http://www.bing.com/bingbot.htm) Chrome/116.0.1938.76 Safari/537.36"
85.208.96.195 - - [19/Dec/2025:15:08:08 +0300] "GET /200713421.phtml HTTP/1.1" 404 20 "-" "Mozilla/5.0 (compatible; SemrushBot/7~bl; +http://www.semrush.com/bot.html)"
66.249.66.169 - - [19/Dec/2025:15:08:14 +0300] "GET /661907462.phtml HTTP/1.1" 404 20 "-" "Mozilla/5.0 (Linux; Android 6.0.1; Nexus 5X Build/MMB29P) AppleWebKit/537.36 (KHTML, like Gecko) Chrome/141.0.7390.122 Mobile Safari/537.36 (compatible; Googlebot/2.1; +http://www.google.com/bot.html)"
85.208.96.195 - - [19/Dec/2025:15:08:36 +0300] "GET /546116633.phtml HTTP/1.1" 404 20 "-" "Mozilla/5.0 (compatible; SemrushBot/7~bl; +http://www.semrush.com/bot.html)"
85.208.96.207 - - [19/Dec/2025:15:03:59 +0300] "GET /227612216.phtml HTTP/1.1" 404 20 "-" "Mozilla/5.0 (compatible; SemrushBot/7~bl; +http://www.semrush.com/bot.html)"
85.208.96.212 - - [19/Dec/2025:15:04:07 +0300] "GET /258978320.phtml HTTP/1.1" 404 20 "-" "Mozilla/5.0 (compatible; SemrushBot/7~bl; +http://www.semrush.com/bot.html)"
185.191.171.19 - - [19/Dec/2025:15:04:27 +0300] "GET /519351818.phtml HTTP/1.1" 404 20 "-" "Mozilla/5.0 (compatible; SemrushBot/7~bl; +http://www.semrush.com/bot.html)"
74.7.228.7 - - [19/Dec/2025:15:04:29 +0300] "GET /robots.txt HTTP/2" 404 20 "-" "Mozilla/5.0 (Macintosh; Intel Mac OS X 10_15_7) AppleWebKit/537.36 (KHTML, like Gecko) Chrome/131.0.0.0 Safari/537.36; compatible; OAI-SearchBot/1.3; robots.txt; +https://openai.com/searchbot"
185.170.167.18 - - [19/Dec/2025:15:04:30 +0300] "GET /109719287.phtml HTTP/1.1" 404 20 "-" "Mozilla/5.0 (compatible; BacklinksExtendedBot)"
185.191.171.1 - - [19/Dec/2025:15:04:56 +0300] "GET /398938910.phtml HTTP/1.1" 404 20 "-" "Mozilla/5.0 (compatible; SemrushBot/7~bl; +http://www.semrush.com/bot.html)"
85.208.96.200 - - [19/Dec/2025:15:05:07 +0300] "GET /88123328.phtml HTTP/1.1" 404 20 "-" "Mozilla/5.0 (compatible; SemrushBot/7~bl; +http://www.semrush.com/bot.html)"
185.191.171.13 - - [19/Dec/2025:15:05:13 +0300] "GET /272085260.phtml HTTP/1.1" 404 20 "-" "Mozilla/5.0 (compatible; SemrushBot/7~bl; +http://www.semrush.com/bot.html)"
74.7.243.204 - - [19/Dec/2025:15:05:29 +0300] "GET /353005022.phtml HTTP/1.1" 404 20 "-" "Mozilla/5.0 AppleWebKit/537.36 (KHTML, like Gecko; compatible; GPTBot/1.3; +https://openai.com/gptbot)"
157.55.39.197 - - [19/Dec/2025:15:05:49 +0300] "GET /681907904.phtml HTTP/2" 404 20 "-" "Mozilla/5.0 AppleWebKit/537.36 (KHTML, like Gecko; compatible; bingbot/2.0; +http://www.bing.com/bingbot.htm) Chrome/116.0.1938.76 Safari/537.36"
157.55.39.197 - - [19/Dec/2025:15:05:50 +0300] "GET /654424679.phtml HTTP/2" 404 20 "-" "Mozilla/5.0 AppleWebKit/537.36 (KHTML, like Gecko; compatible; bingbot/2.0; +http://www.bing.com/bingbot.htm) Chrome/116.0.1938.76 Safari/537.36"
157.55.39.197 - - [19/Dec/2025:15:05:51 +0300] "GET /691412861.phtml HTTP/2" 404 20 "-" "Mozilla/5.0 AppleWebKit/537.36 (KHTML, like Gecko; compatible; bingbot/2.0; +http://www.bing.com/bingbot.htm) Chrome/116.0.1938.76 Safari/537.36"
185.191.171.13 - - [19/Dec/2025:15:06:12 +0300] "GET /436796345.phtml HTTP/1.1" 404 20 "-" "Mozilla/5.0 (compatible; SemrushBot/7~bl; +http://www.semrush.com/bot.html)"
85.208.96.210 - - [19/Dec/2025:15:06:52 +0300] "GET /320435639.phtml HTTP/1.1" 404 20 "-" "Mozilla/5.0 (compatible; SemrushBot/7~bl; +http://www.semrush.com/bot.html)"
85.208.96.196 - - [19/Dec/2025:15:07:01 +0300] "GET /284039048.phtml HTTP/1.1" 404 20 "-" "Mozilla/5.0 (compatible; SemrushBot/7~bl; +http://www.semrush.com/bot.html)"
66.249.66.70 - - [19/Dec/2025:15:07:03 +0300] "GET /426144704.phtml HTTP/1.1" 404 20 "-" "Mozilla/5.0 (Linux; Android 6.0.1; Nexus 5X Build/MMB29P) AppleWebKit/537.36 (KHTML, like Gecko) Chrome/141.0.7390.122 Mobile Safari/537.36 (compatible; Googlebot/2.1; +http://www.google.com/bot.html)"
157.55.39.200 - - [19/Dec/2025:15:07:31 +0300] "GET /469730246.phtml HTTP/2" 404 20 "-" "Mozilla/5.0 AppleWebKit/537.36 (KHTML, like Gecko; compatible; bingbot/2.0; +http://www.bing.com/bingbot.htm) Chrome/116.0.1938.76 Safari/537.36"
85.208.96.197 - - [19/Dec/2025:15:08:22 +0300] "GET /393102002.phtml HTTP/1.1" 404 20 "-" "Mozilla/5.0 (compatible; SemrushBot/7~bl; +http://www.semrush.com/bot.html)"
185.170.167.18 - - [19/Dec/2025:15:08:33 +0300] "GET /95319440.phtml HTTP/1.1" 404 20 "-" "Mozilla/5.0 (compatible; BacklinksExtendedBot)"
207.46.13.52 - - [19/Dec/2025:15:08:39 +0300] "GET /288533615.phtml HTTP/2" 404 20 "-" "Mozilla/5.0 AppleWebKit/537.36 (KHTML, like Gecko; compatible; bingbot/2.0; +http://www.bing.com/bingbot.htm) Chrome/116.0.1938.76 Safari/537.36"
85.208.96.200 - - [19/Dec/2025:15:09:03 +0300] "GET /111385490.phtml HTTP/1.1" 404 20 "-" "Mozilla/5.0 (compatible; SemrushBot/7~bl; +http://www.semrush.com/bot.html)"
185.191.171.12 - - [19/Dec/2025:15:09:09 +0300] "GET /380743733.phtml HTTP/1.1" 404 20 "-" "Mozilla/5.0 (compatible; SemrushBot/7~bl; +http://www.semrush.com/bot.html)"
85.208.96.211 - - [19/Dec/2025:15:09:31 +0300] "GET /41549108.phtml HTTP/1.1" 404 20 "-" "Mozilla/5.0 (compatible; SemrushBot/7~bl; +http://www.semrush.com/bot.html)"
185.191.171.4 - - [19/Dec/2025:15:09:34 +0300] "GET /188396963.phtml HTTP/1.1" 404 20 "-" "Mozilla/5.0 (compatible; SemrushBot/7~bl; +http://www.semrush.com/bot.html)"
85.208.96.198 - - [19/Dec/2025:15:09:44 +0300] "GET /269046686.phtml HTTP/1.1" 404 20 "-" "Mozilla/5.0 (compatible; SemrushBot/7~bl; +http://www.semrush.com/bot.html)"
40.77.167.27 - - [19/Dec/2025:15:10:13 +0300] "GET /624339932.phtml HTTP/2" 404 20 "-" "Mozilla/5.0 AppleWebKit/537.36 (KHTML, like Gecko; compatible; bingbot/2.0; +http://www.bing.com/bingbot.htm) Chrome/116.0.1938.76 Safari/537.36"
85.208.96.205 - - [19/Dec/2025:15:10:48 +0300] "GET /145720406.phtml HTTP/1.1" 404 20 "-" "Mozilla/5.0 (compatible; SemrushBot/7~bl; +http://www.semrush.com/bot.html)"
85.208.96.194 - - [19/Dec/2025:15:10:54 +0300] "GET /570710741.phtml HTTP/1.1" 404 20 "-" "Mozilla/5.0 (compatible; SemrushBot/7~bl; +http://www.semrush.com/bot.html)"
66.249.66.6 - - [19/Dec/2025:15:11:02 +0300] "GET /195964292.phtml HTTP/1.1" 404 20 "-" "Mozilla/5.0 (Linux; Android 6.0.1; Nexus 5X Build/MMB29P) AppleWebKit/537.36 (KHTML, like Gecko) Chrome/141.0.7390.122 Mobile Safari/537.36 (compatible; Googlebot/2.1; +http://www.google.com/bot.html)"
40.77.167.27 - - [19/Dec/2025:15:11:04 +0300] "GET /431655209.phtml HTTP/2" 404 20 "-" "Mozilla/5.0 AppleWebKit/537.36 (KHTML, like Gecko; compatible; bingbot/2.0; +http://www.bing.com/bingbot.htm) Chrome/116.0.1938.76 Safari/537.36"
40.77.167.27 - - [19/Dec/2025:15:11:04 +0300] "GET /674592827.phtml HTTP/2" 404 20 "-" "Mozilla/5.0 AppleWebKit/537.36 (KHTML, like Gecko; compatible; bingbot/2.0; +http://www.bing.com/bingbot.htm) Chrome/116.0.1938.76 Safari/537.36"
40.77.167.27 - - [19/Dec/2025:15:11:06 +0300] "GET /230140280.phtml HTTP/2" 404 20 "-" "Mozilla/5.0 AppleWebKit/537.36 (KHTML, like Gecko; compatible; bingbot/2.0; +http://www.bing.com/bingbot.htm) Chrome/116.0.1938.76 Safari/537.36"
57.141.0.51 - - [19/Dec/2025:15:11:08 +0300] "GET /588780023.phtml HTTP/2" 404 0 "-" "meta-externalagent/1.1 (+https://developers.facebook.com/docs/sharing/webmasters/crawler)"
157.55.39.200 - - [19/Dec/2025:15:11:22 +0300] "GET /387480155.phtml HTTP/2" 404 20 "-" "Mozilla/5.0 AppleWebKit/537.36 (KHTML, like Gecko; compatible; bingbot/2.0; +http://www.bing.com/bingbot.htm) Chrome/116.0.1938.76 Safari/537.36"
85.208.96.194 - - [19/Dec/2025:15:11:26 +0300] "GET /214748981.phtml HTTP/1.1" 404 20 "-" "Mozilla/5.0 (compatible; SemrushBot/7~bl; +http://www.semrush.com/bot.html)"
66.249.66.42 - - [19/Dec/2025:15:11:29 +0300] "GET /484881074.phtml HTTP/1.1" 404 20 "-" "Mozilla/5.0 (Linux; Android 6.0.1; Nexus 5X Build/MMB29P) AppleWebKit/537.36 (KHTML, like Gecko) Chrome/141.0.7390.122 Mobile Safari/537.36 (compatible; Googlebot/2.1; +http://www.google.com/bot.html)"
207.46.13.52 - - [19/Dec/2025:15:11:30 +0300] "GET /656994554.phtml HTTP/2" 404 20 "-" "Mozilla/5.0 AppleWebKit/537.36 (KHTML, like Gecko; compatible; bingbot/2.0; +http://www.bing.com/bingbot.htm) Chrome/116.0.1938.76 Safari/537.36"
85.208.96.198 - - [19/Dec/2025:15:11:34 +0300] "GET /47572433.phtml HTTP/1.1" 404 20 "-" "Mozilla/5.0 (compatible; SemrushBot/7~bl; +http://www.semrush.com/bot.html)"
74.7.243.204 - - [19/Dec/2025:15:11:51 +0300] "GET /614376671.phtml HTTP/2" 404 20 "-" "Mozilla/5.0 AppleWebKit/537.36 (KHTML, like Gecko; compatible; GPTBot/1.3; +https://openai.com/gptbot)"
40.77.167.27 - - [19/Dec/2025:15:11:52 +0300] "GET /309886562.phtml HTTP/2" 404 20 "-" "Mozilla/5.0 AppleWebKit/537.36 (KHTML, like Gecko; compatible; bingbot/2.0; +http://www.bing.com/bingbot.htm) Chrome/116.0.1938.76 Safari/537.36"
66.249.66.68 - - [19/Dec/2025:15:08:37 +0300] "GET /408588011.phtml HTTP/1.1" 404 20 "-" "Mozilla/5.0 (Linux; Android 6.0.1; Nexus 5X Build/MMB29P) AppleWebKit/537.36 (KHTML, like Gecko) Chrome/141.0.7390.122 Mobile Safari/537.36 (compatible; Googlebot/2.1; +http://www.google.com/bot.html)"
74.7.243.204 - - [19/Dec/2025:15:08:38 +0300] "GET /627217730.phtml HTTP/1.1" 404 20 "-" "Mozilla/5.0 AppleWebKit/537.36 (KHTML, like Gecko; compatible; GPTBot/1.3; +https://openai.com/gptbot)"
185.191.171.16 - - [19/Dec/2025:15:08:52 +0300] "GET /663643889.phtml HTTP/1.1" 404 20 "-" "Mozilla/5.0 (compatible; SemrushBot/7~bl; +http://www.semrush.com/bot.html)"
185.191.171.18 - - [19/Dec/2025:15:09:07 +0300] "GET /494574296.phtml HTTP/1.1" 404 20 "-" "Mozilla/5.0 (compatible; SemrushBot/7~bl; +http://www.semrush.com/bot.html)"
40.77.167.27 - - [19/Dec/2025:15:09:14 +0300] "GET /9306821.phtml HTTP/2" 404 20 "-" "Mozilla/5.0 AppleWebKit/537.36 (KHTML, like Gecko; compatible; bingbot/2.0; +http://www.bing.com/bingbot.htm) Chrome/116.0.1938.76 Safari/537.36"
157.55.39.200 - - [19/Dec/2025:15:09:20 +0300] "GET /578285462.phtml HTTP/2" 404 20 "-" "Mozilla/5.0 AppleWebKit/537.36 (KHTML, like Gecko; compatible; bingbot/2.0; +http://www.bing.com/bingbot.htm) Chrome/116.0.1938.76 Safari/537.36"
185.191.171.16 - - [19/Dec/2025:15:09:42 +0300] "GET /367441829.phtml HTTP/1.1" 404 20 "-" "Mozilla/5.0 (compatible; SemrushBot/7~bl; +http://www.semrush.com/bot.html)"
185.191.171.13 - - [19/Dec/2025:15:10:10 +0300] "GET /366535847.phtml HTTP/1.1" 404 20 "-" "Mozilla/5.0 (compatible; SemrushBot/7~bl; +http://www.semrush.com/bot.html)"
85.208.96.201 - - [19/Dec/2025:15:10:19 +0300] "GET /290860709.phtml HTTP/1.1" 404 20 "-" "Mozilla/5.0 (compatible; SemrushBot/7~bl; +http://www.semrush.com/bot.html)"
157.55.39.200 - - [19/Dec/2025:15:10:21 +0300] "GET /656052998.phtml HTTP/2" 404 20 "-" "Mozilla/5.0 AppleWebKit/537.36 (KHTML, like Gecko; compatible; bingbot/2.0; +http://www.bing.com/bingbot.htm) Chrome/116.0.1938.76 Safari/537.36"
74.7.228.7 - - [19/Dec/2025:15:10:47 +0300] "GET /robots.txt HTTP/2" 404 20 "-" "Mozilla/5.0 (Macintosh; Intel Mac OS X 10_15_7) AppleWebKit/537.36 (KHTML, like Gecko) Chrome/131.0.0.0 Safari/537.36; compatible; OAI-SearchBot/1.3; robots.txt; +https://openai.com/searchbot"
157.55.39.200 - - [19/Dec/2025:15:11:01 +0300] "GET /584742605.phtml HTTP/2" 404 20 "-" "Mozilla/5.0 AppleWebKit/537.36 (KHTML, like Gecko; compatible; bingbot/2.0; +http://www.bing.com/bingbot.htm) Chrome/116.0.1938.76 Safari/537.36"
207.46.13.52 - - [19/Dec/2025:15:11:11 +0300] "GET /597549707.phtml HTTP/2" 404 20 "-" "Mozilla/5.0 AppleWebKit/537.36 (KHTML, like Gecko; compatible; bingbot/2.0; +http://www.bing.com/bingbot.htm) Chrome/116.0.1938.76 Safari/537.36"
207.46.13.52 - - [19/Dec/2025:15:11:13 +0300] "GET /352399571.phtml HTTP/2" 404 20 "-" "Mozilla/5.0 AppleWebKit/537.36 (KHTML, like Gecko; compatible; bingbot/2.0; +http://www.bing.com/bingbot.htm) Chrome/116.0.1938.76 Safari/537.36"
185.191.171.18 - - [19/Dec/2025:15:11:17 +0300] "GET /39771794.phtml HTTP/1.1" 404 20 "-" "Mozilla/5.0 (compatible; SemrushBot/7~bl; +http://www.semrush.com/bot.html)"
185.191.171.4 - - [19/Dec/2025:15:11:32 +0300] "GET /511248107.phtml HTTP/1.1" 404 20 "-" "Mozilla/5.0 (compatible; SemrushBot/7~bl; +http://www.semrush.com/bot.html)"
57.141.0.42 - - [19/Dec/2025:15:12:19 +0300] "GET /381523991.shtml HTTP/2" 404 0 "-" "meta-externalagent/1.1 (+https://developers.facebook.com/docs/sharing/webmasters/crawler)"
85.208.96.198 - - [19/Dec/2025:15:12:23 +0300] "GET /272701106.phtml HTTP/1.1" 404 20 "-" "Mozilla/5.0 (compatible; SemrushBot/7~bl; +http://www.semrush.com/bot.html)"
114.119.133.201 - - [19/Dec/2025:15:12:42 +0300] "GET /95164439.phtml HTTP/1.1" 404 20 "https://survivorshoes.com/sitemap-19.xml" "Mozilla/5.0 (Linux; Android 7.0;) AppleWebKit/537.36 (KHTML, like Gecko) Mobile Safari/537.36 (compatible; PetalBot;+https://webmaster.petalsearch.com/site/petalbot)"
40.77.167.27 - - [19/Dec/2025:15:11:53 +0300] "GET /559757183.phtml HTTP/2" 404 20 "-" "Mozilla/5.0 AppleWebKit/537.36 (KHTML, like Gecko; compatible; bingbot/2.0; +http://www.bing.com/bingbot.htm) Chrome/116.0.1938.76 Safari/537.36"
185.191.171.5 - - [19/Dec/2025:15:11:53 +0300] "GET /396376427.phtml HTTP/1.1" 404 20 "-" "Mozilla/5.0 (compatible; SemrushBot/7~bl; +http://www.semrush.com/bot.html)"
66.249.66.43 - - [19/Dec/2025:15:12:13 +0300] "GET /598474862.phtml HTTP/1.1" 404 20 "-" "Mozilla/5.0 (Linux; Android 6.0.1; Nexus 5X Build/MMB29P) AppleWebKit/537.36 (KHTML, like Gecko) Chrome/141.0.7390.122 Mobile Safari/537.36 (compatible; Googlebot/2.1; +http://www.google.com/bot.html)"
185.191.171.11 - - [19/Dec/2025:15:12:13 +0300] "GET /132086093.phtml HTTP/1.1" 404 20 "-" "Mozilla/5.0 (compatible; SemrushBot/7~bl; +http://www.semrush.com/bot.html)"
204.12.252.98 - - [19/Dec/2025:15:12:18 +0300] "GET /wp-includes/im9c5db8/edit.php HTTP/1.1" 404 20 "https://survivorshoes.com/wp-includes/im9c5db8/edit.php" "Mozilla/5.0 (Windows NT 10.0; Win64; x64) AppleWebKit/537.36 (KHTML, like Gecko) Chrome/58.0.3029.110 Safari/537.3"
207.46.13.52 - - [19/Dec/2025:15:12:21 +0300] "GET /99066722.phtml HTTP/2" 404 20 "-" "Mozilla/5.0 AppleWebKit/537.36 (KHTML, like Gecko; compatible; bingbot/2.0; +http://www.bing.com/bingbot.htm) Chrome/116.0.1938.76 Safari/537.36"
85.208.96.210 - - [19/Dec/2025:15:12:32 +0300] "GET /13208642.phtml HTTP/1.1" 404 20 "-" "Mozilla/5.0 (compatible; SemrushBot/7~bl; +http://www.semrush.com/bot.html)"
157.55.39.200 - - [19/Dec/2025:15:12:42 +0300] "GET /124494278.phtml HTTP/2" 404 20 "-" "Mozilla/5.0 AppleWebKit/537.36 (KHTML, like Gecko; compatible; bingbot/2.0; +http://www.bing.com/bingbot.htm) Chrome/116.0.1938.76 Safari/537.36"
85.208.96.207 - - [19/Dec/2025:15:12:52 +0300] "GET /556285946.phtml HTTP/1.1" 404 20 "-" "Mozilla/5.0 (compatible; SemrushBot/7~bl; +http://www.semrush.com/bot.html)"
185.191.171.2 - - [19/Dec/2025:15:13:31 +0300] "GET /326566148.phtml HTTP/1.1" 404 20 "-" "Mozilla/5.0 (compatible; SemrushBot/7~bl; +http://www.semrush.com/bot.html)"
185.191.171.14 - - [19/Dec/2025:15:13:33 +0300] "GET /300522746.phtml HTTP/1.1" 404 20 "-" "Mozilla/5.0 (compatible; SemrushBot/7~bl; +http://www.semrush.com/bot.html)"
66.249.66.202 - - [19/Dec/2025:15:13:33 +0300] "GET /403363484.phtml HTTP/1.1" 404 20 "-" "Mozilla/5.0 (Linux; Android 6.0.1; Nexus 5X Build/MMB29P) AppleWebKit/537.36 (KHTML, like Gecko) Chrome/141.0.7390.122 Mobile Safari/537.36 (compatible; Googlebot/2.1; +http://www.google.com/bot.html)"
57.141.0.48 - - [19/Dec/2025:15:13:53 +0300] "GET /395947841.shtml HTTP/2" 404 0 "-" "meta-externalagent/1.1 (+https://developers.facebook.com/docs/sharing/webmasters/crawler)"
157.55.39.200 - - [19/Dec/2025:15:13:57 +0300] "GET /143730110.phtml HTTP/2" 404 20 "-" "Mozilla/5.0 AppleWebKit/537.36 (KHTML, like Gecko; compatible; bingbot/2.0; +http://www.bing.com/bingbot.htm) Chrome/116.0.1938.76 Safari/537.36"
185.191.171.19 - - [19/Dec/2025:15:13:58 +0300] "GET /10172378.phtml HTTP/1.1" 404 20 "-" "Mozilla/5.0 (compatible; SemrushBot/7~bl; +http://www.semrush.com/bot.html)"
185.191.171.2 - - [19/Dec/2025:15:14:31 +0300] "GET /384315455.phtml HTTP/1.1" 404 20 "-" "Mozilla/5.0 (compatible; SemrushBot/7~bl; +http://www.semrush.com/bot.html)"
40.77.167.27 - - [19/Dec/2025:15:14:42 +0300] "GET /514942028.phtml HTTP/2" 404 20 "-" "Mozilla/5.0 AppleWebKit/537.36 (KHTML, like Gecko; compatible; bingbot/2.0; +http://www.bing.com/bingbot.htm) Chrome/116.0.1938.76 Safari/537.36"
207.46.13.52 - - [19/Dec/2025:15:14:50 +0300] "GET /238520267.phtml HTTP/2" 404 20 "-" "Mozilla/5.0 AppleWebKit/537.36 (KHTML, like Gecko; compatible; bingbot/2.0; +http://www.bing.com/bingbot.htm) Chrome/116.0.1938.76 Safari/537.36"
207.46.13.52 - - [19/Dec/2025:15:14:51 +0300] "GET /298653032.phtml HTTP/2" 404 20 "-" "Mozilla/5.0 AppleWebKit/537.36 (KHTML, like Gecko; compatible; bingbot/2.0; +http://www.bing.com/bingbot.htm) Chrome/116.0.1938.76 Safari/537.36"
57.141.0.11 - - [19/Dec/2025:15:12:44 +0300] "GET /377759444.phtml HTTP/2" 404 0 "-" "meta-externalagent/1.1 (+https://developers.facebook.com/docs/sharing/webmasters/crawler)"
74.7.243.204 - - [19/Dec/2025:15:12:53 +0300] "GET /684896582.phtml HTTP/2" 404 20 "-" "Mozilla/5.0 AppleWebKit/537.36 (KHTML, like Gecko; compatible; GPTBot/1.3; +https://openai.com/gptbot)"
207.46.13.52 - - [19/Dec/2025:15:13:00 +0300] "GET /428754080.phtml HTTP/2" 404 20 "-" "Mozilla/5.0 AppleWebKit/537.36 (KHTML, like Gecko; compatible; bingbot/2.0; +http://www.bing.com/bingbot.htm) Chrome/116.0.1938.76 Safari/537.36"
207.46.13.52 - - [19/Dec/2025:15:13:02 +0300] "GET /25301492.phtml HTTP/2" 404 20 "-" "Mozilla/5.0 AppleWebKit/537.36 (KHTML, like Gecko; compatible; bingbot/2.0; +http://www.bing.com/bingbot.htm) Chrome/116.0.1938.76 Safari/537.36"
185.191.171.3 - - [19/Dec/2025:15:13:03 +0300] "GET /77834588.phtml HTTP/1.1" 404 20 "-" "Mozilla/5.0 (compatible; SemrushBot/7~bl; +http://www.semrush.com/bot.html)"
85.208.96.212 - - [19/Dec/2025:15:13:17 +0300] "GET /129856943.phtml HTTP/1.1" 404 20 "-" "Mozilla/5.0 (compatible; SemrushBot/7~bl; +http://www.semrush.com/bot.html)"
74.7.243.204 - - [19/Dec/2025:15:13:53 +0300] "GET /586436066.phtml HTTP/2" 404 20 "-" "Mozilla/5.0 AppleWebKit/537.36 (KHTML, like Gecko; compatible; GPTBot/1.3; +https://openai.com/gptbot)"
207.46.13.52 - - [19/Dec/2025:15:13:55 +0300] "GET /527574494.phtml HTTP/2" 404 20 "-" "Mozilla/5.0 AppleWebKit/537.36 (KHTML, like Gecko; compatible; bingbot/2.0; +http://www.bing.com/bingbot.htm) Chrome/116.0.1938.76 Safari/537.36"
207.46.13.52 - - [19/Dec/2025:15:13:55 +0300] "GET /629162057.phtml HTTP/2" 404 20 "-" "Mozilla/5.0 AppleWebKit/537.36 (KHTML, like Gecko; compatible; bingbot/2.0; +http://www.bing.com/bingbot.htm) Chrome/116.0.1938.76 Safari/537.36"
85.208.96.206 - - [19/Dec/2025:15:13:56 +0300] "GET /390715541.phtml HTTP/1.1" 404 20 "-" "Mozilla/5.0 (compatible; SemrushBot/7~bl; +http://www.semrush.com/bot.html)"
185.191.171.3 - - [19/Dec/2025:15:14:20 +0300] "GET /474580553.phtml HTTP/1.1" 404 20 "-" "Mozilla/5.0 (compatible; SemrushBot/7~bl; +http://www.semrush.com/bot.html)"
85.208.96.195 - - [19/Dec/2025:15:14:22 +0300] "GET /378832208.phtml HTTP/1.1" 404 20 "-" "Mozilla/5.0 (compatible; SemrushBot/7~bl; +http://www.semrush.com/bot.html)"
85.208.96.211 - - [19/Dec/2025:15:14:55 +0300] "GET /173895938.phtml HTTP/1.1" 404 20 "-" "Mozilla/5.0 (compatible; SemrushBot/7~bl; +http://www.semrush.com/bot.html)"
74.7.243.204 - - [19/Dec/2025:15:14:58 +0300] "GET /457940699.phtml HTTP/2" 404 20 "-" "Mozilla/5.0 AppleWebKit/537.36 (KHTML, like Gecko; compatible; GPTBot/1.3; +https://openai.com/gptbot)"
66.249.66.43 - - [19/Dec/2025:15:15:09 +0300] "GET /378994601.phtml HTTP/1.1" 404 20 "-" "Mozilla/5.0 (Linux; Android 6.0.1; Nexus 5X Build/MMB29P) AppleWebKit/537.36 (KHTML, like Gecko) Chrome/141.0.7390.122 Mobile Safari/537.36 (compatible; Googlebot/2.1; +http://www.google.com/bot.html)"
85.208.96.200 - - [19/Dec/2025:15:15:53 +0300] "GET /66341645.phtml HTTP/1.1" 404 20 "-" "Mozilla/5.0 (compatible; SemrushBot/7~bl; +http://www.semrush.com/bot.html)"
85.208.96.198 - - [19/Dec/2025:15:16:09 +0300] "GET /502517000.phtml HTTP/1.1" 404 20 "-" "Mozilla/5.0 (compatible; SemrushBot/7~bl; +http://www.semrush.com/bot.html)"
207.46.13.52 - - [19/Dec/2025:15:16:20 +0300] "GET /394348940.phtml HTTP/2" 404 20 "-" "Mozilla/5.0 AppleWebKit/537.36 (KHTML, like Gecko; compatible; bingbot/2.0; +http://www.bing.com/bingbot.htm) Chrome/116.0.1938.76 Safari/537.36"
85.208.96.208 - - [19/Dec/2025:15:16:39 +0300] "GET /479099375.phtml HTTP/1.1" 404 20 "-" "Mozilla/5.0 (compatible; SemrushBot/7~bl; +http://www.semrush.com/bot.html)"
74.7.228.7 - - [19/Dec/2025:15:17:04 +0300] "GET /robots.txt HTTP/2" 404 20 "-" "Mozilla/5.0 (Macintosh; Intel Mac OS X 10_15_7) AppleWebKit/537.36 (KHTML, like Gecko) Chrome/131.0.0.0 Safari/537.36; compatible; OAI-SearchBot/1.3; robots.txt; +https://openai.com/searchbot"
207.46.13.107 - - [19/Dec/2025:15:14:51 +0300] "GET /524541695.phtml HTTP/2" 404 20 "-" "Mozilla/5.0 AppleWebKit/537.36 (KHTML, like Gecko; compatible; bingbot/2.0; +http://www.bing.com/bingbot.htm) Chrome/116.0.1938.76 Safari/537.36"
185.191.171.11 - - [19/Dec/2025:15:14:59 +0300] "GET /503316722.phtml HTTP/1.1" 404 20 "-" "Mozilla/5.0 (compatible; SemrushBot/7~bl; +http://www.semrush.com/bot.html)"
207.46.13.107 - - [19/Dec/2025:15:15:01 +0300] "GET /41532014.phtml HTTP/2" 404 20 "-" "Mozilla/5.0 AppleWebKit/537.36 (KHTML, like Gecko; compatible; bingbot/2.0; +http://www.bing.com/bingbot.htm) Chrome/116.0.1938.76 Safari/537.36"
207.46.13.107 - - [19/Dec/2025:15:15:01 +0300] "GET /515642420.phtml HTTP/2" 404 20 "-" "Mozilla/5.0 AppleWebKit/537.36 (KHTML, like Gecko; compatible; bingbot/2.0; +http://www.bing.com/bingbot.htm) Chrome/116.0.1938.76 Safari/537.36"
207.46.13.107 - - [19/Dec/2025:15:15:11 +0300] "GET /229151600.phtml HTTP/2" 404 20 "-" "Mozilla/5.0 AppleWebKit/537.36 (KHTML, like Gecko; compatible; bingbot/2.0; +http://www.bing.com/bingbot.htm) Chrome/116.0.1938.76 Safari/537.36"
207.46.13.107 - - [19/Dec/2025:15:15:20 +0300] "GET /112544186.phtml HTTP/2" 404 20 "-" "Mozilla/5.0 AppleWebKit/537.36 (KHTML, like Gecko; compatible; bingbot/2.0; +http://www.bing.com/bingbot.htm) Chrome/116.0.1938.76 Safari/537.36"
85.208.96.206 - - [19/Dec/2025:15:15:21 +0300] "GET /660809057.phtml HTTP/1.1" 404 20 "-" "Mozilla/5.0 (compatible; SemrushBot/7~bl; +http://www.semrush.com/bot.html)"
85.208.96.197 - - [19/Dec/2025:15:15:30 +0300] "GET /20050400.phtml HTTP/1.1" 404 20 "-" "Mozilla/5.0 (compatible; SemrushBot/7~bl; +http://www.semrush.com/bot.html)"
85.208.96.211 - - [19/Dec/2025:15:15:33 +0300] "GET /190237109.phtml HTTP/1.1" 404 20 "-" "Mozilla/5.0 (compatible; SemrushBot/7~bl; +http://www.semrush.com/bot.html)"
185.191.171.19 - - [19/Dec/2025:15:16:11 +0300] "GET /48106967.phtml HTTP/1.1" 404 20 "-" "Mozilla/5.0 (compatible; SemrushBot/7~bl; +http://www.semrush.com/bot.html)"
66.249.92.133 - - [19/Dec/2025:15:16:20 +0300] "GET /572742386.phtml HTTP/1.1" 404 20 "-" "Mozilla/5.0 (X11; Linux x86_64) AppleWebKit/537.36 (KHTML, like Gecko) Chrome/141.0.7390.122 Safari/537.36"
185.191.171.14 - - [19/Dec/2025:15:16:26 +0300] "GET /285441911.phtml HTTP/1.1" 404 20 "-" "Mozilla/5.0 (compatible; SemrushBot/7~bl; +http://www.semrush.com/bot.html)"
74.7.243.204 - - [19/Dec/2025:15:17:03 +0300] "GET /552659939.phtml HTTP/2" 404 20 "-" "Mozilla/5.0 AppleWebKit/537.36 (KHTML, like Gecko; compatible; GPTBot/1.3; +https://openai.com/gptbot)"
185.191.171.11 - - [19/Dec/2025:15:17:05 +0300] "GET /224031947.phtml HTTP/1.1" 404 20 "-" "Mozilla/5.0 (compatible; SemrushBot/7~bl; +http://www.semrush.com/bot.html)"
85.208.96.201 - - [19/Dec/2025:15:17:11 +0300] "GET /671986454.phtml HTTP/1.1" 404 20 "-" "Mozilla/5.0 (compatible; SemrushBot/7~bl; +http://www.semrush.com/bot.html)"
207.46.13.107 - - [19/Dec/2025:15:17:32 +0300] "GET /594747215.phtml HTTP/2" 404 20 "-" "Mozilla/5.0 AppleWebKit/537.36 (KHTML, like Gecko; compatible; bingbot/2.0; +http://www.bing.com/bingbot.htm) Chrome/116.0.1938.76 Safari/537.36"
185.191.171.12 - - [19/Dec/2025:15:17:33 +0300] "GET /280003709.phtml HTTP/1.1" 404 20 "-" "Mozilla/5.0 (compatible; SemrushBot/7~bl; +http://www.semrush.com/bot.html)"
185.191.171.12 - - [19/Dec/2025:15:17:40 +0300] "GET /432364610.phtml HTTP/1.1" 404 20 "-" "Mozilla/5.0 (compatible; SemrushBot/7~bl; +http://www.semrush.com/bot.html)"
185.191.171.14 - - [19/Dec/2025:15:17:44 +0300] "GET /95343926.phtml HTTP/1.1" 404 20 "-" "Mozilla/5.0 (compatible; SemrushBot/7~bl; +http://www.semrush.com/bot.html)"
185.191.171.8 - - [19/Dec/2025:15:17:46 +0300] "GET /604650878.phtml HTTP/1.1" 404 20 "-" "Mozilla/5.0 (compatible; SemrushBot/7~bl; +http://www.semrush.com/bot.html)"
185.191.171.8 - - [19/Dec/2025:15:17:48 +0300] "GET /389510183.phtml HTTP/1.1" 404 20 "-" "Mozilla/5.0 (compatible; SemrushBot/7~bl; +http://www.semrush.com/bot.html)"
85.208.96.198 - - [19/Dec/2025:15:17:07 +0300] "GET /65146682.phtml HTTP/1.1" 404 20 "-" "Mozilla/5.0 (compatible; SemrushBot/7~bl; +http://www.semrush.com/bot.html)"
52.167.144.142 - - [19/Dec/2025:15:18:05 +0300] "GET /282995621.phtml HTTP/2" 404 20 "-" "Mozilla/5.0 AppleWebKit/537.36 (KHTML, like Gecko; compatible; bingbot/2.0; +http://www.bing.com/bingbot.htm) Chrome/116.0.1938.76 Safari/537.36"
85.208.96.198 - - [19/Dec/2025:15:18:52 +0300] "GET /95974325.phtml HTTP/1.1" 404 20 "-" "Mozilla/5.0 (compatible; SemrushBot/7~bl; +http://www.semrush.com/bot.html)"
85.208.96.208 - - [19/Dec/2025:15:18:55 +0300] "GET /167942606.phtml HTTP/1.1" 404 20 "-" "Mozilla/5.0 (compatible; SemrushBot/7~bl; +http://www.semrush.com/bot.html)"
74.7.243.204 - - [19/Dec/2025:15:19:09 +0300] "GET /392968022.phtml HTTP/2" 404 20 "-" "Mozilla/5.0 AppleWebKit/537.36 (KHTML, like Gecko; compatible; GPTBot/1.3; +https://openai.com/gptbot)"
185.191.171.14 - - [19/Dec/2025:15:19:24 +0300] "GET /107182907.phtml HTTP/1.1" 404 20 "-" "Mozilla/5.0 (compatible; SemrushBot/7~bl; +http://www.semrush.com/bot.html)"
85.208.96.193 - - [19/Dec/2025:15:19:35 +0300] "GET /robots.txt HTTP/1.1" 404 20 "-" "Mozilla/5.0 (compatible; SemrushBot/7~bl; +http://www.semrush.com/bot.html)"
