185.191.171.5 - - [18/Dec/2025:08:46:41 +0300] "GET /51388322.phtml HTTP/1.1" 404 20 "-" "Mozilla/5.0 (compatible; SemrushBot/7~bl; +http://www.semrush.com/bot.html)"
66.249.66.70 - - [18/Dec/2025:08:46:48 +0300] "GET /433261352.phtml HTTP/1.1" 404 20 "-" "Mozilla/5.0 (Linux; Android 6.0.1; Nexus 5X Build/MMB29P) AppleWebKit/537.36 (KHTML, like Gecko) Chrome/141.0.7390.122 Mobile Safari/537.36 (compatible; Googlebot/2.1; +http://www.google.com/bot.html)"
85.208.96.199 - - [18/Dec/2025:08:46:56 +0300] "GET /631679264.phtml HTTP/1.1" 404 20 "-" "Mozilla/5.0 (compatible; SemrushBot/7~bl; +http://www.semrush.com/bot.html)"
185.191.171.2 - - [18/Dec/2025:08:47:35 +0300] "GET /110562437.phtml HTTP/1.1" 404 20 "-" "Mozilla/5.0 (compatible; SemrushBot/7~bl; +http://www.semrush.com/bot.html)"
185.191.171.9 - - [18/Dec/2025:08:47:38 +0300] "GET /527332406.phtml HTTP/1.1" 404 20 "-" "Mozilla/5.0 (compatible; SemrushBot/7~bl; +http://www.semrush.com/bot.html)"
185.191.171.8 - - [18/Dec/2025:08:48:06 +0300] "GET /129148697.phtml HTTP/1.1" 404 20 "-" "Mozilla/5.0 (compatible; SemrushBot/7~bl; +http://www.semrush.com/bot.html)"
85.208.96.207 - - [18/Dec/2025:08:48:08 +0300] "GET /314170457.phtml HTTP/1.1" 404 20 "-" "Mozilla/5.0 (compatible; SemrushBot/7~bl; +http://www.semrush.com/bot.html)"
85.208.96.202 - - [18/Dec/2025:08:48:40 +0300] "GET /220418183.phtml HTTP/1.1" 404 20 "-" "Mozilla/5.0 (compatible; SemrushBot/7~bl; +http://www.semrush.com/bot.html)"
185.191.171.15 - - [18/Dec/2025:08:49:01 +0300] "GET /162492161.phtml HTTP/1.1" 404 20 "-" "Mozilla/5.0 (compatible; SemrushBot/7~bl; +http://www.semrush.com/bot.html)"
185.191.171.13 - - [18/Dec/2025:08:49:27 +0300] "GET /1835357.phtml HTTP/1.1" 404 20 "-" "Mozilla/5.0 (compatible; SemrushBot/7~bl; +http://www.semrush.com/bot.html)"
57.141.0.15 - - [18/Dec/2025:08:49:32 +0300] "GET /96091091.shtml HTTP/2" 404 0 "-" "meta-externalagent/1.1 (+https://developers.facebook.com/docs/sharing/webmasters/crawler)"
85.208.96.210 - - [18/Dec/2025:08:49:57 +0300] "GET /182598170.phtml HTTP/1.1" 404 20 "-" "Mozilla/5.0 (compatible; SemrushBot/7~bl; +http://www.semrush.com/bot.html)"
185.191.171.17 - - [18/Dec/2025:08:50:17 +0300] "GET /603594053.phtml HTTP/1.1" 404 20 "-" "Mozilla/5.0 (compatible; SemrushBot/7~bl; +http://www.semrush.com/bot.html)"
185.191.171.9 - - [18/Dec/2025:08:50:48 +0300] "GET /323638223.phtml HTTP/1.1" 404 20 "-" "Mozilla/5.0 (compatible; SemrushBot/7~bl; +http://www.semrush.com/bot.html)"
85.208.96.206 - - [18/Dec/2025:08:51:21 +0300] "GET /343450862.phtml HTTP/1.1" 404 20 "-" "Mozilla/5.0 (compatible; SemrushBot/7~bl; +http://www.semrush.com/bot.html)"
185.191.171.2 - - [18/Dec/2025:08:51:26 +0300] "GET /403891550.phtml HTTP/1.1" 404 20 "-" "Mozilla/5.0 (compatible; SemrushBot/7~bl; +http://www.semrush.com/bot.html)"
40.77.167.126 - - [18/Dec/2025:08:51:37 +0300] "GET /172452188.phtml HTTP/2" 404 20 "-" "Mozilla/5.0 AppleWebKit/537.36 (KHTML, like Gecko; compatible; bingbot/2.0; +http://www.bing.com/bingbot.htm) Chrome/116.0.1938.76 Safari/537.36"
185.191.171.6 - - [18/Dec/2025:08:51:48 +0300] "GET /413299025.phtml HTTP/1.1" 404 20 "-" "Mozilla/5.0 (compatible; SemrushBot/7~bl; +http://www.semrush.com/bot.html)"
74.7.227.44 - - [18/Dec/2025:08:51:49 +0300] "GET /295151996.phtml HTTP/2" 404 20 "-" "Mozilla/5.0 AppleWebKit/537.36 (KHTML, like Gecko; compatible; GPTBot/1.3; +https://openai.com/gptbot)"
85.208.96.210 - - [18/Dec/2025:08:52:21 +0300] "GET /514748219.phtml HTTP/1.1" 404 20 "-" "Mozilla/5.0 (compatible; SemrushBot/7~bl; +http://www.semrush.com/bot.html)"
40.77.167.126 - - [18/Dec/2025:08:49:56 +0300] "GET /211518446.phtml HTTP/2" 404 20 "-" "Mozilla/5.0 AppleWebKit/537.36 (KHTML, like Gecko; compatible; bingbot/2.0; +http://www.bing.com/bingbot.htm) Chrome/116.0.1938.76 Safari/537.36"
185.191.171.15 - - [18/Dec/2025:08:50:24 +0300] "GET /689716166.phtml HTTP/1.1" 404 20 "-" "Mozilla/5.0 (compatible; SemrushBot/7~bl; +http://www.semrush.com/bot.html)"
85.208.96.210 - - [18/Dec/2025:08:50:45 +0300] "GET /398575316.phtml HTTP/1.1" 404 20 "-" "Mozilla/5.0 (compatible; SemrushBot/7~bl; +http://www.semrush.com/bot.html)"
52.167.144.195 - - [18/Dec/2025:08:51:28 +0300] "GET /182197154.phtml HTTP/2" 404 20 "-" "Mozilla/5.0 AppleWebKit/537.36 (KHTML, like Gecko; compatible; bingbot/2.0; +http://www.bing.com/bingbot.htm) Chrome/116.0.1938.76 Safari/537.36"
185.191.171.12 - - [18/Dec/2025:08:51:57 +0300] "GET /51432674.phtml HTTP/1.1" 404 20 "-" "Mozilla/5.0 (compatible; SemrushBot/7~bl; +http://www.semrush.com/bot.html)"
185.191.171.1 - - [18/Dec/2025:08:52:13 +0300] "GET /21331526.phtml HTTP/1.1" 404 20 "-" "Mozilla/5.0 (compatible; SemrushBot/7~bl; +http://www.semrush.com/bot.html)"
185.191.171.15 - - [18/Dec/2025:08:52:19 +0300] "GET /235246997.phtml HTTP/1.1" 404 20 "-" "Mozilla/5.0 (compatible; SemrushBot/7~bl; +http://www.semrush.com/bot.html)"
185.191.171.14 - - [18/Dec/2025:08:52:29 +0300] "GET /122799662.phtml HTTP/1.1" 404 20 "-" "Mozilla/5.0 (compatible; SemrushBot/7~bl; +http://www.semrush.com/bot.html)"
85.208.96.200 - - [18/Dec/2025:08:52:42 +0300] "GET /220420493.phtml HTTP/1.1" 404 20 "-" "Mozilla/5.0 (compatible; SemrushBot/7~bl; +http://www.semrush.com/bot.html)"
185.191.171.7 - - [18/Dec/2025:08:52:43 +0300] "GET /18627902.phtml HTTP/1.1" 404 20 "-" "Mozilla/5.0 (compatible; SemrushBot/7~bl; +http://www.semrush.com/bot.html)"
74.7.227.44 - - [18/Dec/2025:08:52:54 +0300] "GET /671021105.phtml HTTP/2" 404 20 "-" "Mozilla/5.0 AppleWebKit/537.36 (KHTML, like Gecko; compatible; GPTBot/1.3; +https://openai.com/gptbot)"
85.208.96.212 - - [18/Dec/2025:08:53:03 +0300] "GET /369834989.phtml HTTP/1.1" 404 20 "-" "Mozilla/5.0 (compatible; SemrushBot/7~bl; +http://www.semrush.com/bot.html)"
85.208.96.210 - - [18/Dec/2025:08:53:31 +0300] "GET /341029520.phtml HTTP/1.1" 404 20 "-" "Mozilla/5.0 (compatible; SemrushBot/7~bl; +http://www.semrush.com/bot.html)"
85.208.96.204 - - [18/Dec/2025:08:53:37 +0300] "GET /81661796.phtml HTTP/1.1" 404 20 "-" "Mozilla/5.0 (compatible; SemrushBot/7~bl; +http://www.semrush.com/bot.html)"
66.249.66.203 - - [18/Dec/2025:08:54:16 +0300] "GET /432916469.phtml HTTP/1.1" 404 20 "-" "Mozilla/5.0 (Linux; Android 6.0.1; Nexus 5X Build/MMB29P) AppleWebKit/537.36 (KHTML, like Gecko) Chrome/141.0.7390.122 Mobile Safari/537.36 (compatible; Googlebot/2.1; +http://www.google.com/bot.html)"
66.249.66.68 - - [18/Dec/2025:08:54:27 +0300] "GET /457565324.phtml HTTP/1.1" 404 20 "-" "Mozilla/5.0 (Linux; Android 6.0.1; Nexus 5X Build/MMB29P) AppleWebKit/537.36 (KHTML, like Gecko) Chrome/141.0.7390.122 Mobile Safari/537.36 (compatible; Googlebot/2.1; +http://www.google.com/bot.html)"
85.208.96.198 - - [18/Dec/2025:08:54:37 +0300] "GET /550968326.phtml HTTP/1.1" 404 20 "-" "Mozilla/5.0 (compatible; SemrushBot/7~bl; +http://www.semrush.com/bot.html)"
185.191.171.4 - - [18/Dec/2025:08:54:39 +0300] "GET /621030857.phtml HTTP/1.1" 404 20 "-" "Mozilla/5.0 (compatible; SemrushBot/7~bl; +http://www.semrush.com/bot.html)"
52.167.144.195 - - [18/Dec/2025:08:54:57 +0300] "GET /408396281.phtml HTTP/2" 404 20 "-" "Mozilla/5.0 AppleWebKit/537.36 (KHTML, like Gecko; compatible; bingbot/2.0; +http://www.bing.com/bingbot.htm) Chrome/116.0.1938.76 Safari/537.36"
74.7.227.44 - - [18/Dec/2025:08:55:02 +0300] "GET /367302536.phtml HTTP/2" 404 20 "-" "Mozilla/5.0 AppleWebKit/537.36 (KHTML, like Gecko; compatible; GPTBot/1.3; +https://openai.com/gptbot)"
157.55.39.192 - - [18/Dec/2025:08:53:12 +0300] "GET /34303793.phtml HTTP/2" 404 20 "-" "Mozilla/5.0 AppleWebKit/537.36 (KHTML, like Gecko; compatible; bingbot/2.0; +http://www.bing.com/bingbot.htm) Chrome/116.0.1938.76 Safari/537.36"
85.208.96.210 - - [18/Dec/2025:08:53:35 +0300] "GET /294124739.phtml HTTP/1.1" 404 20 "-" "Mozilla/5.0 (compatible; SemrushBot/7~bl; +http://www.semrush.com/bot.html)"
40.77.167.126 - - [18/Dec/2025:08:53:37 +0300] "GET /600591515.phtml HTTP/2" 404 20 "-" "Mozilla/5.0 AppleWebKit/537.36 (KHTML, like Gecko; compatible; bingbot/2.0; +http://www.bing.com/bingbot.htm) Chrome/116.0.1938.76 Safari/537.36"
66.249.92.132 - - [18/Dec/2025:08:53:44 +0300] "GET /116914475.phtml HTTP/1.1" 404 20 "-" "Mozilla/5.0 (X11; Linux x86_64) AppleWebKit/537.36 (KHTML, like Gecko) Chrome/141.0.7390.122 Safari/537.36"
85.208.96.208 - - [18/Dec/2025:08:53:56 +0300] "GET /551247836.phtml HTTP/1.1" 404 20 "-" "Mozilla/5.0 (compatible; SemrushBot/7~bl; +http://www.semrush.com/bot.html)"
85.208.96.204 - - [18/Dec/2025:08:53:59 +0300] "GET /276860492.phtml HTTP/1.1" 404 20 "-" "Mozilla/5.0 (compatible; SemrushBot/7~bl; +http://www.semrush.com/bot.html)"
157.55.39.192 - - [18/Dec/2025:08:54:23 +0300] "GET /407986949.phtml HTTP/2" 404 20 "-" "Mozilla/5.0 AppleWebKit/537.36 (KHTML, like Gecko; compatible; bingbot/2.0; +http://www.bing.com/bingbot.htm) Chrome/116.0.1938.76 Safari/537.36"
40.77.167.126 - - [18/Dec/2025:08:54:28 +0300] "GET /46300316.phtml HTTP/2" 404 20 "-" "Mozilla/5.0 AppleWebKit/537.36 (KHTML, like Gecko; compatible; bingbot/2.0; +http://www.bing.com/bingbot.htm) Chrome/116.0.1938.76 Safari/537.36"
85.208.96.205 - - [18/Dec/2025:08:54:42 +0300] "GET /102343226.phtml HTTP/1.1" 404 20 "-" "Mozilla/5.0 (compatible; SemrushBot/7~bl; +http://www.semrush.com/bot.html)"
85.208.96.201 - - [18/Dec/2025:08:54:44 +0300] "GET /116441618.phtml HTTP/1.1" 404 20 "-" "Mozilla/5.0 (compatible; SemrushBot/7~bl; +http://www.semrush.com/bot.html)"
40.77.167.126 - - [18/Dec/2025:08:54:47 +0300] "GET /331297028.phtml HTTP/2" 404 20 "-" "Mozilla/5.0 AppleWebKit/537.36 (KHTML, like Gecko; compatible; bingbot/2.0; +http://www.bing.com/bingbot.htm) Chrome/116.0.1938.76 Safari/537.36"
185.191.171.1 - - [18/Dec/2025:08:55:23 +0300] "GET /22959152.phtml HTTP/1.1" 404 20 "-" "Mozilla/5.0 (compatible; SemrushBot/7~bl; +http://www.semrush.com/bot.html)"
66.249.66.169 - - [18/Dec/2025:08:55:25 +0300] "GET /45825611.phtml HTTP/1.1" 404 20 "-" "Mozilla/5.0 (Linux; Android 6.0.1; Nexus 5X Build/MMB29P) AppleWebKit/537.36 (KHTML, like Gecko) Chrome/141.0.7390.122 Mobile Safari/537.36 (compatible; Googlebot/2.1; +http://www.google.com/bot.html)"
66.249.66.6 - - [18/Dec/2025:08:55:28 +0300] "GET /201484037.phtml HTTP/1.1" 404 20 "-" "Mozilla/5.0 (Linux; Android 6.0.1; Nexus 5X Build/MMB29P) AppleWebKit/537.36 (KHTML, like Gecko) Chrome/141.0.7390.122 Mobile Safari/537.36 (compatible; Googlebot/2.1; +http://www.google.com/bot.html)"
74.7.227.44 - - [18/Dec/2025:08:56:07 +0300] "GET /538057505.phtml HTTP/2" 404 20 "-" "Mozilla/5.0 AppleWebKit/537.36 (KHTML, like Gecko; compatible; GPTBot/1.3; +https://openai.com/gptbot)"
85.208.96.205 - - [18/Dec/2025:08:56:08 +0300] "GET /75182708.phtml HTTP/1.1" 404 20 "-" "Mozilla/5.0 (compatible; SemrushBot/7~bl; +http://www.semrush.com/bot.html)"
40.77.167.126 - - [18/Dec/2025:08:56:16 +0300] "GET /683627468.phtml HTTP/2" 404 20 "-" "Mozilla/5.0 AppleWebKit/537.36 (KHTML, like Gecko; compatible; bingbot/2.0; +http://www.bing.com/bingbot.htm) Chrome/116.0.1938.76 Safari/537.36"
66.249.66.169 - - [18/Dec/2025:08:56:38 +0300] "GET /174015365.phtml HTTP/1.1" 404 20 "-" "Mozilla/5.0 (Linux; Android 6.0.1; Nexus 5X Build/MMB29P) AppleWebKit/537.36 (KHTML, like Gecko) Chrome/141.0.7390.122 Mobile Safari/537.36 (compatible; Googlebot/2.1; +http://www.google.com/bot.html)"
85.208.96.208 - - [18/Dec/2025:08:56:50 +0300] "GET /563726456.phtml HTTP/1.1" 404 20 "-" "Mozilla/5.0 (compatible; SemrushBot/7~bl; +http://www.semrush.com/bot.html)"
66.249.66.203 - - [18/Dec/2025:08:55:21 +0300] "GET /33017816.phtml HTTP/1.1" 404 20 "-" "Mozilla/5.0 (Linux; Android 6.0.1; Nexus 5X Build/MMB29P) AppleWebKit/537.36 (KHTML, like Gecko) Chrome/141.0.7390.122 Mobile Safari/537.36 (compatible; Googlebot/2.1; +http://www.google.com/bot.html)"
157.55.39.192 - - [18/Dec/2025:08:55:23 +0300] "GET /523915685.phtml HTTP/2" 404 20 "-" "Mozilla/5.0 AppleWebKit/537.36 (KHTML, like Gecko; compatible; bingbot/2.0; +http://www.bing.com/bingbot.htm) Chrome/116.0.1938.76 Safari/537.36"
157.55.39.192 - - [18/Dec/2025:08:55:24 +0300] "GET /23437322.phtml HTTP/2" 404 20 "-" "Mozilla/5.0 AppleWebKit/537.36 (KHTML, like Gecko; compatible; bingbot/2.0; +http://www.bing.com/bingbot.htm) Chrome/116.0.1938.76 Safari/537.36"
157.55.39.192 - - [18/Dec/2025:08:55:25 +0300] "GET /392179388.phtml HTTP/2" 404 20 "-" "Mozilla/5.0 AppleWebKit/537.36 (KHTML, like Gecko; compatible; bingbot/2.0; +http://www.bing.com/bingbot.htm) Chrome/116.0.1938.76 Safari/537.36"
185.191.171.4 - - [18/Dec/2025:08:55:30 +0300] "GET /401672795.phtml HTTP/1.1" 404 20 "-" "Mozilla/5.0 (compatible; SemrushBot/7~bl; +http://www.semrush.com/bot.html)"
66.249.66.169 - - [18/Dec/2025:08:55:50 +0300] "GET /1444043.phtml HTTP/1.1" 404 20 "-" "Mozilla/5.0 (Linux; Android 6.0.1; Nexus 5X Build/MMB29P) AppleWebKit/537.36 (KHTML, like Gecko) Chrome/141.0.7390.122 Mobile Safari/537.36 (compatible; Googlebot/2.1; +http://www.google.com/bot.html)"
66.249.66.41 - - [18/Dec/2025:08:55:52 +0300] "GET /245935598.phtml HTTP/1.1" 404 20 "-" "Mozilla/5.0 (Linux; Android 6.0.1; Nexus 5X Build/MMB29P) AppleWebKit/537.36 (KHTML, like Gecko) Chrome/141.0.7390.122 Mobile Safari/537.36 (compatible; Googlebot/2.1; +http://www.google.com/bot.html)"
85.208.96.198 - - [18/Dec/2025:08:55:57 +0300] "GET /369870332.phtml HTTP/1.1" 404 20 "-" "Mozilla/5.0 (compatible; SemrushBot/7~bl; +http://www.semrush.com/bot.html)"
85.208.96.193 - - [18/Dec/2025:08:56:14 +0300] "GET /573469574.phtml HTTP/1.1" 404 20 "-" "Mozilla/5.0 (compatible; SemrushBot/7~bl; +http://www.semrush.com/bot.html)"
85.208.96.205 - - [18/Dec/2025:08:56:21 +0300] "GET /327670328.phtml HTTP/1.1" 404 20 "-" "Mozilla/5.0 (compatible; SemrushBot/7~bl; +http://www.semrush.com/bot.html)"
85.208.96.200 - - [18/Dec/2025:08:56:25 +0300] "GET /648711356.phtml HTTP/1.1" 404 20 "-" "Mozilla/5.0 (compatible; SemrushBot/7~bl; +http://www.semrush.com/bot.html)"
52.167.144.142 - - [18/Dec/2025:08:56:47 +0300] "GET /601947947.phtml HTTP/2" 404 20 "-" "Mozilla/5.0 AppleWebKit/537.36 (KHTML, like Gecko; compatible; bingbot/2.0; +http://www.bing.com/bingbot.htm) Chrome/116.0.1938.76 Safari/537.36"
185.191.171.17 - - [18/Dec/2025:08:56:48 +0300] "GET /538451129.phtml HTTP/1.1" 404 20 "-" "Mozilla/5.0 (compatible; SemrushBot/7~bl; +http://www.semrush.com/bot.html)"
157.55.39.192 - - [18/Dec/2025:08:57:02 +0300] "GET /361274591.phtml HTTP/2" 404 20 "-" "Mozilla/5.0 AppleWebKit/537.36 (KHTML, like Gecko; compatible; bingbot/2.0; +http://www.bing.com/bingbot.htm) Chrome/116.0.1938.76 Safari/537.36"
85.208.96.193 - - [18/Dec/2025:08:57:05 +0300] "GET /59902982.phtml HTTP/1.1" 404 20 "-" "Mozilla/5.0 (compatible; SemrushBot/7~bl; +http://www.semrush.com/bot.html)"
85.208.96.208 - - [18/Dec/2025:08:57:16 +0300] "GET /315554378.phtml HTTP/1.1" 404 20 "-" "Mozilla/5.0 (compatible; SemrushBot/7~bl; +http://www.semrush.com/bot.html)"
66.249.66.169 - - [18/Dec/2025:08:57:22 +0300] "GET /574324274.phtml HTTP/1.1" 404 20 "-" "Mozilla/5.0 (Linux; Android 6.0.1; Nexus 5X Build/MMB29P) AppleWebKit/537.36 (KHTML, like Gecko) Chrome/141.0.7390.122 Mobile Safari/537.36 (compatible; Googlebot/2.1; +http://www.google.com/bot.html)"
85.208.96.205 - - [18/Dec/2025:08:57:23 +0300] "GET /156906812.phtml HTTP/1.1" 404 20 "-" "Mozilla/5.0 (compatible; SemrushBot/7~bl; +http://www.semrush.com/bot.html)"
85.208.96.212 - - [18/Dec/2025:08:57:30 +0300] "GET /348845867.phtml HTTP/1.1" 404 20 "-" "Mozilla/5.0 (compatible; SemrushBot/7~bl; +http://www.semrush.com/bot.html)"
157.55.39.192 - - [18/Dec/2025:08:57:43 +0300] "GET /184255133.phtml HTTP/2" 404 20 "-" "Mozilla/5.0 AppleWebKit/537.36 (KHTML, like Gecko; compatible; bingbot/2.0; +http://www.bing.com/bingbot.htm) Chrome/116.0.1938.76 Safari/537.36"
66.249.66.69 - - [18/Dec/2025:08:57:50 +0300] "GET /147081689.phtml HTTP/1.1" 404 20 "-" "Mozilla/5.0 (Linux; Android 6.0.1; Nexus 5X Build/MMB29P) AppleWebKit/537.36 (KHTML, like Gecko) Chrome/141.0.7390.122 Mobile Safari/537.36 (compatible; Googlebot/2.1; +http://www.google.com/bot.html)"
85.208.96.211 - - [18/Dec/2025:08:58:02 +0300] "GET /406056020.phtml HTTP/1.1" 404 20 "-" "Mozilla/5.0 (compatible; SemrushBot/7~bl; +http://www.semrush.com/bot.html)"
157.55.39.192 - - [18/Dec/2025:08:58:03 +0300] "GET /38633888.phtml HTTP/2" 404 20 "-" "Mozilla/5.0 AppleWebKit/537.36 (KHTML, like Gecko; compatible; bingbot/2.0; +http://www.bing.com/bingbot.htm) Chrome/116.0.1938.76 Safari/537.36"
66.249.66.161 - - [18/Dec/2025:08:58:06 +0300] "GET /64554167.phtml HTTP/1.1" 404 20 "-" "Mozilla/5.0 (Linux; Android 6.0.1; Nexus 5X Build/MMB29P) AppleWebKit/537.36 (KHTML, like Gecko) Chrome/141.0.7390.122 Mobile Safari/537.36 (compatible; Googlebot/2.1; +http://www.google.com/bot.html)"
66.249.66.203 - - [18/Dec/2025:08:58:09 +0300] "GET /612144518.phtml HTTP/1.1" 404 20 "-" "Mozilla/5.0 (Linux; Android 6.0.1; Nexus 5X Build/MMB29P) AppleWebKit/537.36 (KHTML, like Gecko) Chrome/141.0.7390.122 Mobile Safari/537.36 (compatible; Googlebot/2.1; +http://www.google.com/bot.html)"
74.7.227.44 - - [18/Dec/2025:08:58:12 +0300] "GET /618626378.phtml HTTP/2" 404 20 "-" "Mozilla/5.0 AppleWebKit/537.36 (KHTML, like Gecko; compatible; GPTBot/1.3; +https://openai.com/gptbot)"
85.208.96.195 - - [18/Dec/2025:08:58:37 +0300] "GET /418432307.phtml HTTP/1.1" 404 20 "-" "Mozilla/5.0 (compatible; SemrushBot/7~bl; +http://www.semrush.com/bot.html)"
185.191.171.4 - - [18/Dec/2025:08:58:44 +0300] "GET /428194829.phtml HTTP/1.1" 404 20 "-" "Mozilla/5.0 (compatible; SemrushBot/7~bl; +http://www.semrush.com/bot.html)"
52.167.144.211 - - [18/Dec/2025:08:58:47 +0300] "GET /148283120.phtml HTTP/2" 404 20 "-" "Mozilla/5.0 AppleWebKit/537.36 (KHTML, like Gecko; compatible; bingbot/2.0; +http://www.bing.com/bingbot.htm) Chrome/116.0.1938.76 Safari/537.36"
52.167.144.142 - - [18/Dec/2025:08:58:52 +0300] "GET /188822234.phtml HTTP/2" 404 20 "-" "Mozilla/5.0 AppleWebKit/537.36 (KHTML, like Gecko; compatible; bingbot/2.0; +http://www.bing.com/bingbot.htm) Chrome/116.0.1938.76 Safari/537.36"
66.249.66.160 - - [18/Dec/2025:08:58:58 +0300] "GET /617454746.phtml HTTP/1.1" 404 20 "-" "Mozilla/5.0 (Linux; Android 6.0.1; Nexus 5X Build/MMB29P) AppleWebKit/537.36 (KHTML, like Gecko) Chrome/141.0.7390.122 Mobile Safari/537.36 (compatible; Googlebot/2.1; +http://www.google.com/bot.html)"
52.167.144.211 - - [18/Dec/2025:08:59:07 +0300] "GET /428992703.phtml HTTP/2" 404 20 "-" "Mozilla/5.0 AppleWebKit/537.36 (KHTML, like Gecko; compatible; bingbot/2.0; +http://www.bing.com/bingbot.htm) Chrome/116.0.1938.76 Safari/537.36"
52.167.144.211 - - [18/Dec/2025:08:59:08 +0300] "GET /565143641.phtml HTTP/2" 404 20 "-" "Mozilla/5.0 AppleWebKit/537.36 (KHTML, like Gecko; compatible; bingbot/2.0; +http://www.bing.com/bingbot.htm) Chrome/116.0.1938.76 Safari/537.36"
52.167.144.211 - - [18/Dec/2025:08:59:29 +0300] "GET /sitemap-14.xml HTTP/2" 404 20 "-" "Mozilla/5.0 AppleWebKit/537.36 (KHTML, like Gecko; compatible; bingbot/2.0; +http://www.bing.com/bingbot.htm) Chrome/116.0.1938.76 Safari/537.36"
185.191.171.2 - - [18/Dec/2025:08:59:31 +0300] "GET /228432266.phtml HTTP/1.1" 404 20 "-" "Mozilla/5.0 (compatible; SemrushBot/7~bl; +http://www.semrush.com/bot.html)"
85.208.96.207 - - [18/Dec/2025:08:59:35 +0300] "GET /692692139.phtml HTTP/1.1" 404 20 "-" "Mozilla/5.0 (compatible; SemrushBot/7~bl; +http://www.semrush.com/bot.html)"
185.191.171.11 - - [18/Dec/2025:09:00:02 +0300] "GET /491070488.phtml HTTP/1.1" 404 20 "-" "Mozilla/5.0 (compatible; SemrushBot/7~bl; +http://www.semrush.com/bot.html)"
66.249.66.160 - - [18/Dec/2025:08:56:53 +0300] "GET /66879182.phtml HTTP/1.1" 404 20 "-" "Mozilla/5.0 (Linux; Android 6.0.1; Nexus 5X Build/MMB29P) AppleWebKit/537.36 (KHTML, like Gecko) Chrome/141.0.7390.122 Mobile Safari/537.36 (compatible; Googlebot/2.1; +http://www.google.com/bot.html)"
66.249.66.41 - - [18/Dec/2025:08:56:55 +0300] "GET /?v=2766176284033&channel=173e99&from=https://survivorshoes.com/detail.py?reward133024159 HTTP/1.1" 404 20 "-" "Mozilla/5.0 (Linux; Android 6.0.1; Nexus 5X Build/MMB29P) AppleWebKit/537.36 (KHTML, like Gecko) Chrome/141.0.7390.122 Mobile Safari/537.36 (compatible; Googlebot/2.1; +http://www.google.com/bot.html)"
74.7.227.44 - - [18/Dec/2025:08:57:07 +0300] "GET /651652679.phtml HTTP/2" 404 20 "-" "Mozilla/5.0 AppleWebKit/537.36 (KHTML, like Gecko; compatible; GPTBot/1.3; +https://openai.com/gptbot)"
40.77.167.126 - - [18/Dec/2025:08:57:08 +0300] "GET /95171831.phtml HTTP/2" 404 20 "-" "Mozilla/5.0 AppleWebKit/537.36 (KHTML, like Gecko; compatible; bingbot/2.0; +http://www.bing.com/bingbot.htm) Chrome/116.0.1938.76 Safari/537.36"
85.208.96.202 - - [18/Dec/2025:08:57:36 +0300] "GET /678251867.phtml HTTP/1.1" 404 20 "-" "Mozilla/5.0 (compatible; SemrushBot/7~bl; +http://www.semrush.com/bot.html)"
52.167.144.142 - - [18/Dec/2025:08:57:49 +0300] "GET /222244007.phtml HTTP/2" 404 20 "-" "Mozilla/5.0 AppleWebKit/537.36 (KHTML, like Gecko; compatible; bingbot/2.0; +http://www.bing.com/bingbot.htm) Chrome/116.0.1938.76 Safari/537.36"
66.249.66.202 - - [18/Dec/2025:08:57:59 +0300] "GET /436381700.phtml HTTP/1.1" 404 20 "-" "Mozilla/5.0 (Linux; Android 6.0.1; Nexus 5X Build/MMB29P) AppleWebKit/537.36 (KHTML, like Gecko) Chrome/141.0.7390.122 Mobile Safari/537.36 (compatible; Googlebot/2.1; +http://www.google.com/bot.html)"
185.191.171.14 - - [18/Dec/2025:08:58:00 +0300] "GET /531566636.phtml HTTP/1.1" 404 20 "-" "Mozilla/5.0 (compatible; SemrushBot/7~bl; +http://www.semrush.com/bot.html)"
66.249.66.7 - - [18/Dec/2025:08:58:03 +0300] "GET /375273884.phtml HTTP/1.1" 404 20 "-" "Mozilla/5.0 (Linux; Android 6.0.1; Nexus 5X Build/MMB29P) AppleWebKit/537.36 (KHTML, like Gecko) Chrome/141.0.7390.122 Mobile Safari/537.36 (compatible; Googlebot/2.1; +http://www.google.com/bot.html)"
85.208.96.193 - - [18/Dec/2025:08:58:46 +0300] "GET /193363925.phtml HTTP/1.1" 404 20 "-" "Mozilla/5.0 (compatible; SemrushBot/7~bl; +http://www.semrush.com/bot.html)"
185.191.171.19 - - [18/Dec/2025:08:59:09 +0300] "GET /29940896.phtml HTTP/1.1" 404 20 "-" "Mozilla/5.0 (compatible; SemrushBot/7~bl; +http://www.semrush.com/bot.html)"
52.167.144.142 - - [18/Dec/2025:08:59:25 +0300] "GET /626128565.phtml HTTP/2" 404 20 "-" "Mozilla/5.0 AppleWebKit/537.36 (KHTML, like Gecko; compatible; bingbot/2.0; +http://www.bing.com/bingbot.htm) Chrome/116.0.1938.76 Safari/537.36"
66.249.66.169 - - [18/Dec/2025:08:59:34 +0300] "GET /158730326.phtml HTTP/1.1" 404 20 "-" "Mozilla/5.0 (Linux; Android 6.0.1; Nexus 5X Build/MMB29P) AppleWebKit/537.36 (KHTML, like Gecko) Chrome/141.0.7390.122 Mobile Safari/537.36 (compatible; Googlebot/2.1; +http://www.google.com/bot.html)"
57.141.0.39 - - [18/Dec/2025:08:59:39 +0300] "GET /128149853.phtml HTTP/2" 404 0 "-" "meta-externalagent/1.1 (+https://developers.facebook.com/docs/sharing/webmasters/crawler)"
185.191.171.14 - - [18/Dec/2025:09:00:25 +0300] "GET /177386348.phtml HTTP/1.1" 404 20 "-" "Mozilla/5.0 (compatible; SemrushBot/7~bl; +http://www.semrush.com/bot.html)"
185.191.171.5 - - [18/Dec/2025:09:00:33 +0300] "GET /581114057.phtml HTTP/1.1" 404 20 "-" "Mozilla/5.0 (compatible; SemrushBot/7~bl; +http://www.semrush.com/bot.html)"
52.167.144.142 - - [18/Dec/2025:09:00:38 +0300] "GET /387216815.phtml HTTP/2" 404 20 "-" "Mozilla/5.0 AppleWebKit/537.36 (KHTML, like Gecko; compatible; bingbot/2.0; +http://www.bing.com/bingbot.htm) Chrome/116.0.1938.76 Safari/537.36"
185.191.171.5 - - [18/Dec/2025:09:00:43 +0300] "GET /422291393.phtml HTTP/1.1" 404 20 "-" "Mozilla/5.0 (compatible; SemrushBot/7~bl; +http://www.semrush.com/bot.html)"
207.46.13.157 - - [18/Dec/2025:09:00:04 +0300] "GET /97943138.phtml HTTP/2" 404 20 "-" "Mozilla/5.0 AppleWebKit/537.36 (KHTML, like Gecko; compatible; bingbot/2.0; +http://www.bing.com/bingbot.htm) Chrome/116.0.1938.76 Safari/537.36"
207.46.13.157 - - [18/Dec/2025:09:00:06 +0300] "GET /389184935.phtml HTTP/2" 404 20 "-" "Mozilla/5.0 AppleWebKit/537.36 (KHTML, like Gecko; compatible; bingbot/2.0; +http://www.bing.com/bingbot.htm) Chrome/116.0.1938.76 Safari/537.36"
85.208.96.212 - - [18/Dec/2025:09:00:21 +0300] "GET /118958594.phtml HTTP/1.1" 404 20 "-" "Mozilla/5.0 (compatible; SemrushBot/7~bl; +http://www.semrush.com/bot.html)"
85.208.96.202 - - [18/Dec/2025:09:00:27 +0300] "GET /88553681.phtml HTTP/1.1" 404 20 "-" "Mozilla/5.0 (compatible; SemrushBot/7~bl; +http://www.semrush.com/bot.html)"
207.46.13.52 - - [18/Dec/2025:09:00:38 +0300] "GET /506808287.phtml HTTP/2" 404 20 "-" "Mozilla/5.0 AppleWebKit/537.36 (KHTML, like Gecko; compatible; bingbot/2.0; +http://www.bing.com/bingbot.htm) Chrome/116.0.1938.76 Safari/537.36"
52.167.144.211 - - [18/Dec/2025:09:00:41 +0300] "GET /683819198.phtml HTTP/2" 404 20 "-" "Mozilla/5.0 AppleWebKit/537.36 (KHTML, like Gecko; compatible; bingbot/2.0; +http://www.bing.com/bingbot.htm) Chrome/116.0.1938.76 Safari/537.36"
185.191.171.10 - - [18/Dec/2025:09:00:58 +0300] "GET /79797164.phtml HTTP/1.1" 404 20 "-" "Mozilla/5.0 (compatible; SemrushBot/7~bl; +http://www.semrush.com/bot.html)"
85.208.96.193 - - [18/Dec/2025:09:01:05 +0300] "GET /275046449.phtml HTTP/1.1" 404 20 "-" "Mozilla/5.0 (compatible; SemrushBot/7~bl; +http://www.semrush.com/bot.html)"
185.191.171.1 - - [18/Dec/2025:09:01:08 +0300] "GET /73941545.phtml HTTP/1.1" 404 20 "-" "Mozilla/5.0 (compatible; SemrushBot/7~bl; +http://www.semrush.com/bot.html)"
74.7.227.44 - - [18/Dec/2025:09:01:21 +0300] "GET /438466244.phtml HTTP/2" 404 20 "-" "Mozilla/5.0 AppleWebKit/537.36 (KHTML, like Gecko; compatible; GPTBot/1.3; +https://openai.com/gptbot)"
85.208.96.201 - - [18/Dec/2025:09:01:33 +0300] "GET /607321007.phtml HTTP/1.1" 404 20 "-" "Mozilla/5.0 (compatible; SemrushBot/7~bl; +http://www.semrush.com/bot.html)"
85.208.96.193 - - [18/Dec/2025:09:01:39 +0300] "GET /655621952.phtml HTTP/1.1" 404 20 "-" "Mozilla/5.0 (compatible; SemrushBot/7~bl; +http://www.semrush.com/bot.html)"
185.191.171.9 - - [18/Dec/2025:09:01:53 +0300] "GET /126781871.phtml HTTP/1.1" 404 20 "-" "Mozilla/5.0 (compatible; SemrushBot/7~bl; +http://www.semrush.com/bot.html)"
85.208.96.193 - - [18/Dec/2025:09:02:08 +0300] "GET /41448623.phtml HTTP/1.1" 404 20 "-" "Mozilla/5.0 (compatible; SemrushBot/7~bl; +http://www.semrush.com/bot.html)"
57.141.0.40 - - [18/Dec/2025:09:02:13 +0300] "GET /236430641.shtml HTTP/2" 404 0 "-" "meta-externalagent/1.1 (+https://developers.facebook.com/docs/sharing/webmasters/crawler)"
85.208.96.208 - - [18/Dec/2025:09:02:40 +0300] "GET /15332687.phtml HTTP/1.1" 404 20 "-" "Mozilla/5.0 (compatible; SemrushBot/7~bl; +http://www.semrush.com/bot.html)"
185.191.171.14 - - [18/Dec/2025:09:02:51 +0300] "GET /203964746.phtml HTTP/1.1" 404 20 "-" "Mozilla/5.0 (compatible; SemrushBot/7~bl; +http://www.semrush.com/bot.html)"
207.46.13.52 - - [18/Dec/2025:09:03:18 +0300] "GET /530649104.phtml HTTP/2" 404 20 "-" "Mozilla/5.0 AppleWebKit/537.36 (KHTML, like Gecko; compatible; bingbot/2.0; +http://www.bing.com/bingbot.htm) Chrome/116.0.1938.76 Safari/537.36"
185.191.171.5 - - [18/Dec/2025:09:03:33 +0300] "GET /262603403.phtml HTTP/1.1" 404 20 "-" "Mozilla/5.0 (compatible; SemrushBot/7~bl; +http://www.semrush.com/bot.html)"
61.1.209.197 - - [18/Dec/2025:09:03:34 +0300] "POST /xmlrpc.php HTTP/1.1" 404 0 "-" "Mozilla/5.0 (Windows NT 6.3; x64) AppleWebKit/537.36 (KHTML, like Gecko) Chrome/109.0.0.0 Safari/537.36"
85.208.96.195 - - [18/Dec/2025:09:03:42 +0300] "GET /615055811.phtml HTTP/1.1" 404 20 "-" "Mozilla/5.0 (compatible; SemrushBot/7~bl; +http://www.semrush.com/bot.html)"
52.167.144.142 - - [18/Dec/2025:09:01:29 +0300] "GET /75587420.phtml HTTP/2" 404 20 "-" "Mozilla/5.0 AppleWebKit/537.36 (KHTML, like Gecko; compatible; bingbot/2.0; +http://www.bing.com/bingbot.htm) Chrome/116.0.1938.76 Safari/537.36"
52.167.144.142 - - [18/Dec/2025:09:01:50 +0300] "GET /595102493.phtml HTTP/2" 404 20 "-" "Mozilla/5.0 AppleWebKit/537.36 (KHTML, like Gecko; compatible; bingbot/2.0; +http://www.bing.com/bingbot.htm) Chrome/116.0.1938.76 Safari/537.36"
185.191.171.9 - - [18/Dec/2025:09:02:17 +0300] "GET /318104156.phtml HTTP/1.1" 404 20 "-" "Mozilla/5.0 (compatible; SemrushBot/7~bl; +http://www.semrush.com/bot.html)"
74.7.227.44 - - [18/Dec/2025:09:02:26 +0300] "GET /297924920.phtml HTTP/2" 404 20 "-" "Mozilla/5.0 AppleWebKit/537.36 (KHTML, like Gecko; compatible; GPTBot/1.3; +https://openai.com/gptbot)"
85.208.96.193 - - [18/Dec/2025:09:02:43 +0300] "GET /195584528.phtml HTTP/1.1" 404 20 "-" "Mozilla/5.0 (compatible; SemrushBot/7~bl; +http://www.semrush.com/bot.html)"
66.249.66.160 - - [18/Dec/2025:09:03:12 +0300] "GET /564024908.phtml HTTP/1.1" 404 20 "-" "Mozilla/5.0 (Linux; Android 6.0.1; Nexus 5X Build/MMB29P) AppleWebKit/537.36 (KHTML, like Gecko) Chrome/141.0.7390.122 Mobile Safari/537.36 (compatible; Googlebot/2.1; +http://www.google.com/bot.html)"
52.167.144.142 - - [18/Dec/2025:09:03:22 +0300] "GET /82221971.phtml HTTP/2" 404 20 "-" "Mozilla/5.0 AppleWebKit/537.36 (KHTML, like Gecko; compatible; bingbot/2.0; +http://www.bing.com/bingbot.htm) Chrome/116.0.1938.76 Safari/537.36"
185.191.171.2 - - [18/Dec/2025:09:03:24 +0300] "GET /87288263.phtml HTTP/1.1" 404 20 "-" "Mozilla/5.0 (compatible; SemrushBot/7~bl; +http://www.semrush.com/bot.html)"
66.249.66.42 - - [18/Dec/2025:09:03:26 +0300] "GET /523404020.phtml HTTP/1.1" 404 20 "-" "Mozilla/5.0 (Linux; Android 6.0.1; Nexus 5X Build/MMB29P) AppleWebKit/537.36 (KHTML, like Gecko) Chrome/141.0.7390.122 Mobile Safari/537.36 (compatible; Googlebot/2.1; +http://www.google.com/bot.html)"
74.7.227.44 - - [18/Dec/2025:09:03:27 +0300] "GET /173380577.phtml HTTP/2" 404 20 "-" "Mozilla/5.0 AppleWebKit/537.36 (KHTML, like Gecko; compatible; GPTBot/1.3; +https://openai.com/gptbot)"
52.167.144.211 - - [18/Dec/2025:09:04:00 +0300] "GET /83550683.phtml HTTP/2" 404 20 "-" "Mozilla/5.0 AppleWebKit/537.36 (KHTML, like Gecko; compatible; bingbot/2.0; +http://www.bing.com/bingbot.htm) Chrome/116.0.1938.76 Safari/537.36"
52.167.144.142 - - [18/Dec/2025:09:04:12 +0300] "GET /372850001.phtml HTTP/2" 404 20 "-" "Mozilla/5.0 AppleWebKit/537.36 (KHTML, like Gecko; compatible; bingbot/2.0; +http://www.bing.com/bingbot.htm) Chrome/116.0.1938.76 Safari/537.36"
85.208.96.195 - - [18/Dec/2025:09:04:28 +0300] "GET /98144570.phtml HTTP/1.1" 404 20 "-" "Mozilla/5.0 (compatible; SemrushBot/7~bl; +http://www.semrush.com/bot.html)"
185.191.171.14 - - [18/Dec/2025:09:04:32 +0300] "GET /263607098.phtml HTTP/1.1" 404 20 "-" "Mozilla/5.0 (compatible; SemrushBot/7~bl; +http://www.semrush.com/bot.html)"
185.191.171.11 - - [18/Dec/2025:09:04:37 +0300] "GET /256742240.phtml HTTP/1.1" 404 20 "-" "Mozilla/5.0 (compatible; SemrushBot/7~bl; +http://www.semrush.com/bot.html)"
52.167.144.142 - - [18/Dec/2025:09:04:39 +0300] "GET /661137308.phtml HTTP/2" 404 20 "-" "Mozilla/5.0 AppleWebKit/537.36 (KHTML, like Gecko; compatible; bingbot/2.0; +http://www.bing.com/bingbot.htm) Chrome/116.0.1938.76 Safari/537.36"
52.167.144.142 - - [18/Dec/2025:09:04:58 +0300] "GET /182911868.phtml HTTP/2" 404 20 "-" "Mozilla/5.0 AppleWebKit/537.36 (KHTML, like Gecko; compatible; bingbot/2.0; +http://www.bing.com/bingbot.htm) Chrome/116.0.1938.76 Safari/537.36"
85.208.96.209 - - [18/Dec/2025:09:04:59 +0300] "GET /308598275.phtml HTTP/1.1" 404 20 "-" "Mozilla/5.0 (compatible; SemrushBot/7~bl; +http://www.semrush.com/bot.html)"
185.191.171.9 - - [18/Dec/2025:09:05:07 +0300] "GET /426071246.phtml HTTP/1.1" 404 20 "-" "Mozilla/5.0 (compatible; SemrushBot/7~bl; +http://www.semrush.com/bot.html)"
207.46.13.52 - - [18/Dec/2025:09:04:08 +0300] "GET /266156183.phtml HTTP/2" 404 20 "-" "Mozilla/5.0 AppleWebKit/537.36 (KHTML, like Gecko; compatible; bingbot/2.0; +http://www.bing.com/bingbot.htm) Chrome/116.0.1938.76 Safari/537.36"
207.46.13.52 - - [18/Dec/2025:09:04:09 +0300] "GET /259226414.phtml HTTP/2" 404 20 "-" "Mozilla/5.0 AppleWebKit/537.36 (KHTML, like Gecko; compatible; bingbot/2.0; +http://www.bing.com/bingbot.htm) Chrome/116.0.1938.76 Safari/537.36"
185.191.171.1 - - [18/Dec/2025:09:04:23 +0300] "GET /132659897.phtml HTTP/1.1" 404 20 "-" "Mozilla/5.0 (compatible; SemrushBot/7~bl; +http://www.semrush.com/bot.html)"
85.208.96.202 - - [18/Dec/2025:09:04:25 +0300] "GET /511873193.phtml HTTP/1.1" 404 20 "-" "Mozilla/5.0 (compatible; SemrushBot/7~bl; +http://www.semrush.com/bot.html)"
207.46.13.52 - - [18/Dec/2025:09:04:47 +0300] "GET /46220852.phtml HTTP/2" 404 20 "-" "Mozilla/5.0 AppleWebKit/537.36 (KHTML, like Gecko; compatible; bingbot/2.0; +http://www.bing.com/bingbot.htm) Chrome/116.0.1938.76 Safari/537.36"
85.208.96.204 - - [18/Dec/2025:09:05:13 +0300] "GET /594060452.phtml HTTP/1.1" 404 20 "-" "Mozilla/5.0 (compatible; SemrushBot/7~bl; +http://www.semrush.com/bot.html)"
57.141.0.62 - - [18/Dec/2025:09:05:49 +0300] "GET /105860894.phtml HTTP/2" 404 0 "-" "meta-externalagent/1.1 (+https://developers.facebook.com/docs/sharing/webmasters/crawler)"
52.167.144.211 - - [18/Dec/2025:09:05:50 +0300] "GET /f/help/ HTTP/2" 404 20 "-" "Mozilla/5.0 AppleWebKit/537.36 (KHTML, like Gecko; compatible; bingbot/2.0; +http://www.bing.com/bingbot.htm) Chrome/116.0.1938.76 Safari/537.36"
85.208.96.198 - - [18/Dec/2025:09:05:55 +0300] "GET /221292749.phtml HTTP/1.1" 404 20 "-" "Mozilla/5.0 (compatible; SemrushBot/7~bl; +http://www.semrush.com/bot.html)"
52.167.144.211 - - [18/Dec/2025:09:05:58 +0300] "GET /248318825.phtml HTTP/2" 404 20 "-" "Mozilla/5.0 AppleWebKit/537.36 (KHTML, like Gecko; compatible; bingbot/2.0; +http://www.bing.com/bingbot.htm) Chrome/116.0.1938.76 Safari/537.36"
85.208.96.195 - - [18/Dec/2025:09:06:40 +0300] "GET /625204565.phtml HTTP/1.1" 404 20 "-" "Mozilla/5.0 (compatible; SemrushBot/7~bl; +http://www.semrush.com/bot.html)"
40.77.167.52 - - [18/Dec/2025:09:06:48 +0300] "GET /190327430.phtml HTTP/2" 404 20 "-" "Mozilla/5.0 AppleWebKit/537.36 (KHTML, like Gecko; compatible; bingbot/2.0; +http://www.bing.com/bingbot.htm) Chrome/116.0.1938.76 Safari/537.36"
85.208.96.193 - - [18/Dec/2025:09:06:49 +0300] "GET /184989944.phtml HTTP/1.1" 404 20 "-" "Mozilla/5.0 (compatible; SemrushBot/7~bl; +http://www.semrush.com/bot.html)"
85.208.96.207 - - [18/Dec/2025:09:05:10 +0300] "GET /49003247.phtml HTTP/1.1" 404 20 "-" "Mozilla/5.0 (compatible; SemrushBot/7~bl; +http://www.semrush.com/bot.html)"
52.167.144.142 - - [18/Dec/2025:09:05:52 +0300] "GET /64442363.phtml HTTP/2" 404 20 "-" "Mozilla/5.0 AppleWebKit/537.36 (KHTML, like Gecko; compatible; bingbot/2.0; +http://www.bing.com/bingbot.htm) Chrome/116.0.1938.76 Safari/537.36"
85.208.96.200 - - [18/Dec/2025:09:06:42 +0300] "GET /71108330.phtml HTTP/1.1" 404 20 "-" "Mozilla/5.0 (compatible; SemrushBot/7~bl; +http://www.semrush.com/bot.html)"
185.191.171.1 - - [18/Dec/2025:09:06:45 +0300] "GET /54015716.phtml HTTP/1.1" 404 20 "-" "Mozilla/5.0 (compatible; SemrushBot/7~bl; +http://www.semrush.com/bot.html)"
85.208.96.193 - - [18/Dec/2025:09:06:47 +0300] "GET /690812030.phtml HTTP/1.1" 404 20 "-" "Mozilla/5.0 (compatible; SemrushBot/7~bl; +http://www.semrush.com/bot.html)"
52.167.144.211 - - [18/Dec/2025:09:07:08 +0300] "GET /595814666.phtml HTTP/2" 404 20 "-" "Mozilla/5.0 AppleWebKit/537.36 (KHTML, like Gecko; compatible; bingbot/2.0; +http://www.bing.com/bingbot.htm) Chrome/116.0.1938.76 Safari/537.36"
85.208.96.211 - - [18/Dec/2025:09:07:09 +0300] "GET /robots.txt HTTP/1.1" 404 20 "-" "Mozilla/5.0 (compatible; SemrushBot/7~bl; +http://www.semrush.com/bot.html)"
85.208.96.206 - - [18/Dec/2025:09:07:13 +0300] "GET /23889158.phtml HTTP/1.1" 404 20 "-" "Mozilla/5.0 (compatible; SemrushBot/7~bl; +http://www.semrush.com/bot.html)"
185.191.171.7 - - [18/Dec/2025:09:07:15 +0300] "GET /570156803.phtml HTTP/1.1" 404 20 "-" "Mozilla/5.0 (compatible; SemrushBot/7~bl; +http://www.semrush.com/bot.html)"
74.7.227.44 - - [18/Dec/2025:09:07:46 +0300] "GET /258064484.phtml HTTP/2" 404 20 "-" "Mozilla/5.0 AppleWebKit/537.36 (KHTML, like Gecko; compatible; GPTBot/1.3; +https://openai.com/gptbot)"
185.191.171.15 - - [18/Dec/2025:09:07:51 +0300] "GET /683978126.phtml HTTP/1.1" 404 20 "-" "Mozilla/5.0 (compatible; SemrushBot/7~bl; +http://www.semrush.com/bot.html)"
185.191.171.15 - - [18/Dec/2025:09:08:22 +0300] "GET /341483897.phtml HTTP/1.1" 404 20 "-" "Mozilla/5.0 (compatible; SemrushBot/7~bl; +http://www.semrush.com/bot.html)"
185.191.171.8 - - [18/Dec/2025:09:08:39 +0300] "GET /212440136.phtml HTTP/1.1" 404 20 "-" "Mozilla/5.0 (compatible; SemrushBot/7~bl; +http://www.semrush.com/bot.html)"
185.191.171.16 - - [18/Dec/2025:09:08:42 +0300] "GET /78808715.phtml HTTP/1.1" 404 20 "-" "Mozilla/5.0 (compatible; SemrushBot/7~bl; +http://www.semrush.com/bot.html)"
185.191.171.16 - - [18/Dec/2025:09:08:44 +0300] "GET /96961388.phtml HTTP/1.1" 404 20 "-" "Mozilla/5.0 (compatible; SemrushBot/7~bl; +http://www.semrush.com/bot.html)"
85.208.96.198 - - [18/Dec/2025:09:09:04 +0300] "GET /498535253.phtml HTTP/1.1" 404 20 "-" "Mozilla/5.0 (compatible; SemrushBot/7~bl; +http://www.semrush.com/bot.html)"
74.7.227.44 - - [18/Dec/2025:09:08:51 +0300] "GET /142494953.phtml HTTP/2" 404 20 "-" "Mozilla/5.0 AppleWebKit/537.36 (KHTML, like Gecko; compatible; GPTBot/1.3; +https://openai.com/gptbot)"
66.249.66.161 - - [18/Dec/2025:09:08:51 +0300] "GET /172053713.phtml HTTP/1.1" 404 20 "-" "Mozilla/5.0 (Linux; Android 6.0.1; Nexus 5X Build/MMB29P) AppleWebKit/537.36 (KHTML, like Gecko) Chrome/141.0.7390.122 Mobile Safari/537.36 (compatible; Googlebot/2.1; +http://www.google.com/bot.html)"
85.208.96.203 - - [18/Dec/2025:09:09:08 +0300] "GET /632719919.phtml HTTP/1.1" 404 20 "-" "Mozilla/5.0 (compatible; SemrushBot/7~bl; +http://www.semrush.com/bot.html)"
185.191.171.2 - - [18/Dec/2025:09:09:10 +0300] "GET /20444717.phtml HTTP/1.1" 404 20 "-" "Mozilla/5.0 (compatible; SemrushBot/7~bl; +http://www.semrush.com/bot.html)"
185.191.171.5 - - [18/Dec/2025:09:09:14 +0300] "GET /155064356.phtml HTTP/1.1" 404 20 "-" "Mozilla/5.0 (compatible; SemrushBot/7~bl; +http://www.semrush.com/bot.html)"
57.141.0.8 - - [18/Dec/2025:09:09:24 +0300] "GET /496434539.phtml HTTP/2" 404 0 "-" "meta-externalagent/1.1 (+https://developers.facebook.com/docs/sharing/webmasters/crawler)"
85.208.96.200 - - [18/Dec/2025:09:09:48 +0300] "GET /486621197.phtml HTTP/1.1" 404 20 "-" "Mozilla/5.0 (compatible; SemrushBot/7~bl; +http://www.semrush.com/bot.html)"
74.7.227.44 - - [18/Dec/2025:09:09:54 +0300] "GET /479720072.phtml HTTP/2" 200 0 "-" "Mozilla/5.0 AppleWebKit/537.36 (KHTML, like Gecko; compatible; GPTBot/1.3; +https://openai.com/gptbot)"
85.208.96.210 - - [18/Dec/2025:09:10:36 +0300] "GET /514420199.phtml HTTP/1.1" 404 20 "-" "Mozilla/5.0 (compatible; SemrushBot/7~bl; +http://www.semrush.com/bot.html)"
207.46.13.52 - - [18/Dec/2025:09:10:48 +0300] "GET /279010871.phtml HTTP/2" 404 20 "-" "Mozilla/5.0 AppleWebKit/537.36 (KHTML, like Gecko; compatible; bingbot/2.0; +http://www.bing.com/bingbot.htm) Chrome/116.0.1938.76 Safari/537.36"
74.7.227.44 - - [18/Dec/2025:09:10:57 +0300] "GET /406558676.phtml HTTP/2" 404 20 "-" "Mozilla/5.0 AppleWebKit/537.36 (KHTML, like Gecko; compatible; GPTBot/1.3; +https://openai.com/gptbot)"
207.46.13.52 - - [18/Dec/2025:09:10:58 +0300] "GET /321728777.phtml HTTP/2" 404 20 "-" "Mozilla/5.0 AppleWebKit/537.36 (KHTML, like Gecko; compatible; bingbot/2.0; +http://www.bing.com/bingbot.htm) Chrome/116.0.1938.76 Safari/537.36"
40.77.167.52 - - [18/Dec/2025:09:11:03 +0300] "GET /443586821.phtml HTTP/2" 404 20 "-" "Mozilla/5.0 AppleWebKit/537.36 (KHTML, like Gecko; compatible; bingbot/2.0; +http://www.bing.com/bingbot.htm) Chrome/116.0.1938.76 Safari/537.36"
207.46.13.52 - - [18/Dec/2025:09:11:18 +0300] "GET /540015230.phtml HTTP/2" 404 20 "-" "Mozilla/5.0 AppleWebKit/537.36 (KHTML, like Gecko; compatible; bingbot/2.0; +http://www.bing.com/bingbot.htm) Chrome/116.0.1938.76 Safari/537.36"
52.167.144.211 - - [18/Dec/2025:09:07:28 +0300] "GET /227587037.phtml HTTP/2" 404 20 "-" "Mozilla/5.0 AppleWebKit/537.36 (KHTML, like Gecko; compatible; bingbot/2.0; +http://www.bing.com/bingbot.htm) Chrome/116.0.1938.76 Safari/537.36"
185.191.171.14 - - [18/Dec/2025:09:07:48 +0300] "GET /504670844.phtml HTTP/1.1" 404 20 "-" "Mozilla/5.0 (compatible; SemrushBot/7~bl; +http://www.semrush.com/bot.html)"
85.208.96.200 - - [18/Dec/2025:09:07:53 +0300] "GET /674107496.phtml HTTP/1.1" 404 20 "-" "Mozilla/5.0 (compatible; SemrushBot/7~bl; +http://www.semrush.com/bot.html)"
207.46.13.52 - - [18/Dec/2025:09:08:37 +0300] "GET /384204344.phtml HTTP/2" 404 20 "-" "Mozilla/5.0 AppleWebKit/537.36 (KHTML, like Gecko; compatible; bingbot/2.0; +http://www.bing.com/bingbot.htm) Chrome/116.0.1938.76 Safari/537.36"
57.141.0.26 - - [18/Dec/2025:09:08:48 +0300] "GET /426783419.phtml HTTP/2" 404 0 "-" "meta-externalagent/1.1 (+https://developers.facebook.com/docs/sharing/webmasters/crawler)"
57.141.0.28 - - [18/Dec/2025:09:09:03 +0300] "GET /357490991.shtml HTTP/2" 404 0 "-" "meta-externalagent/1.1 (+https://developers.facebook.com/docs/sharing/webmasters/crawler)"
85.208.96.205 - - [18/Dec/2025:09:09:06 +0300] "GET /230387681.phtml HTTP/1.1" 404 20 "-" "Mozilla/5.0 (compatible; SemrushBot/7~bl; +http://www.semrush.com/bot.html)"
40.77.167.52 - - [18/Dec/2025:09:09:27 +0300] "GET /315258698.phtml HTTP/2" 404 20 "-" "Mozilla/5.0 AppleWebKit/537.36 (KHTML, like Gecko; compatible; bingbot/2.0; +http://www.bing.com/bingbot.htm) Chrome/116.0.1938.76 Safari/537.36"
40.77.167.52 - - [18/Dec/2025:09:10:19 +0300] "GET /45892601.phtml HTTP/2" 404 20 "-" "Mozilla/5.0 AppleWebKit/537.36 (KHTML, like Gecko; compatible; bingbot/2.0; +http://www.bing.com/bingbot.htm) Chrome/116.0.1938.76 Safari/537.36"
85.208.96.196 - - [18/Dec/2025:09:10:19 +0300] "GET /516228929.phtml HTTP/1.1" 404 20 "-" "Mozilla/5.0 (compatible; SemrushBot/7~bl; +http://www.semrush.com/bot.html)"
85.208.96.194 - - [18/Dec/2025:09:10:21 +0300] "GET /189884372.phtml HTTP/1.1" 404 20 "-" "Mozilla/5.0 (compatible; SemrushBot/7~bl; +http://www.semrush.com/bot.html)"
85.208.96.208 - - [18/Dec/2025:09:10:34 +0300] "GET /635526107.phtml HTTP/1.1" 404 20 "-" "Mozilla/5.0 (compatible; SemrushBot/7~bl; +http://www.semrush.com/bot.html)"
85.208.96.210 - - [18/Dec/2025:09:10:48 +0300] "GET /495401738.phtml HTTP/1.1" 404 20 "-" "Mozilla/5.0 (compatible; SemrushBot/7~bl; +http://www.semrush.com/bot.html)"
185.191.171.1 - - [18/Dec/2025:09:11:18 +0300] "GET /233831198.phtml HTTP/1.1" 404 20 "-" "Mozilla/5.0 (compatible; SemrushBot/7~bl; +http://www.semrush.com/bot.html)"
85.208.96.202 - - [18/Dec/2025:09:11:55 +0300] "GET /567805454.phtml HTTP/1.1" 404 20 "-" "Mozilla/5.0 (compatible; SemrushBot/7~bl; +http://www.semrush.com/bot.html)"
85.208.96.210 - - [18/Dec/2025:09:12:04 +0300] "GET /407402981.phtml HTTP/1.1" 404 20 "-" "Mozilla/5.0 (compatible; SemrushBot/7~bl; +http://www.semrush.com/bot.html)"
40.77.167.52 - - [18/Dec/2025:09:12:10 +0300] "GET /440949494.phtml HTTP/2" 404 20 "-" "Mozilla/5.0 AppleWebKit/537.36 (KHTML, like Gecko; compatible; bingbot/2.0; +http://www.bing.com/bingbot.htm) Chrome/116.0.1938.76 Safari/537.36"
185.191.171.7 - - [18/Dec/2025:09:12:21 +0300] "GET /116389643.phtml HTTP/1.1" 404 20 "-" "Mozilla/5.0 (compatible; SemrushBot/7~bl; +http://www.semrush.com/bot.html)"
185.191.171.11 - - [18/Dec/2025:09:12:55 +0300] "GET /36240035.phtml HTTP/1.1" 404 20 "-" "Mozilla/5.0 (compatible; SemrushBot/7~bl; +http://www.semrush.com/bot.html)"
185.191.171.10 - - [18/Dec/2025:09:13:08 +0300] "GET /579346676.phtml HTTP/1.1" 404 20 "-" "Mozilla/5.0 (compatible; SemrushBot/7~bl; +http://www.semrush.com/bot.html)"
85.208.96.203 - - [18/Dec/2025:09:13:14 +0300] "GET /197357684.phtml HTTP/1.1" 404 20 "-" "Mozilla/5.0 (compatible; SemrushBot/7~bl; +http://www.semrush.com/bot.html)"
207.46.13.52 - - [18/Dec/2025:09:11:18 +0300] "GET /1238453.phtml HTTP/2" 404 20 "-" "Mozilla/5.0 AppleWebKit/537.36 (KHTML, like Gecko; compatible; bingbot/2.0; +http://www.bing.com/bingbot.htm) Chrome/116.0.1938.76 Safari/537.36"
185.191.171.14 - - [18/Dec/2025:09:11:32 +0300] "GET /591168101.phtml HTTP/1.1" 404 20 "-" "Mozilla/5.0 (compatible; SemrushBot/7~bl; +http://www.semrush.com/bot.html)"
57.141.0.55 - - [18/Dec/2025:09:11:45 +0300] "GET /475505246.phtml HTTP/2" 404 0 "-" "meta-externalagent/1.1 (+https://developers.facebook.com/docs/sharing/webmasters/crawler)"
74.7.227.44 - - [18/Dec/2025:09:11:58 +0300] "GET /575593157.phtml HTTP/2" 404 20 "-" "Mozilla/5.0 AppleWebKit/537.36 (KHTML, like Gecko; compatible; GPTBot/1.3; +https://openai.com/gptbot)"
85.208.96.199 - - [18/Dec/2025:09:12:11 +0300] "GET /277794656.phtml HTTP/1.1" 404 20 "-" "Mozilla/5.0 (compatible; SemrushBot/7~bl; +http://www.semrush.com/bot.html)"
85.208.96.204 - - [18/Dec/2025:09:12:26 +0300] "GET /87637535.phtml HTTP/1.1" 404 20 "-" "Mozilla/5.0 (compatible; SemrushBot/7~bl; +http://www.semrush.com/bot.html)"
85.208.96.199 - - [18/Dec/2025:09:12:36 +0300] "GET /260471966.phtml HTTP/1.1" 404 20 "-" "Mozilla/5.0 (compatible; SemrushBot/7~bl; +http://www.semrush.com/bot.html)"
85.208.96.207 - - [18/Dec/2025:09:12:43 +0300] "GET /158761049.phtml HTTP/1.1" 404 20 "-" "Mozilla/5.0 (compatible; SemrushBot/7~bl; +http://www.semrush.com/bot.html)"
85.208.96.201 - - [18/Dec/2025:09:13:19 +0300] "GET /136485950.phtml HTTP/1.1" 404 20 "-" "Mozilla/5.0 (compatible; SemrushBot/7~bl; +http://www.semrush.com/bot.html)"
40.77.167.151 - - [18/Dec/2025:09:13:19 +0300] "GET /284258960.phtml HTTP/2" 404 20 "-" "Mozilla/5.0 AppleWebKit/537.36 (KHTML, like Gecko; compatible; bingbot/2.0; +http://www.bing.com/bingbot.htm) Chrome/116.0.1938.76 Safari/537.36"
185.191.171.5 - - [18/Dec/2025:09:13:36 +0300] "GET /212972591.phtml HTTP/1.1" 404 20 "-" "Mozilla/5.0 (compatible; SemrushBot/7~bl; +http://www.semrush.com/bot.html)"
40.77.167.52 - - [18/Dec/2025:09:14:10 +0300] "GET /434007251.phtml HTTP/2" 404 20 "-" "Mozilla/5.0 AppleWebKit/537.36 (KHTML, like Gecko; compatible; bingbot/2.0; +http://www.bing.com/bingbot.htm) Chrome/116.0.1938.76 Safari/537.36"
185.191.171.11 - - [18/Dec/2025:09:14:13 +0300] "GET /142687376.phtml HTTP/1.1" 404 20 "-" "Mozilla/5.0 (compatible; SemrushBot/7~bl; +http://www.semrush.com/bot.html)"
185.191.171.12 - - [18/Dec/2025:09:14:19 +0300] "GET /179916722.phtml HTTP/1.1" 404 20 "-" "Mozilla/5.0 (compatible; SemrushBot/7~bl; +http://www.semrush.com/bot.html)"
40.77.167.52 - - [18/Dec/2025:09:14:31 +0300] "GET /632601185.phtml HTTP/2" 404 20 "-" "Mozilla/5.0 AppleWebKit/537.36 (KHTML, like Gecko; compatible; bingbot/2.0; +http://www.bing.com/bingbot.htm) Chrome/116.0.1938.76 Safari/537.36"
185.191.171.12 - - [18/Dec/2025:09:14:33 +0300] "GET /210792644.phtml HTTP/1.1" 404 20 "-" "Mozilla/5.0 (compatible; SemrushBot/7~bl; +http://www.semrush.com/bot.html)"
85.208.96.199 - - [18/Dec/2025:09:14:38 +0300] "GET /466920362.phtml HTTP/1.1" 404 20 "-" "Mozilla/5.0 (compatible; SemrushBot/7~bl; +http://www.semrush.com/bot.html)"
40.77.167.151 - - [18/Dec/2025:09:14:39 +0300] "GET /559555058.phtml HTTP/2" 404 20 "-" "Mozilla/5.0 AppleWebKit/537.36 (KHTML, like Gecko; compatible; bingbot/2.0; +http://www.bing.com/bingbot.htm) Chrome/116.0.1938.76 Safari/537.36"
207.46.13.141 - - [18/Dec/2025:09:14:50 +0300] "GET /661681775.phtml HTTP/2" 404 20 "-" "Mozilla/5.0 AppleWebKit/537.36 (KHTML, like Gecko; compatible; bingbot/2.0; +http://www.bing.com/bingbot.htm) Chrome/116.0.1938.76 Safari/537.36"
40.77.167.52 - - [18/Dec/2025:09:14:59 +0300] "GET /191020661.phtml HTTP/2" 404 20 "-" "Mozilla/5.0 AppleWebKit/537.36 (KHTML, like Gecko; compatible; bingbot/2.0; +http://www.bing.com/bingbot.htm) Chrome/116.0.1938.76 Safari/537.36"
40.77.167.52 - - [18/Dec/2025:09:15:00 +0300] "GET /276168185.phtml HTTP/2" 404 20 "-" "Mozilla/5.0 AppleWebKit/537.36 (KHTML, like Gecko; compatible; bingbot/2.0; +http://www.bing.com/bingbot.htm) Chrome/116.0.1938.76 Safari/537.36"
74.7.227.44 - - [18/Dec/2025:09:15:09 +0300] "GET /489441245.phtml HTTP/2" 404 20 "-" "Mozilla/5.0 AppleWebKit/537.36 (KHTML, like Gecko; compatible; GPTBot/1.3; +https://openai.com/gptbot)"
40.77.167.52 - - [18/Dec/2025:09:15:21 +0300] "GET /209611772.phtml HTTP/2" 404 20 "-" "Mozilla/5.0 AppleWebKit/537.36 (KHTML, like Gecko; compatible; bingbot/2.0; +http://www.bing.com/bingbot.htm) Chrome/116.0.1938.76 Safari/537.36"
40.77.167.52 - - [18/Dec/2025:09:15:21 +0300] "GET /527463614.phtml HTTP/2" 404 20 "-" "Mozilla/5.0 AppleWebKit/537.36 (KHTML, like Gecko; compatible; bingbot/2.0; +http://www.bing.com/bingbot.htm) Chrome/116.0.1938.76 Safari/537.36"
40.77.167.151 - - [18/Dec/2025:09:15:40 +0300] "GET /178185146.phtml HTTP/2" 404 20 "-" "Mozilla/5.0 AppleWebKit/537.36 (KHTML, like Gecko; compatible; bingbot/2.0; +http://www.bing.com/bingbot.htm) Chrome/116.0.1938.76 Safari/537.36"
85.208.96.196 - - [18/Dec/2025:09:16:00 +0300] "GET /55442603.phtml HTTP/1.1" 404 20 "-" "Mozilla/5.0 (compatible; SemrushBot/7~bl; +http://www.semrush.com/bot.html)"
74.7.227.44 - - [18/Dec/2025:09:16:11 +0300] "GET /511416044.phtml HTTP/2" 404 20 "-" "Mozilla/5.0 AppleWebKit/537.36 (KHTML, like Gecko; compatible; GPTBot/1.3; +https://openai.com/gptbot)"
185.191.171.11 - - [18/Dec/2025:09:16:12 +0300] "GET /145412021.phtml HTTP/1.1" 404 20 "-" "Mozilla/5.0 (compatible; SemrushBot/7~bl; +http://www.semrush.com/bot.html)"
40.77.167.52 - - [18/Dec/2025:09:16:12 +0300] "GET /516438908.phtml HTTP/2" 404 20 "-" "Mozilla/5.0 AppleWebKit/537.36 (KHTML, like Gecko; compatible; bingbot/2.0; +http://www.bing.com/bingbot.htm) Chrome/116.0.1938.76 Safari/537.36"
40.77.167.52 - - [18/Dec/2025:09:16:12 +0300] "GET /224292515.phtml HTTP/2" 404 20 "-" "Mozilla/5.0 AppleWebKit/537.36 (KHTML, like Gecko; compatible; bingbot/2.0; +http://www.bing.com/bingbot.htm) Chrome/116.0.1938.76 Safari/537.36"
40.77.167.52 - - [18/Dec/2025:09:16:13 +0300] "GET /94334225.phtml HTTP/2" 404 20 "-" "Mozilla/5.0 AppleWebKit/537.36 (KHTML, like Gecko; compatible; bingbot/2.0; +http://www.bing.com/bingbot.htm) Chrome/116.0.1938.76 Safari/537.36"
173.252.87.5 - - [18/Dec/2025:09:16:22 +0300] "GET /robots.txt HTTP/2" 404 0 "-" "facebookexternalhit/1.1 (+http://www.facebook.com/externalhit_uatext.php)"
