52.167.144.203 - - [18/Dec/2025:17:09:08 +0300] "GET /451906748.phtml HTTP/2" 404 20 "-" "Mozilla/5.0 AppleWebKit/537.36 (KHTML, like Gecko; compatible; bingbot/2.0; +http://www.bing.com/bingbot.htm) Chrome/116.0.1938.76 Safari/537.36"
74.7.227.44 - - [18/Dec/2025:17:09:11 +0300] "GET /476007440.phtml HTTP/2" 404 20 "-" "Mozilla/5.0 AppleWebKit/537.36 (KHTML, like Gecko; compatible; GPTBot/1.3; +https://openai.com/gptbot)"
57.141.0.35 - - [18/Dec/2025:17:09:18 +0300] "GET /552881237.phtml HTTP/2" 404 0 "-" "meta-externalagent/1.1 (+https://developers.facebook.com/docs/sharing/webmasters/crawler)"
74.7.227.44 - - [18/Dec/2025:17:10:15 +0300] "GET /158550839.phtml HTTP/2" 404 20 "-" "Mozilla/5.0 AppleWebKit/537.36 (KHTML, like Gecko; compatible; GPTBot/1.3; +https://openai.com/gptbot)"
52.167.144.203 - - [18/Dec/2025:17:10:49 +0300] "GET /690244925.phtml HTTP/2" 404 20 "-" "Mozilla/5.0 AppleWebKit/537.36 (KHTML, like Gecko; compatible; bingbot/2.0; +http://www.bing.com/bingbot.htm) Chrome/116.0.1938.76 Safari/537.36"
85.208.96.201 - - [18/Dec/2025:17:10:51 +0300] "GET /538569170.phtml HTTP/1.1" 404 20 "-" "Mozilla/5.0 (compatible; SemrushBot/7~bl; +http://www.semrush.com/bot.html)"
52.167.144.219 - - [18/Dec/2025:17:11:19 +0300] "GET /262201463.phtml HTTP/2" 404 20 "-" "Mozilla/5.0 AppleWebKit/537.36 (KHTML, like Gecko; compatible; bingbot/2.0; +http://www.bing.com/bingbot.htm) Chrome/116.0.1938.76 Safari/537.36"
185.191.171.2 - - [18/Dec/2025:17:11:35 +0300] "GET /188267603.phtml HTTP/1.1" 404 20 "-" "Mozilla/5.0 (compatible; SemrushBot/7~bl; +http://www.semrush.com/bot.html)"
85.208.96.193 - - [18/Dec/2025:17:11:37 +0300] "GET /247061030.phtml HTTP/1.1" 404 20 "-" "Mozilla/5.0 (compatible; SemrushBot/7~bl; +http://www.semrush.com/bot.html)"
52.167.144.203 - - [18/Dec/2025:17:10:54 +0300] "GET /277278833.phtml HTTP/2" 200 0 "-" "Mozilla/5.0 AppleWebKit/537.36 (KHTML, like Gecko; compatible; bingbot/2.0; +http://www.bing.com/bingbot.htm) Chrome/116.0.1938.76 Safari/537.36"
85.208.96.201 - - [18/Dec/2025:17:11:56 +0300] "GET /10069814.phtml HTTP/1.1" 404 20 "-" "Mozilla/5.0 (compatible; SemrushBot/7~bl; +http://www.semrush.com/bot.html)"
185.191.171.19 - - [18/Dec/2025:17:11:58 +0300] "GET /157513187.phtml HTTP/1.1" 404 20 "-" "Mozilla/5.0 (compatible; SemrushBot/7~bl; +http://www.semrush.com/bot.html)"
85.208.96.196 - - [18/Dec/2025:17:09:27 +0300] "GET /413069873.phtml HTTP/1.1" 404 20 "-" "Mozilla/5.0 (compatible; SemrushBot/7~bl; +http://www.semrush.com/bot.html)"
52.167.144.203 - - [18/Dec/2025:17:09:34 +0300] "GET /271504988.phtml HTTP/2" 404 20 "-" "Mozilla/5.0 AppleWebKit/537.36 (KHTML, like Gecko; compatible; bingbot/2.0; +http://www.bing.com/bingbot.htm) Chrome/116.0.1938.76 Safari/537.36"
85.208.96.211 - - [18/Dec/2025:17:09:42 +0300] "GET /79416476.phtml HTTP/1.1" 404 20 "-" "Mozilla/5.0 (compatible; SemrushBot/7~bl; +http://www.semrush.com/bot.html)"
52.167.144.203 - - [18/Dec/2025:17:09:54 +0300] "GET /46291076.phtml HTTP/2" 404 20 "-" "Mozilla/5.0 AppleWebKit/537.36 (KHTML, like Gecko; compatible; bingbot/2.0; +http://www.bing.com/bingbot.htm) Chrome/116.0.1938.76 Safari/537.36"
57.141.0.76 - - [18/Dec/2025:17:10:14 +0300] "GET /248273891.shtml HTTP/2" 404 0 "-" "meta-externalagent/1.1 (+https://developers.facebook.com/docs/sharing/webmasters/crawler)"
85.208.96.211 - - [18/Dec/2025:17:10:53 +0300] "GET /477035852.phtml HTTP/1.1" 404 20 "-" "Mozilla/5.0 (compatible; SemrushBot/7~bl; +http://www.semrush.com/bot.html)"
85.208.96.193 - - [18/Dec/2025:17:11:33 +0300] "GET /533518124.phtml HTTP/1.1" 404 20 "-" "Mozilla/5.0 (compatible; SemrushBot/7~bl; +http://www.semrush.com/bot.html)"
52.167.144.203 - - [18/Dec/2025:17:11:54 +0300] "GET /350463098.phtml HTTP/2" 404 20 "-" "Mozilla/5.0 AppleWebKit/537.36 (KHTML, like Gecko; compatible; bingbot/2.0; +http://www.bing.com/bingbot.htm) Chrome/116.0.1938.76 Safari/537.36"
185.191.171.7 - - [18/Dec/2025:17:11:54 +0300] "GET /408864749.phtml HTTP/1.1" 404 20 "-" "Mozilla/5.0 (compatible; SemrushBot/7~bl; +http://www.semrush.com/bot.html)"
52.167.144.203 - - [18/Dec/2025:17:11:54 +0300] "GET /229095698.phtml HTTP/2" 404 20 "-" "Mozilla/5.0 AppleWebKit/537.36 (KHTML, like Gecko; compatible; bingbot/2.0; +http://www.bing.com/bingbot.htm) Chrome/116.0.1938.76 Safari/537.36"
52.167.144.203 - - [18/Dec/2025:17:11:55 +0300] "GET /505319030.phtml HTTP/2" 404 20 "-" "Mozilla/5.0 AppleWebKit/537.36 (KHTML, like Gecko; compatible; bingbot/2.0; +http://www.bing.com/bingbot.htm) Chrome/116.0.1938.76 Safari/537.36"
185.191.171.1 - - [18/Dec/2025:17:12:00 +0300] "GET /252250214.phtml HTTP/1.1" 404 20 "-" "Mozilla/5.0 (compatible; SemrushBot/7~bl; +http://www.semrush.com/bot.html)"
185.191.171.19 - - [18/Dec/2025:17:12:02 +0300] "GET /676290446.phtml HTTP/1.1" 404 20 "-" "Mozilla/5.0 (compatible; SemrushBot/7~bl; +http://www.semrush.com/bot.html)"
185.191.171.19 - - [18/Dec/2025:17:12:12 +0300] "GET /662032202.phtml HTTP/1.1" 404 20 "-" "Mozilla/5.0 (compatible; SemrushBot/7~bl; +http://www.semrush.com/bot.html)"
74.7.227.44 - - [18/Dec/2025:17:13:25 +0300] "GET /291499655.phtml HTTP/2" 404 20 "-" "Mozilla/5.0 AppleWebKit/537.36 (KHTML, like Gecko; compatible; GPTBot/1.3; +https://openai.com/gptbot)"
185.191.171.10 - - [18/Dec/2025:17:13:27 +0300] "GET /87745874.phtml HTTP/1.1" 404 20 "-" "Mozilla/5.0 (compatible; SemrushBot/7~bl; +http://www.semrush.com/bot.html)"
185.191.171.15 - - [18/Dec/2025:17:13:41 +0300] "GET /278477723.phtml HTTP/1.1" 404 20 "-" "Mozilla/5.0 (compatible; SemrushBot/7~bl; +http://www.semrush.com/bot.html)"
85.208.96.205 - - [18/Dec/2025:17:13:43 +0300] "GET /622889945.phtml HTTP/1.1" 404 20 "-" "Mozilla/5.0 (compatible; SemrushBot/7~bl; +http://www.semrush.com/bot.html)"
185.191.171.14 - - [18/Dec/2025:17:13:45 +0300] "GET /305191718.phtml HTTP/1.1" 404 20 "-" "Mozilla/5.0 (compatible; SemrushBot/7~bl; +http://www.semrush.com/bot.html)"
185.191.171.10 - - [18/Dec/2025:17:13:48 +0300] "GET /570766412.phtml HTTP/1.1" 404 20 "-" "Mozilla/5.0 (compatible; SemrushBot/7~bl; +http://www.semrush.com/bot.html)"
185.191.171.9 - - [18/Dec/2025:17:13:50 +0300] "GET /685252322.phtml HTTP/1.1" 404 20 "-" "Mozilla/5.0 (compatible; SemrushBot/7~bl; +http://www.semrush.com/bot.html)"
85.208.96.209 - - [18/Dec/2025:17:13:58 +0300] "GET /14959391.phtml HTTP/1.1" 404 20 "-" "Mozilla/5.0 (compatible; SemrushBot/7~bl; +http://www.semrush.com/bot.html)"
52.167.144.197 - - [18/Dec/2025:17:12:04 +0300] "GET /453196652.phtml HTTP/2" 404 20 "-" "Mozilla/5.0 AppleWebKit/537.36 (KHTML, like Gecko; compatible; bingbot/2.0; +http://www.bing.com/bingbot.htm) Chrome/116.0.1938.76 Safari/537.36"
185.191.171.9 - - [18/Dec/2025:17:12:08 +0300] "GET /672541316.phtml HTTP/1.1" 404 20 "-" "Mozilla/5.0 (compatible; SemrushBot/7~bl; +http://www.semrush.com/bot.html)"
52.167.144.219 - - [18/Dec/2025:17:12:30 +0300] "GET /364253336.phtml HTTP/2" 404 20 "-" "Mozilla/5.0 AppleWebKit/537.36 (KHTML, like Gecko; compatible; bingbot/2.0; +http://www.bing.com/bingbot.htm) Chrome/116.0.1938.76 Safari/537.36"
85.208.96.196 - - [18/Dec/2025:17:12:52 +0300] "GET /374141522.phtml HTTP/1.1" 404 20 "-" "Mozilla/5.0 (compatible; SemrushBot/7~bl; +http://www.semrush.com/bot.html)"
52.167.144.192 - - [18/Dec/2025:17:13:07 +0300] "GET /288032345.phtml HTTP/2" 404 20 "-" "Mozilla/5.0 AppleWebKit/537.36 (KHTML, like Gecko; compatible; bingbot/2.0; +http://www.bing.com/bingbot.htm) Chrome/116.0.1938.76 Safari/537.36"
52.167.144.197 - - [18/Dec/2025:17:13:54 +0300] "GET /45100040.phtml HTTP/2" 404 20 "-" "Mozilla/5.0 AppleWebKit/537.36 (KHTML, like Gecko; compatible; bingbot/2.0; +http://www.bing.com/bingbot.htm) Chrome/116.0.1938.76 Safari/537.36"
208.110.64.178 - - [18/Dec/2025:17:14:22 +0300] "GET /wp-includes/im9c5db8/edit.php HTTP/1.1" 404 20 "https://survivorshoes.com/wp-includes/im9c5db8/edit.php" "Mozilla/5.0 (Windows NT 10.0; Win64; x64) AppleWebKit/537.36 (KHTML, like Gecko) Chrome/58.0.3029.110 Safari/537.3"
85.208.96.197 - - [18/Dec/2025:17:14:57 +0300] "GET /robots.txt HTTP/1.1" 404 20 "-" "Mozilla/5.0 (compatible; SemrushBot/7~bl; +http://www.semrush.com/bot.html)"
57.141.0.30 - - [18/Dec/2025:17:15:12 +0300] "GET /582148706.phtml HTTP/2" 404 0 "-" "meta-externalagent/1.1 (+https://developers.facebook.com/docs/sharing/webmasters/crawler)"
85.208.96.200 - - [18/Dec/2025:17:15:17 +0300] "GET /12061958.phtml HTTP/1.1" 404 20 "-" "Mozilla/5.0 (compatible; SemrushBot/7~bl; +http://www.semrush.com/bot.html)"
85.208.96.212 - - [18/Dec/2025:17:15:26 +0300] "GET /531674744.phtml HTTP/1.1" 404 20 "-" "Mozilla/5.0 (compatible; SemrushBot/7~bl; +http://www.semrush.com/bot.html)"
85.208.96.209 - - [18/Dec/2025:17:15:28 +0300] "GET /131893670.phtml HTTP/1.1" 404 20 "-" "Mozilla/5.0 (compatible; SemrushBot/7~bl; +http://www.semrush.com/bot.html)"
85.208.96.195 - - [18/Dec/2025:17:15:30 +0300] "GET /134779553.phtml HTTP/1.1" 404 20 "-" "Mozilla/5.0 (compatible; SemrushBot/7~bl; +http://www.semrush.com/bot.html)"
85.208.96.196 - - [18/Dec/2025:17:15:37 +0300] "GET /162616670.phtml HTTP/1.1" 404 20 "-" "Mozilla/5.0 (compatible; SemrushBot/7~bl; +http://www.semrush.com/bot.html)"
52.167.144.219 - - [18/Dec/2025:17:15:57 +0300] "GET /75030479.phtml HTTP/2" 404 20 "-" "Mozilla/5.0 AppleWebKit/537.36 (KHTML, like Gecko; compatible; bingbot/2.0; +http://www.bing.com/bingbot.htm) Chrome/116.0.1938.76 Safari/537.36"
85.208.96.210 - - [18/Dec/2025:17:16:08 +0300] "GET /499024973.phtml HTTP/1.1" 404 20 "-" "Mozilla/5.0 (compatible; SemrushBot/7~bl; +http://www.semrush.com/bot.html)"
52.167.144.192 - - [18/Dec/2025:17:16:16 +0300] "GET /356095109.phtml HTTP/2" 404 20 "-" "Mozilla/5.0 AppleWebKit/537.36 (KHTML, like Gecko; compatible; bingbot/2.0; +http://www.bing.com/bingbot.htm) Chrome/116.0.1938.76 Safari/537.36"
85.208.96.202 - - [18/Dec/2025:17:16:23 +0300] "GET /379940084.phtml HTTP/1.1" 404 20 "-" "Mozilla/5.0 (compatible; SemrushBot/7~bl; +http://www.semrush.com/bot.html)"
85.208.96.202 - - [18/Dec/2025:17:17:04 +0300] "GET /545990276.phtml HTTP/1.1" 404 20 "-" "Mozilla/5.0 (compatible; SemrushBot/7~bl; +http://www.semrush.com/bot.html)"
85.208.96.199 - - [18/Dec/2025:17:17:13 +0300] "GET /587083328.phtml HTTP/1.1" 404 20 "-" "Mozilla/5.0 (compatible; SemrushBot/7~bl; +http://www.semrush.com/bot.html)"
85.208.96.203 - - [18/Dec/2025:17:17:24 +0300] "GET /692197106.phtml HTTP/1.1" 404 20 "-" "Mozilla/5.0 (compatible; SemrushBot/7~bl; +http://www.semrush.com/bot.html)"
74.7.227.44 - - [18/Dec/2025:17:14:31 +0300] "GET /680306612.phtml HTTP/2" 200 0 "-" "Mozilla/5.0 AppleWebKit/537.36 (KHTML, like Gecko; compatible; GPTBot/1.3; +https://openai.com/gptbot)"
185.191.171.19 - - [18/Dec/2025:17:15:11 +0300] "GET /149952557.phtml HTTP/1.1" 404 20 "-" "Mozilla/5.0 (compatible; SemrushBot/7~bl; +http://www.semrush.com/bot.html)"
185.191.171.7 - - [18/Dec/2025:17:15:13 +0300] "GET /137302304.phtml HTTP/1.1" 404 20 "-" "Mozilla/5.0 (compatible; SemrushBot/7~bl; +http://www.semrush.com/bot.html)"
185.191.171.8 - - [18/Dec/2025:17:15:15 +0300] "GET /130636106.phtml HTTP/1.1" 404 20 "-" "Mozilla/5.0 (compatible; SemrushBot/7~bl; +http://www.semrush.com/bot.html)"
185.191.171.5 - - [18/Dec/2025:17:15:32 +0300] "GET /71183636.phtml HTTP/1.1" 404 20 "-" "Mozilla/5.0 (compatible; SemrushBot/7~bl; +http://www.semrush.com/bot.html)"
40.77.167.37 - - [18/Dec/2025:17:16:39 +0300] "GET /220565792.phtml HTTP/2" 404 20 "-" "Mozilla/5.0 AppleWebKit/537.36 (KHTML, like Gecko; compatible; bingbot/2.0; +http://www.bing.com/bingbot.htm) Chrome/116.0.1938.76 Safari/537.36"
185.191.171.6 - - [18/Dec/2025:17:16:52 +0300] "GET /518628326.phtml HTTP/1.1" 404 20 "-" "Mozilla/5.0 (compatible; SemrushBot/7~bl; +http://www.semrush.com/bot.html)"
85.208.96.206 - - [18/Dec/2025:17:16:54 +0300] "GET /204549176.phtml HTTP/1.1" 404 20 "-" "Mozilla/5.0 (compatible; SemrushBot/7~bl; +http://www.semrush.com/bot.html)"
52.167.144.197 - - [18/Dec/2025:17:17:06 +0300] "GET /592946570.phtml HTTP/2" 404 20 "-" "Mozilla/5.0 AppleWebKit/537.36 (KHTML, like Gecko; compatible; bingbot/2.0; +http://www.bing.com/bingbot.htm) Chrome/116.0.1938.76 Safari/537.36"
85.208.96.210 - - [18/Dec/2025:17:17:21 +0300] "GET /520328948.phtml HTTP/1.1" 404 20 "-" "Mozilla/5.0 (compatible; SemrushBot/7~bl; +http://www.semrush.com/bot.html)"
85.208.96.195 - - [18/Dec/2025:17:18:04 +0300] "GET /368286134.phtml HTTP/1.1" 404 20 "-" "Mozilla/5.0 (compatible; SemrushBot/7~bl; +http://www.semrush.com/bot.html)"
52.167.144.197 - - [18/Dec/2025:17:18:05 +0300] "GET /338136476.phtml HTTP/2" 404 20 "-" "Mozilla/5.0 AppleWebKit/537.36 (KHTML, like Gecko; compatible; bingbot/2.0; +http://www.bing.com/bingbot.htm) Chrome/116.0.1938.76 Safari/537.36"
52.167.144.197 - - [18/Dec/2025:17:18:26 +0300] "GET /74977349.phtml HTTP/2" 404 20 "-" "Mozilla/5.0 AppleWebKit/537.36 (KHTML, like Gecko; compatible; bingbot/2.0; +http://www.bing.com/bingbot.htm) Chrome/116.0.1938.76 Safari/537.36"
40.77.167.37 - - [18/Dec/2025:17:18:49 +0300] "GET /676931240.phtml HTTP/2" 404 20 "-" "Mozilla/5.0 AppleWebKit/537.36 (KHTML, like Gecko; compatible; bingbot/2.0; +http://www.bing.com/bingbot.htm) Chrome/116.0.1938.76 Safari/537.36"
85.208.96.212 - - [18/Dec/2025:17:18:57 +0300] "GET /121181276.phtml HTTP/1.1" 404 20 "-" "Mozilla/5.0 (compatible; SemrushBot/7~bl; +http://www.semrush.com/bot.html)"
185.191.171.6 - - [18/Dec/2025:17:19:05 +0300] "GET /585552029.phtml HTTP/1.1" 404 20 "-" "Mozilla/5.0 (compatible; SemrushBot/7~bl; +http://www.semrush.com/bot.html)"
185.191.171.14 - - [18/Dec/2025:17:19:29 +0300] "GET /463190405.phtml HTTP/1.1" 404 20 "-" "Mozilla/5.0 (compatible; SemrushBot/7~bl; +http://www.semrush.com/bot.html)"
85.208.96.202 - - [18/Dec/2025:17:19:34 +0300] "GET /206974907.phtml HTTP/1.1" 404 20 "-" "Mozilla/5.0 (compatible; SemrushBot/7~bl; +http://www.semrush.com/bot.html)"
85.208.96.204 - - [18/Dec/2025:17:19:37 +0300] "GET /540335165.phtml HTTP/1.1" 404 20 "-" "Mozilla/5.0 (compatible; SemrushBot/7~bl; +http://www.semrush.com/bot.html)"
85.208.96.205 - - [18/Dec/2025:17:19:43 +0300] "GET /449237312.phtml HTTP/1.1" 404 20 "-" "Mozilla/5.0 (compatible; SemrushBot/7~bl; +http://www.semrush.com/bot.html)"
74.7.227.44 - - [18/Dec/2025:17:19:44 +0300] "GET /232085300.phtml HTTP/2" 404 20 "-" "Mozilla/5.0 AppleWebKit/537.36 (KHTML, like Gecko; compatible; GPTBot/1.3; +https://openai.com/gptbot)"
57.141.0.12 - - [18/Dec/2025:17:20:01 +0300] "GET /404022758.phtml HTTP/2" 404 0 "-" "meta-externalagent/1.1 (+https://developers.facebook.com/docs/sharing/webmasters/crawler)"
85.208.96.212 - - [18/Dec/2025:17:17:29 +0300] "GET /393096920.phtml HTTP/1.1" 404 20 "-" "Mozilla/5.0 (compatible; SemrushBot/7~bl; +http://www.semrush.com/bot.html)"
52.167.144.192 - - [18/Dec/2025:17:17:34 +0300] "GET /269797667.phtml HTTP/2" 404 20 "-" "Mozilla/5.0 AppleWebKit/537.36 (KHTML, like Gecko; compatible; bingbot/2.0; +http://www.bing.com/bingbot.htm) Chrome/116.0.1938.76 Safari/537.36"
185.191.171.5 - - [18/Dec/2025:17:17:37 +0300] "GET /177325133.phtml HTTP/1.1" 404 20 "-" "Mozilla/5.0 (compatible; SemrushBot/7~bl; +http://www.semrush.com/bot.html)"
185.191.171.16 - - [18/Dec/2025:17:18:55 +0300] "GET /134440214.phtml HTTP/1.1" 404 20 "-" "Mozilla/5.0 (compatible; SemrushBot/7~bl; +http://www.semrush.com/bot.html)"
85.208.96.198 - - [18/Dec/2025:17:19:31 +0300] "GET /693995210.phtml HTTP/1.1" 404 20 "-" "Mozilla/5.0 (compatible; SemrushBot/7~bl; +http://www.semrush.com/bot.html)"
85.208.96.200 - - [18/Dec/2025:17:19:49 +0300] "GET /311735948.phtml HTTP/1.1" 404 20 "-" "Mozilla/5.0 (compatible; SemrushBot/7~bl; +http://www.semrush.com/bot.html)"
85.208.96.201 - - [18/Dec/2025:17:20:05 +0300] "GET /114866198.phtml HTTP/1.1" 404 20 "-" "Mozilla/5.0 (compatible; SemrushBot/7~bl; +http://www.semrush.com/bot.html)"
74.7.227.44 - - [18/Dec/2025:17:20:48 +0300] "GET /415001033.phtml HTTP/2" 404 20 "-" "Mozilla/5.0 AppleWebKit/537.36 (KHTML, like Gecko; compatible; GPTBot/1.3; +https://openai.com/gptbot)"
185.191.171.14 - - [18/Dec/2025:17:20:53 +0300] "GET /628598879.phtml HTTP/1.1" 404 20 "-" "Mozilla/5.0 (compatible; SemrushBot/7~bl; +http://www.semrush.com/bot.html)"
40.77.167.77 - - [18/Dec/2025:17:21:04 +0300] "GET /542518346.phtml HTTP/2" 404 20 "-" "Mozilla/5.0 AppleWebKit/537.36 (KHTML, like Gecko; compatible; bingbot/2.0; +http://www.bing.com/bingbot.htm) Chrome/116.0.1938.76 Safari/537.36"
85.208.96.199 - - [18/Dec/2025:17:21:13 +0300] "GET /255574997.phtml HTTP/1.1" 404 20 "-" "Mozilla/5.0 (compatible; SemrushBot/7~bl; +http://www.semrush.com/bot.html)"
40.77.167.37 - - [18/Dec/2025:17:21:19 +0300] "GET /216137291.phtml HTTP/2" 404 20 "-" "Mozilla/5.0 AppleWebKit/537.36 (KHTML, like Gecko; compatible; bingbot/2.0; +http://www.bing.com/bingbot.htm) Chrome/116.0.1938.76 Safari/537.36"
185.191.171.11 - - [18/Dec/2025:17:21:40 +0300] "GET /89487152.phtml HTTP/1.1" 404 20 "-" "Mozilla/5.0 (compatible; SemrushBot/7~bl; +http://www.semrush.com/bot.html)"
40.77.167.37 - - [18/Dec/2025:17:21:50 +0300] "GET /466243070.phtml HTTP/2" 404 20 "-" "Mozilla/5.0 AppleWebKit/537.36 (KHTML, like Gecko; compatible; bingbot/2.0; +http://www.bing.com/bingbot.htm) Chrome/116.0.1938.76 Safari/537.36"
40.77.167.77 - - [18/Dec/2025:17:22:06 +0300] "GET /674499503.phtml HTTP/2" 404 20 "-" "Mozilla/5.0 AppleWebKit/537.36 (KHTML, like Gecko; compatible; bingbot/2.0; +http://www.bing.com/bingbot.htm) Chrome/116.0.1938.76 Safari/537.36"
85.208.96.195 - - [18/Dec/2025:17:22:07 +0300] "GET /66320393.phtml HTTP/1.1" 404 20 "-" "Mozilla/5.0 (compatible; SemrushBot/7~bl; +http://www.semrush.com/bot.html)"
185.191.171.10 - - [18/Dec/2025:17:22:56 +0300] "GET /382420100.phtml HTTP/1.1" 404 20 "-" "Mozilla/5.0 (compatible; SemrushBot/7~bl; +http://www.semrush.com/bot.html)"
185.191.171.14 - - [18/Dec/2025:17:23:05 +0300] "GET /407702126.phtml HTTP/1.1" 404 20 "-" "Mozilla/5.0 (compatible; SemrushBot/7~bl; +http://www.semrush.com/bot.html)"
185.191.171.14 - - [18/Dec/2025:17:23:30 +0300] "GET /35617259.phtml HTTP/1.1" 404 20 "-" "Mozilla/5.0 (compatible; SemrushBot/7~bl; +http://www.semrush.com/bot.html)"
185.191.171.9 - - [18/Dec/2025:17:23:40 +0300] "GET /380435579.phtml HTTP/1.1" 404 20 "-" "Mozilla/5.0 (compatible; SemrushBot/7~bl; +http://www.semrush.com/bot.html)"
185.191.171.14 - - [18/Dec/2025:17:23:54 +0300] "GET /544779374.phtml HTTP/1.1" 404 20 "-" "Mozilla/5.0 (compatible; SemrushBot/7~bl; +http://www.semrush.com/bot.html)"
85.208.96.212 - - [18/Dec/2025:17:24:01 +0300] "GET /312603584.phtml HTTP/1.1" 404 20 "-" "Mozilla/5.0 (compatible; SemrushBot/7~bl; +http://www.semrush.com/bot.html)"
85.208.96.208 - - [18/Dec/2025:17:20:29 +0300] "GET /277591838.phtml HTTP/1.1" 404 20 "-" "Mozilla/5.0 (compatible; SemrushBot/7~bl; +http://www.semrush.com/bot.html)"
52.167.144.192 - - [18/Dec/2025:17:20:46 +0300] "GET /678993146.phtml HTTP/2" 404 20 "-" "Mozilla/5.0 AppleWebKit/537.36 (KHTML, like Gecko; compatible; bingbot/2.0; +http://www.bing.com/bingbot.htm) Chrome/116.0.1938.76 Safari/537.36"
85.208.96.204 - - [18/Dec/2025:17:20:49 +0300] "GET /546532664.phtml HTTP/1.1" 404 20 "-" "Mozilla/5.0 (compatible; SemrushBot/7~bl; +http://www.semrush.com/bot.html)"
66.249.66.41 - - [18/Dec/2025:17:21:01 +0300] "GET /500499446.phtml HTTP/1.1" 404 20 "-" "Mozilla/5.0 (compatible; Googlebot/2.1; +http://www.google.com/bot.html)"
85.208.96.207 - - [18/Dec/2025:17:21:01 +0300] "GET /118504679.phtml HTTP/1.1" 404 20 "-" "Mozilla/5.0 (compatible; SemrushBot/7~bl; +http://www.semrush.com/bot.html)"
85.208.96.211 - - [18/Dec/2025:17:21:33 +0300] "GET /186205697.phtml HTTP/1.1" 404 20 "-" "Mozilla/5.0 (compatible; SemrushBot/7~bl; +http://www.semrush.com/bot.html)"
85.208.96.195 - - [18/Dec/2025:17:21:38 +0300] "GET /134556638.phtml HTTP/1.1" 404 20 "-" "Mozilla/5.0 (compatible; SemrushBot/7~bl; +http://www.semrush.com/bot.html)"
185.191.171.14 - - [18/Dec/2025:17:21:45 +0300] "GET /191524934.phtml HTTP/1.1" 404 20 "-" "Mozilla/5.0 (compatible; SemrushBot/7~bl; +http://www.semrush.com/bot.html)"
52.167.144.192 - - [18/Dec/2025:17:22:36 +0300] "GET /222332249.phtml HTTP/2" 404 20 "-" "Mozilla/5.0 AppleWebKit/537.36 (KHTML, like Gecko; compatible; bingbot/2.0; +http://www.bing.com/bingbot.htm) Chrome/116.0.1938.76 Safari/537.36"
74.7.227.44 - - [18/Dec/2025:17:22:55 +0300] "GET /423898922.phtml HTTP/2" 404 20 "-" "Mozilla/5.0 AppleWebKit/537.36 (KHTML, like Gecko; compatible; GPTBot/1.3; +https://openai.com/gptbot)"
85.208.96.200 - - [18/Dec/2025:17:22:59 +0300] "GET /271025894.phtml HTTP/1.1" 404 20 "-" "Mozilla/5.0 (compatible; SemrushBot/7~bl; +http://www.semrush.com/bot.html)"
40.77.167.37 - - [18/Dec/2025:17:23:01 +0300] "GET /585624332.phtml HTTP/2" 404 20 "-" "Mozilla/5.0 AppleWebKit/537.36 (KHTML, like Gecko; compatible; bingbot/2.0; +http://www.bing.com/bingbot.htm) Chrome/116.0.1938.76 Safari/537.36"
52.167.144.192 - - [18/Dec/2025:17:23:17 +0300] "GET /376172705.phtml HTTP/2" 404 20 "-" "Mozilla/5.0 AppleWebKit/537.36 (KHTML, like Gecko; compatible; bingbot/2.0; +http://www.bing.com/bingbot.htm) Chrome/116.0.1938.76 Safari/537.36"
40.77.167.37 - - [18/Dec/2025:17:23:31 +0300] "GET /675141683.phtml HTTP/2" 404 20 "-" "Mozilla/5.0 AppleWebKit/537.36 (KHTML, like Gecko; compatible; bingbot/2.0; +http://www.bing.com/bingbot.htm) Chrome/116.0.1938.76 Safari/537.36"
40.77.167.37 - - [18/Dec/2025:17:23:32 +0300] "GET /95978021.phtml HTTP/2" 404 20 "-" "Mozilla/5.0 AppleWebKit/537.36 (KHTML, like Gecko; compatible; bingbot/2.0; +http://www.bing.com/bingbot.htm) Chrome/116.0.1938.76 Safari/537.36"
185.191.171.8 - - [18/Dec/2025:17:23:32 +0300] "GET /342674471.phtml HTTP/1.1" 404 20 "-" "Mozilla/5.0 (compatible; SemrushBot/7~bl; +http://www.semrush.com/bot.html)"
74.7.227.44 - - [18/Dec/2025:17:23:56 +0300] "GET /487538498.phtml HTTP/2" 404 20 "-" "Mozilla/5.0 AppleWebKit/537.36 (KHTML, like Gecko; compatible; GPTBot/1.3; +https://openai.com/gptbot)"
185.191.171.5 - - [18/Dec/2025:17:23:56 +0300] "GET /33287162.phtml HTTP/1.1" 404 20 "-" "Mozilla/5.0 (compatible; SemrushBot/7~bl; +http://www.semrush.com/bot.html)"
40.77.167.77 - - [18/Dec/2025:17:24:16 +0300] "GET /593874959.phtml HTTP/2" 404 20 "-" "Mozilla/5.0 AppleWebKit/537.36 (KHTML, like Gecko; compatible; bingbot/2.0; +http://www.bing.com/bingbot.htm) Chrome/116.0.1938.76 Safari/537.36"
40.77.167.37 - - [18/Dec/2025:17:24:21 +0300] "GET /222683831.phtml HTTP/2" 404 20 "-" "Mozilla/5.0 AppleWebKit/537.36 (KHTML, like Gecko; compatible; bingbot/2.0; +http://www.bing.com/bingbot.htm) Chrome/116.0.1938.76 Safari/537.36"
185.191.171.1 - - [18/Dec/2025:17:24:10 +0300] "GET /95723459.phtml HTTP/1.1" 404 20 "-" "Mozilla/5.0 (compatible; SemrushBot/7~bl; +http://www.semrush.com/bot.html)"
40.77.167.17 - - [18/Dec/2025:17:24:26 +0300] "GET /360443915.phtml HTTP/2" 404 20 "-" "Mozilla/5.0 AppleWebKit/537.36 (KHTML, like Gecko; compatible; bingbot/2.0; +http://www.bing.com/bingbot.htm) Chrome/116.0.1938.76 Safari/537.36"
185.191.171.2 - - [18/Dec/2025:17:24:29 +0300] "GET /273437765.phtml HTTP/1.1" 404 20 "-" "Mozilla/5.0 (compatible; SemrushBot/7~bl; +http://www.semrush.com/bot.html)"
208.110.64.178 - - [18/Dec/2025:17:24:35 +0300] "GET /wp-includes/im9c5db8/edit.php HTTP/1.1" 404 20 "https://survivorshoes.com/wp-includes/im9c5db8/edit.php" "Mozilla/5.0 (Windows NT 10.0; Win64; x64) AppleWebKit/537.36 (KHTML, like Gecko) Chrome/58.0.3029.110 Safari/537.3"
40.77.167.37 - - [18/Dec/2025:17:24:42 +0300] "GET /454037492.phtml HTTP/2" 404 20 "-" "Mozilla/5.0 AppleWebKit/537.36 (KHTML, like Gecko; compatible; bingbot/2.0; +http://www.bing.com/bingbot.htm) Chrome/116.0.1938.76 Safari/537.36"
185.191.171.10 - - [18/Dec/2025:17:25:08 +0300] "GET /200782259.phtml HTTP/1.1" 404 20 "-" "Mozilla/5.0 (compatible; SemrushBot/7~bl; +http://www.semrush.com/bot.html)"
40.77.167.77 - - [18/Dec/2025:17:25:27 +0300] "GET /494716361.phtml HTTP/2" 404 20 "-" "Mozilla/5.0 AppleWebKit/537.36 (KHTML, like Gecko; compatible; bingbot/2.0; +http://www.bing.com/bingbot.htm) Chrome/116.0.1938.76 Safari/537.36"
185.191.171.2 - - [18/Dec/2025:17:25:38 +0300] "GET /355950272.phtml HTTP/1.1" 404 20 "-" "Mozilla/5.0 (compatible; SemrushBot/7~bl; +http://www.semrush.com/bot.html)"
185.191.171.11 - - [18/Dec/2025:17:25:40 +0300] "GET /430777871.phtml HTTP/1.1" 404 20 "-" "Mozilla/5.0 (compatible; SemrushBot/7~bl; +http://www.semrush.com/bot.html)"
40.77.167.77 - - [18/Dec/2025:17:26:06 +0300] "GET /408717140.phtml HTTP/2" 404 20 "-" "Mozilla/5.0 AppleWebKit/537.36 (KHTML, like Gecko; compatible; bingbot/2.0; +http://www.bing.com/bingbot.htm) Chrome/116.0.1938.76 Safari/537.36"
40.77.167.37 - - [18/Dec/2025:17:26:42 +0300] "GET /618999212.phtml HTTP/2" 404 20 "-" "Mozilla/5.0 AppleWebKit/537.36 (KHTML, like Gecko; compatible; bingbot/2.0; +http://www.bing.com/bingbot.htm) Chrome/116.0.1938.76 Safari/537.36"
85.208.96.193 - - [18/Dec/2025:17:26:57 +0300] "GET /509290151.phtml HTTP/1.1" 404 20 "-" "Mozilla/5.0 (compatible; SemrushBot/7~bl; +http://www.semrush.com/bot.html)"
85.208.96.209 - - [18/Dec/2025:17:27:06 +0300] "GET /196924328.phtml HTTP/1.1" 404 20 "-" "Mozilla/5.0 (compatible; SemrushBot/7~bl; +http://www.semrush.com/bot.html)"
85.208.96.206 - - [18/Dec/2025:17:27:46 +0300] "GET /303780308.phtml HTTP/1.1" 404 20 "-" "Mozilla/5.0 (compatible; SemrushBot/7~bl; +http://www.semrush.com/bot.html)"
185.191.171.5 - - [18/Dec/2025:17:27:52 +0300] "GET /613863620.phtml HTTP/1.1" 404 20 "-" "Mozilla/5.0 (compatible; SemrushBot/7~bl; +http://www.semrush.com/bot.html)"
216.106.187.123 - - [18/Dec/2025:17:28:12 +0300] "POST / HTTP/1.1" 404 20 "-" "Mozilla/5.0 (Windows NT 10.0; Win64; x64) AppleWebKit/537.36 (KHTML, like Gecko) Chrome/120.0.0.0 Safari/537.36"
185.191.171.1 - - [18/Dec/2025:17:28:18 +0300] "GET /251984564.phtml HTTP/1.1" 404 20 "-" "Mozilla/5.0 (compatible; SemrushBot/7~bl; +http://www.semrush.com/bot.html)"
85.208.96.203 - - [18/Dec/2025:17:28:20 +0300] "GET /486145568.phtml HTTP/1.1" 404 20 "-" "Mozilla/5.0 (compatible; SemrushBot/7~bl; +http://www.semrush.com/bot.html)"
216.106.187.123 - - [18/Dec/2025:17:28:29 +0300] "POST /api/ HTTP/1.1" 404 20 "-" "Mozilla/5.0 (Windows NT 10.0; Win64; x64) AppleWebKit/537.36 (KHTML, like Gecko) Chrome/120.0.0.0 Safari/537.36"
185.191.171.12 - - [18/Dec/2025:17:28:32 +0300] "GET /156129035.phtml HTTP/1.1" 404 20 "-" "Mozilla/5.0 (compatible; SemrushBot/7~bl; +http://www.semrush.com/bot.html)"
216.106.187.123 - - [18/Dec/2025:17:28:40 +0300] "POST /api/ HTTP/1.1" 404 20 "-" "Mozilla/5.0 (Windows NT 10.0; Win64; x64) AppleWebKit/537.36 (KHTML, like Gecko) Chrome/120.0.0.0 Safari/537.36"
40.77.167.77 - - [18/Dec/2025:17:24:47 +0300] "GET /256493222.phtml HTTP/2" 404 20 "-" "Mozilla/5.0 AppleWebKit/537.36 (KHTML, like Gecko; compatible; bingbot/2.0; +http://www.bing.com/bingbot.htm) Chrome/116.0.1938.76 Safari/537.36"
185.191.171.7 - - [18/Dec/2025:17:24:55 +0300] "GET /293226611.phtml HTTP/1.1" 404 20 "-" "Mozilla/5.0 (compatible; SemrushBot/7~bl; +http://www.semrush.com/bot.html)"
74.7.227.44 - - [18/Dec/2025:17:25:00 +0300] "GET /264887762.phtml HTTP/2" 404 20 "-" "Mozilla/5.0 AppleWebKit/537.36 (KHTML, like Gecko; compatible; GPTBot/1.3; +https://openai.com/gptbot)"
185.191.171.6 - - [18/Dec/2025:17:25:03 +0300] "GET /518009939.phtml HTTP/1.1" 404 20 "-" "Mozilla/5.0 (compatible; SemrushBot/7~bl; +http://www.semrush.com/bot.html)"
185.191.171.8 - - [18/Dec/2025:17:25:28 +0300] "GET /344695490.phtml HTTP/1.1" 404 20 "-" "Mozilla/5.0 (compatible; SemrushBot/7~bl; +http://www.semrush.com/bot.html)"
185.191.171.19 - - [18/Dec/2025:17:25:35 +0300] "GET /24186224.phtml HTTP/1.1" 404 20 "-" "Mozilla/5.0 (compatible; SemrushBot/7~bl; +http://www.semrush.com/bot.html)"
185.191.171.5 - - [18/Dec/2025:17:25:42 +0300] "GET /170226734.phtml HTTP/1.1" 404 20 "-" "Mozilla/5.0 (compatible; SemrushBot/7~bl; +http://www.semrush.com/bot.html)"
74.7.227.44 - - [18/Dec/2025:17:26:04 +0300] "GET /152427722.phtml HTTP/2" 404 20 "-" "Mozilla/5.0 AppleWebKit/537.36 (KHTML, like Gecko; compatible; GPTBot/1.3; +https://openai.com/gptbot)"
185.191.171.7 - - [18/Dec/2025:17:26:08 +0300] "GET /605280353.phtml HTTP/1.1" 404 20 "-" "Mozilla/5.0 (compatible; SemrushBot/7~bl; +http://www.semrush.com/bot.html)"
85.208.96.212 - - [18/Dec/2025:17:26:59 +0300] "GET /91629908.phtml HTTP/1.1" 404 20 "-" "Mozilla/5.0 (compatible; SemrushBot/7~bl; +http://www.semrush.com/bot.html)"
74.7.227.44 - - [18/Dec/2025:17:27:07 +0300] "GET /599256566.phtml HTTP/2" 404 20 "-" "Mozilla/5.0 AppleWebKit/537.36 (KHTML, like Gecko; compatible; GPTBot/1.3; +https://openai.com/gptbot)"
185.191.171.17 - - [18/Dec/2025:17:27:48 +0300] "GET /131563109.phtml HTTP/1.1" 404 20 "-" "Mozilla/5.0 (compatible; SemrushBot/7~bl; +http://www.semrush.com/bot.html)"
185.191.171.17 - - [18/Dec/2025:17:27:59 +0300] "GET /38633426.phtml HTTP/1.1" 404 20 "-" "Mozilla/5.0 (compatible; SemrushBot/7~bl; +http://www.semrush.com/bot.html)"
216.106.187.123 - - [18/Dec/2025:17:28:20 +0300] "POST / HTTP/1.1" 404 20 "-" "Mozilla/5.0 (Windows NT 10.0; Win64; x64) AppleWebKit/537.36 (KHTML, like Gecko) Chrome/120.0.0.0 Safari/537.36"
185.191.171.6 - - [18/Dec/2025:17:28:29 +0300] "GET /282280676.phtml HTTP/1.1" 404 20 "-" "Mozilla/5.0 (compatible; SemrushBot/7~bl; +http://www.semrush.com/bot.html)"
216.106.187.123 - - [18/Dec/2025:17:28:55 +0300] "POST /_next/ HTTP/1.1" 404 20 "-" "Mozilla/5.0 (Windows NT 10.0; Win64; x64) AppleWebKit/537.36 (KHTML, like Gecko) Chrome/120.0.0.0 Safari/537.36"
85.208.96.200 - - [18/Dec/2025:17:28:56 +0300] "GET /287313473.phtml HTTP/1.1" 404 20 "-" "Mozilla/5.0 (compatible; SemrushBot/7~bl; +http://www.semrush.com/bot.html)"
216.106.187.123 - - [18/Dec/2025:17:29:27 +0300] "POST /server HTTP/1.1" 404 20 "-" "Mozilla/5.0 (Windows NT 10.0; Win64; x64) AppleWebKit/537.36 (KHTML, like Gecko) Chrome/120.0.0.0 Safari/537.36"
216.106.187.123 - - [18/Dec/2025:17:29:46 +0300] "POST /flight HTTP/1.1" 404 20 "-" "Mozilla/5.0 (Windows NT 10.0; Win64; x64) AppleWebKit/537.36 (KHTML, like Gecko) Chrome/120.0.0.0 Safari/537.36"
40.77.167.17 - - [18/Dec/2025:17:30:08 +0300] "GET /489960071.phtml HTTP/2" 404 20 "-" "Mozilla/5.0 AppleWebKit/537.36 (KHTML, like Gecko; compatible; bingbot/2.0; +http://www.bing.com/bingbot.htm) Chrome/116.0.1938.76 Safari/537.36"
40.77.167.17 - - [18/Dec/2025:17:30:08 +0300] "GET /205050908.phtml HTTP/2" 404 20 "-" "Mozilla/5.0 AppleWebKit/537.36 (KHTML, like Gecko; compatible; bingbot/2.0; +http://www.bing.com/bingbot.htm) Chrome/116.0.1938.76 Safari/537.36"
85.208.96.194 - - [18/Dec/2025:17:30:09 +0300] "GET /85859990.phtml HTTP/1.1" 404 20 "-" "Mozilla/5.0 (compatible; SemrushBot/7~bl; +http://www.semrush.com/bot.html)"
85.208.96.207 - - [18/Dec/2025:17:29:04 +0300] "GET /254159198.phtml HTTP/1.1" 404 20 "-" "Mozilla/5.0 (compatible; SemrushBot/7~bl; +http://www.semrush.com/bot.html)"
216.106.187.123 - - [18/Dec/2025:17:29:10 +0300] "POST /_next/ HTTP/1.1" 404 20 "-" "Mozilla/5.0 (Windows NT 10.0; Win64; x64) AppleWebKit/537.36 (KHTML, like Gecko) Chrome/120.0.0.0 Safari/537.36"
185.191.171.15 - - [18/Dec/2025:17:29:33 +0300] "GET /369297683.phtml HTTP/1.1" 404 20 "-" "Mozilla/5.0 (compatible; SemrushBot/7~bl; +http://www.semrush.com/bot.html)"
216.106.187.123 - - [18/Dec/2025:17:29:34 +0300] "POST /server HTTP/1.1" 404 20 "-" "Mozilla/5.0 (Windows NT 10.0; Win64; x64) AppleWebKit/537.36 (KHTML, like Gecko) Chrome/120.0.0.0 Safari/537.36"
185.191.171.11 - - [18/Dec/2025:17:29:41 +0300] "GET /161341319.phtml HTTP/1.1" 404 20 "-" "Mozilla/5.0 (compatible; SemrushBot/7~bl; +http://www.semrush.com/bot.html)"
185.191.171.7 - - [18/Dec/2025:17:29:44 +0300] "GET /25673864.phtml HTTP/1.1" 404 20 "-" "Mozilla/5.0 (compatible; SemrushBot/7~bl; +http://www.semrush.com/bot.html)"
85.208.96.193 - - [18/Dec/2025:17:29:46 +0300] "GET /498447473.phtml HTTP/1.1" 404 20 "-" "Mozilla/5.0 (compatible; SemrushBot/7~bl; +http://www.semrush.com/bot.html)"
185.191.171.12 - - [18/Dec/2025:17:29:49 +0300] "GET /352723433.phtml HTTP/1.1" 404 20 "-" "Mozilla/5.0 (compatible; SemrushBot/7~bl; +http://www.semrush.com/bot.html)"
85.208.96.209 - - [18/Dec/2025:17:29:51 +0300] "GET /178075883.phtml HTTP/1.1" 404 20 "-" "Mozilla/5.0 (compatible; SemrushBot/7~bl; +http://www.semrush.com/bot.html)"
52.167.144.197 - - [18/Dec/2025:17:29:52 +0300] "GET /528604292.phtml HTTP/2" 404 20 "-" "Mozilla/5.0 AppleWebKit/537.36 (KHTML, like Gecko; compatible; bingbot/2.0; +http://www.bing.com/bingbot.htm) Chrome/116.0.1938.76 Safari/537.36"
216.106.187.123 - - [18/Dec/2025:17:29:54 +0300] "POST /flight HTTP/1.1" 404 20 "-" "Mozilla/5.0 (Windows NT 10.0; Win64; x64) AppleWebKit/537.36 (KHTML, like Gecko) Chrome/120.0.0.0 Safari/537.36"
74.7.227.44 - - [18/Dec/2025:17:30:13 +0300] "GET /458895422.phtml HTTP/2" 404 20 "-" "Mozilla/5.0 AppleWebKit/537.36 (KHTML, like Gecko; compatible; GPTBot/1.3; +https://openai.com/gptbot)"
185.191.171.10 - - [18/Dec/2025:17:32:09 +0300] "GET /339579995.phtml HTTP/1.1" 404 20 "-" "Mozilla/5.0 (compatible; SemrushBot/7~bl; +http://www.semrush.com/bot.html)"
85.208.96.194 - - [18/Dec/2025:17:32:11 +0300] "GET /49456931.phtml HTTP/1.1" 404 20 "-" "Mozilla/5.0 (compatible; SemrushBot/7~bl; +http://www.semrush.com/bot.html)"
185.191.171.2 - - [18/Dec/2025:17:32:13 +0300] "GET /483539657.phtml HTTP/1.1" 404 20 "-" "Mozilla/5.0 (compatible; SemrushBot/7~bl; +http://www.semrush.com/bot.html)"
185.191.171.5 - - [18/Dec/2025:17:32:15 +0300] "GET /254371487.phtml HTTP/1.1" 404 20 "-" "Mozilla/5.0 (compatible; SemrushBot/7~bl; +http://www.semrush.com/bot.html)"
85.208.96.200 - - [18/Dec/2025:17:32:29 +0300] "GET /500095658.phtml HTTP/1.1" 404 20 "-" "Mozilla/5.0 (compatible; SemrushBot/7~bl; +http://www.semrush.com/bot.html)"
185.191.171.15 - - [18/Dec/2025:17:32:52 +0300] "GET /102868751.phtml HTTP/1.1" 200 0 "-" "Mozilla/5.0 (compatible; SemrushBot/7~bl; +http://www.semrush.com/bot.html)"
208.110.64.178 - - [18/Dec/2025:17:33:44 +0300] "GET /wp-includes/im9c5db8/edit.php HTTP/1.1" 404 20 "https://survivorshoes.com/wp-includes/im9c5db8/edit.php" "Mozilla/5.0 (Windows NT 10.0; Win64; x64) AppleWebKit/537.36 (KHTML, like Gecko) Chrome/58.0.3029.110 Safari/537.3"
85.208.96.205 - - [18/Dec/2025:17:33:47 +0300] "GET /607308302.phtml HTTP/1.1" 404 20 "-" "Mozilla/5.0 (compatible; SemrushBot/7~bl; +http://www.semrush.com/bot.html)"
85.208.96.205 - - [18/Dec/2025:17:33:49 +0300] "GET /596378306.phtml HTTP/1.1" 404 20 "-" "Mozilla/5.0 (compatible; SemrushBot/7~bl; +http://www.semrush.com/bot.html)"
185.191.171.16 - - [18/Dec/2025:17:33:53 +0300] "GET /221804876.phtml HTTP/1.1" 404 20 "-" "Mozilla/5.0 (compatible; SemrushBot/7~bl; +http://www.semrush.com/bot.html)"
40.77.167.17 - - [18/Dec/2025:17:30:27 +0300] "GET /165058571.phtml HTTP/2" 404 20 "-" "Mozilla/5.0 AppleWebKit/537.36 (KHTML, like Gecko; compatible; bingbot/2.0; +http://www.bing.com/bingbot.htm) Chrome/116.0.1938.76 Safari/537.36"
185.191.171.7 - - [18/Dec/2025:17:30:57 +0300] "GET /624077516.phtml HTTP/1.1" 404 20 "-" "Mozilla/5.0 (compatible; SemrushBot/7~bl; +http://www.semrush.com/bot.html)"
74.7.227.44 - - [18/Dec/2025:17:31:24 +0300] "GET /579869660.phtml HTTP/2" 404 20 "-" "Mozilla/5.0 AppleWebKit/537.36 (KHTML, like Gecko; compatible; GPTBot/1.3; +https://openai.com/gptbot)"
66.249.66.166 - - [18/Dec/2025:17:31:44 +0300] "GET /592652738.phtml HTTP/1.1" 404 20 "-" "Mozilla/5.0 (Linux; Android 6.0.1; Nexus 5X Build/MMB29P) AppleWebKit/537.36 (KHTML, like Gecko) Chrome/141.0.7390.122 Mobile Safari/537.36 (compatible; Googlebot/2.1; +http://www.google.com/bot.html)"
85.208.96.212 - - [18/Dec/2025:17:31:50 +0300] "GET /421805138.phtml HTTP/1.1" 404 20 "-" "Mozilla/5.0 (compatible; SemrushBot/7~bl; +http://www.semrush.com/bot.html)"
85.208.96.200 - - [18/Dec/2025:17:31:52 +0300] "GET /301225910.phtml HTTP/1.1" 404 20 "-" "Mozilla/5.0 (compatible; SemrushBot/7~bl; +http://www.semrush.com/bot.html)"
74.7.227.44 - - [18/Dec/2025:17:32:20 +0300] "GET /115160261.phtml HTTP/2" 404 20 "-" "Mozilla/5.0 AppleWebKit/537.36 (KHTML, like Gecko; compatible; GPTBot/1.3; +https://openai.com/gptbot)"
185.191.171.15 - - [18/Dec/2025:17:33:43 +0300] "GET /102868751.phtml HTTP/1.1" 404 20 "-" "Mozilla/5.0 (compatible; SemrushBot/7~bl; +http://www.semrush.com/bot.html)"
85.208.96.209 - - [18/Dec/2025:17:33:51 +0300] "GET /266785889.phtml HTTP/1.1" 404 20 "-" "Mozilla/5.0 (compatible; SemrushBot/7~bl; +http://www.semrush.com/bot.html)"
185.191.171.16 - - [18/Dec/2025:17:33:55 +0300] "GET /339292631.phtml HTTP/1.1" 404 20 "-" "Mozilla/5.0 (compatible; SemrushBot/7~bl; +http://www.semrush.com/bot.html)"
185.191.171.12 - - [18/Dec/2025:17:33:57 +0300] "GET /140306459.phtml HTTP/1.1" 404 20 "-" "Mozilla/5.0 (compatible; SemrushBot/7~bl; +http://www.semrush.com/bot.html)"
85.208.96.205 - - [18/Dec/2025:17:34:20 +0300] "GET /48885899.phtml HTTP/1.1" 404 20 "-" "Mozilla/5.0 (compatible; SemrushBot/7~bl; +http://www.semrush.com/bot.html)"
85.208.96.199 - - [18/Dec/2025:17:34:22 +0300] "GET /571055855.phtml HTTP/1.1" 404 20 "-" "Mozilla/5.0 (compatible; SemrushBot/7~bl; +http://www.semrush.com/bot.html)"
57.141.0.29 - - [18/Dec/2025:17:34:26 +0300] "GET /173286041.shtml HTTP/2" 404 0 "-" "meta-externalagent/1.1 (+https://developers.facebook.com/docs/sharing/webmasters/crawler)"
185.191.171.14 - - [18/Dec/2025:17:35:49 +0300] "GET /580232561.phtml HTTP/1.1" 404 20 "-" "Mozilla/5.0 (compatible; SemrushBot/7~bl; +http://www.semrush.com/bot.html)"
185.191.171.3 - - [18/Dec/2025:17:35:51 +0300] "GET /389536979.phtml HTTP/1.1" 404 20 "-" "Mozilla/5.0 (compatible; SemrushBot/7~bl; +http://www.semrush.com/bot.html)"
185.191.171.12 - - [18/Dec/2025:17:35:53 +0300] "GET /448457687.phtml HTTP/1.1" 404 20 "-" "Mozilla/5.0 (compatible; SemrushBot/7~bl; +http://www.semrush.com/bot.html)"
66.249.66.203 - - [18/Dec/2025:17:35:56 +0300] "GET /535929071.phtml HTTP/1.1" 404 20 "-" "Mozilla/5.0 (Linux; Android 6.0.1; Nexus 5X Build/MMB29P) AppleWebKit/537.36 (KHTML, like Gecko) Chrome/141.0.7390.122 Mobile Safari/537.36 (compatible; Googlebot/2.1; +http://www.google.com/bot.html)"
185.191.171.13 - - [18/Dec/2025:17:36:04 +0300] "GET /robots.txt HTTP/1.1" 404 20 "-" "Mozilla/5.0 (compatible; SemrushBot/7~bl; +http://www.semrush.com/bot.html)"
185.191.171.19 - - [18/Dec/2025:17:36:05 +0300] "GET /310232831.phtml HTTP/1.1" 404 20 "-" "Mozilla/5.0 (compatible; SemrushBot/7~bl; +http://www.semrush.com/bot.html)"
66.249.66.161 - - [18/Dec/2025:17:36:31 +0300] "GET /551355944.phtml HTTP/1.1" 404 20 "-" "Mozilla/5.0 (Linux; Android 6.0.1; Nexus 5X Build/MMB29P) AppleWebKit/537.36 (KHTML, like Gecko) Chrome/141.0.7390.122 Mobile Safari/537.36 (compatible; Googlebot/2.1; +http://www.google.com/bot.html)"
40.77.167.61 - - [18/Dec/2025:17:33:57 +0300] "GET /472280024.phtml HTTP/2" 404 20 "-" "Mozilla/5.0 AppleWebKit/537.36 (KHTML, like Gecko; compatible; bingbot/2.0; +http://www.bing.com/bingbot.htm) Chrome/116.0.1938.76 Safari/537.36"
40.77.167.61 - - [18/Dec/2025:17:33:58 +0300] "GET /167868224.phtml HTTP/2" 404 20 "-" "Mozilla/5.0 AppleWebKit/537.36 (KHTML, like Gecko; compatible; bingbot/2.0; +http://www.bing.com/bingbot.htm) Chrome/116.0.1938.76 Safari/537.36"
85.208.96.200 - - [18/Dec/2025:17:34:18 +0300] "GET /191885756.phtml HTTP/1.1" 404 20 "-" "Mozilla/5.0 (compatible; SemrushBot/7~bl; +http://www.semrush.com/bot.html)"
185.191.171.14 - - [18/Dec/2025:17:34:24 +0300] "GET /571774496.phtml HTTP/1.1" 404 20 "-" "Mozilla/5.0 (compatible; SemrushBot/7~bl; +http://www.semrush.com/bot.html)"
185.191.171.14 - - [18/Dec/2025:17:34:27 +0300] "GET /81634307.phtml HTTP/1.1" 404 20 "-" "Mozilla/5.0 (compatible; SemrushBot/7~bl; +http://www.semrush.com/bot.html)"
185.191.171.16 - - [18/Dec/2025:17:35:47 +0300] "GET /550058186.phtml HTTP/1.1" 404 20 "-" "Mozilla/5.0 (compatible; SemrushBot/7~bl; +http://www.semrush.com/bot.html)"
57.141.0.52 - - [18/Dec/2025:17:35:53 +0300] "GET /164223191.shtml HTTP/2" 404 0 "-" "meta-externalagent/1.1 (+https://developers.facebook.com/docs/sharing/webmasters/crawler)"
85.208.96.206 - - [18/Dec/2025:17:36:27 +0300] "GET /679171478.phtml HTTP/1.1" 404 20 "-" "Mozilla/5.0 (compatible; SemrushBot/7~bl; +http://www.semrush.com/bot.html)"
85.208.96.210 - - [18/Dec/2025:17:36:30 +0300] "GET /638627975.phtml HTTP/1.1" 404 20 "-" "Mozilla/5.0 (compatible; SemrushBot/7~bl; +http://www.semrush.com/bot.html)"
66.249.66.6 - - [18/Dec/2025:17:36:41 +0300] "GET /332526872.phtml HTTP/1.1" 404 20 "-" "Mozilla/5.0 (Linux; Android 6.0.1; Nexus 5X Build/MMB29P) AppleWebKit/537.36 (KHTML, like Gecko) Chrome/141.0.7390.122 Mobile Safari/537.36 (compatible; Googlebot/2.1; +http://www.google.com/bot.html)"
85.208.96.202 - - [18/Dec/2025:17:36:57 +0300] "GET /578702879.phtml HTTP/1.1" 404 20 "-" "Mozilla/5.0 (compatible; SemrushBot/7~bl; +http://www.semrush.com/bot.html)"
85.208.96.209 - - [18/Dec/2025:17:36:59 +0300] "GET /470486771.phtml HTTP/1.1" 404 20 "-" "Mozilla/5.0 (compatible; SemrushBot/7~bl; +http://www.semrush.com/bot.html)"
185.191.171.19 - - [18/Dec/2025:17:37:55 +0300] "GET /279353213.phtml HTTP/1.1" 404 20 "-" "Mozilla/5.0 (compatible; SemrushBot/7~bl; +http://www.semrush.com/bot.html)"
85.208.96.205 - - [18/Dec/2025:17:38:23 +0300] "GET /421525859.phtml HTTP/1.1" 404 20 "-" "Mozilla/5.0 (compatible; SemrushBot/7~bl; +http://www.semrush.com/bot.html)"
57.141.0.4 - - [18/Dec/2025:17:38:32 +0300] "GET /55064741.shtml HTTP/2" 404 0 "-" "meta-externalagent/1.1 (+https://developers.facebook.com/docs/sharing/webmasters/crawler)"
185.191.171.16 - - [18/Dec/2025:17:39:21 +0300] "GET /218397857.phtml HTTP/1.1" 404 20 "-" "Mozilla/5.0 (compatible; SemrushBot/7~bl; +http://www.semrush.com/bot.html)"
185.191.171.9 - - [18/Dec/2025:17:39:35 +0300] "GET /607849535.phtml HTTP/1.1" 404 20 "-" "Mozilla/5.0 (compatible; SemrushBot/7~bl; +http://www.semrush.com/bot.html)"
74.7.227.44 - - [18/Dec/2025:17:39:45 +0300] "GET /262919642.phtml HTTP/2" 404 20 "-" "Mozilla/5.0 AppleWebKit/537.36 (KHTML, like Gecko; compatible; GPTBot/1.3; +https://openai.com/gptbot)"
185.191.171.17 - - [18/Dec/2025:17:39:51 +0300] "GET /461442659.phtml HTTP/1.1" 404 20 "-" "Mozilla/5.0 (compatible; SemrushBot/7~bl; +http://www.semrush.com/bot.html)"
185.191.171.12 - - [18/Dec/2025:17:40:06 +0300] "GET /526099097.phtml HTTP/1.1" 404 20 "-" "Mozilla/5.0 (compatible; SemrushBot/7~bl; +http://www.semrush.com/bot.html)"
85.208.96.210 - - [18/Dec/2025:17:40:31 +0300] "GET /42219008.phtml HTTP/1.1" 404 20 "-" "Mozilla/5.0 (compatible; SemrushBot/7~bl; +http://www.semrush.com/bot.html)"
185.191.171.4 - - [18/Dec/2025:17:40:37 +0300] "GET /48175805.phtml HTTP/1.1" 404 20 "-" "Mozilla/5.0 (compatible; SemrushBot/7~bl; +http://www.semrush.com/bot.html)"
185.191.171.2 - - [18/Dec/2025:17:36:33 +0300] "GET /159266939.phtml HTTP/1.1" 404 20 "-" "Mozilla/5.0 (compatible; SemrushBot/7~bl; +http://www.semrush.com/bot.html)"
85.208.96.212 - - [18/Dec/2025:17:37:01 +0300] "GET /347694332.phtml HTTP/1.1" 404 20 "-" "Mozilla/5.0 (compatible; SemrushBot/7~bl; +http://www.semrush.com/bot.html)"
85.208.96.206 - - [18/Dec/2025:17:37:08 +0300] "GET /6952238.phtml HTTP/1.1" 404 20 "-" "Mozilla/5.0 (compatible; SemrushBot/7~bl; +http://www.semrush.com/bot.html)"
185.191.171.3 - - [18/Dec/2025:17:37:20 +0300] "GET /663948347.phtml HTTP/1.1" 404 20 "-" "Mozilla/5.0 (compatible; SemrushBot/7~bl; +http://www.semrush.com/bot.html)"
185.191.171.15 - - [18/Dec/2025:17:37:48 +0300] "GET /597358901.phtml HTTP/1.1" 404 20 "-" "Mozilla/5.0 (compatible; SemrushBot/7~bl; +http://www.semrush.com/bot.html)"
185.191.171.10 - - [18/Dec/2025:17:37:50 +0300] "GET /162214499.phtml HTTP/1.1" 404 20 "-" "Mozilla/5.0 (compatible; SemrushBot/7~bl; +http://www.semrush.com/bot.html)"
85.208.96.207 - - [18/Dec/2025:17:38:05 +0300] "GET /107088428.phtml HTTP/1.1" 404 20 "-" "Mozilla/5.0 (compatible; SemrushBot/7~bl; +http://www.semrush.com/bot.html)"
85.208.96.203 - - [18/Dec/2025:17:38:26 +0300] "GET /229365506.phtml HTTP/1.1" 404 20 "-" "Mozilla/5.0 (compatible; SemrushBot/7~bl; +http://www.semrush.com/bot.html)"
185.191.171.16 - - [18/Dec/2025:17:38:44 +0300] "GET /559172753.phtml HTTP/1.1" 404 20 "-" "Mozilla/5.0 (compatible; SemrushBot/7~bl; +http://www.semrush.com/bot.html)"
85.208.96.209 - - [18/Dec/2025:17:39:03 +0300] "GET /293289905.phtml HTTP/1.1" 404 20 "-" "Mozilla/5.0 (compatible; SemrushBot/7~bl; +http://www.semrush.com/bot.html)"
66.249.66.204 - - [18/Dec/2025:17:40:22 +0300] "GET /669390014.phtml HTTP/1.1" 404 20 "-" "Mozilla/5.0 (Linux; Android 6.0.1; Nexus 5X Build/MMB29P) AppleWebKit/537.36 (KHTML, like Gecko) Chrome/141.0.7390.122 Mobile Safari/537.36 (compatible; Googlebot/2.1; +http://www.google.com/bot.html)"
85.208.96.200 - - [18/Dec/2025:17:40:59 +0300] "GET /438855248.phtml HTTP/1.1" 404 20 "-" "Mozilla/5.0 (compatible; SemrushBot/7~bl; +http://www.semrush.com/bot.html)"
185.191.171.1 - - [18/Dec/2025:17:41:20 +0300] "GET /366644417.phtml HTTP/1.1" 404 20 "-" "Mozilla/5.0 (compatible; SemrushBot/7~bl; +http://www.semrush.com/bot.html)"
185.191.171.1 - - [18/Dec/2025:17:41:22 +0300] "GET /527639405.phtml HTTP/1.1" 404 20 "-" "Mozilla/5.0 (compatible; SemrushBot/7~bl; +http://www.semrush.com/bot.html)"
85.208.96.202 - - [18/Dec/2025:17:41:24 +0300] "GET /39759782.phtml HTTP/1.1" 404 20 "-" "Mozilla/5.0 (compatible; SemrushBot/7~bl; +http://www.semrush.com/bot.html)"
185.191.171.17 - - [18/Dec/2025:17:41:41 +0300] "GET /459934460.phtml HTTP/1.1" 404 20 "-" "Mozilla/5.0 (compatible; SemrushBot/7~bl; +http://www.semrush.com/bot.html)"
185.191.171.18 - - [18/Dec/2025:17:41:50 +0300] "GET /152505800.phtml HTTP/1.1" 404 20 "-" "Mozilla/5.0 (compatible; SemrushBot/7~bl; +http://www.semrush.com/bot.html)"
185.191.171.7 - - [18/Dec/2025:17:42:07 +0300] "GET /623313830.phtml HTTP/1.1" 404 20 "-" "Mozilla/5.0 (compatible; SemrushBot/7~bl; +http://www.semrush.com/bot.html)"
185.191.171.15 - - [18/Dec/2025:17:42:12 +0300] "GET /418519856.phtml HTTP/1.1" 404 20 "-" "Mozilla/5.0 (compatible; SemrushBot/7~bl; +http://www.semrush.com/bot.html)"
185.191.171.1 - - [18/Dec/2025:17:42:39 +0300] "GET /627593336.phtml HTTP/1.1" 404 20 "-" "Mozilla/5.0 (compatible; SemrushBot/7~bl; +http://www.semrush.com/bot.html)"
74.7.227.44 - - [18/Dec/2025:17:42:55 +0300] "GET /503160104.phtml HTTP/2" 404 20 "-" "Mozilla/5.0 AppleWebKit/537.36 (KHTML, like Gecko; compatible; GPTBot/1.3; +https://openai.com/gptbot)"
185.191.171.1 - - [18/Dec/2025:17:43:13 +0300] "GET /96500312.phtml HTTP/1.1" 404 20 "-" "Mozilla/5.0 (compatible; SemrushBot/7~bl; +http://www.semrush.com/bot.html)"
185.191.171.1 - - [18/Dec/2025:17:43:45 +0300] "GET /575451554.phtml HTTP/1.1" 404 20 "-" "Mozilla/5.0 (compatible; SemrushBot/7~bl; +http://www.semrush.com/bot.html)"
74.7.227.44 - - [18/Dec/2025:17:40:50 +0300] "GET /459988976.phtml HTTP/2" 404 20 "-" "Mozilla/5.0 AppleWebKit/537.36 (KHTML, like Gecko; compatible; GPTBot/1.3; +https://openai.com/gptbot)"
85.208.96.207 - - [18/Dec/2025:17:40:51 +0300] "GET /242392982.phtml HTTP/1.1" 404 20 "-" "Mozilla/5.0 (compatible; SemrushBot/7~bl; +http://www.semrush.com/bot.html)"
57.141.0.56 - - [18/Dec/2025:17:41:07 +0300] "GET /103677191.shtml HTTP/2" 404 0 "-" "meta-externalagent/1.1 (+https://developers.facebook.com/docs/sharing/webmasters/crawler)"
74.7.227.44 - - [18/Dec/2025:17:41:51 +0300] "GET /100230962.phtml HTTP/2" 404 20 "-" "Mozilla/5.0 AppleWebKit/537.36 (KHTML, like Gecko; compatible; GPTBot/1.3; +https://openai.com/gptbot)"
85.208.96.199 - - [18/Dec/2025:17:41:55 +0300] "GET /125735210.phtml HTTP/1.1" 404 20 "-" "Mozilla/5.0 (compatible; SemrushBot/7~bl; +http://www.semrush.com/bot.html)"
185.191.171.18 - - [18/Dec/2025:17:42:24 +0300] "GET /449196656.phtml HTTP/1.1" 404 20 "-" "Mozilla/5.0 (compatible; SemrushBot/7~bl; +http://www.semrush.com/bot.html)"
85.208.96.206 - - [18/Dec/2025:17:42:30 +0300] "GET /243201020.phtml HTTP/1.1" 404 20 "-" "Mozilla/5.0 (compatible; SemrushBot/7~bl; +http://www.semrush.com/bot.html)"
85.208.96.193 - - [18/Dec/2025:17:43:21 +0300] "GET /605977280.phtml HTTP/1.1" 404 20 "-" "Mozilla/5.0 (compatible; SemrushBot/7~bl; +http://www.semrush.com/bot.html)"
185.191.171.16 - - [18/Dec/2025:17:43:53 +0300] "GET /442729580.phtml HTTP/1.1" 404 20 "-" "Mozilla/5.0 (compatible; SemrushBot/7~bl; +http://www.semrush.com/bot.html)"
185.191.171.13 - - [18/Dec/2025:17:44:32 +0300] "GET /604398626.phtml HTTP/1.1" 404 20 "-" "Mozilla/5.0 (compatible; SemrushBot/7~bl; +http://www.semrush.com/bot.html)"
85.208.96.193 - - [18/Dec/2025:17:44:58 +0300] "GET /365191427.phtml HTTP/1.1" 404 20 "-" "Mozilla/5.0 (compatible; SemrushBot/7~bl; +http://www.semrush.com/bot.html)"
85.208.96.198 - - [18/Dec/2025:17:45:09 +0300] "GET /24238892.phtml HTTP/1.1" 404 20 "-" "Mozilla/5.0 (compatible; SemrushBot/7~bl; +http://www.semrush.com/bot.html)"
208.110.64.178 - - [18/Dec/2025:17:45:29 +0300] "GET /wp-includes/im9c5db8/edit.php HTTP/1.1" 404 20 "https://survivorshoes.com/wp-includes/im9c5db8/edit.php" "Mozilla/5.0 (Windows NT 10.0; Win64; x64) AppleWebKit/537.36 (KHTML, like Gecko) Chrome/58.0.3029.110 Safari/537.3"
185.191.171.10 - - [18/Dec/2025:17:45:50 +0300] "GET /566028371.phtml HTTP/1.1" 404 20 "-" "Mozilla/5.0 (compatible; SemrushBot/7~bl; +http://www.semrush.com/bot.html)"
85.208.96.205 - - [18/Dec/2025:17:46:34 +0300] "GET /434776712.phtml HTTP/1.1" 404 20 "-" "Mozilla/5.0 (compatible; SemrushBot/7~bl; +http://www.semrush.com/bot.html)"
85.208.96.212 - - [18/Dec/2025:17:46:36 +0300] "GET /168292340.phtml HTTP/1.1" 404 20 "-" "Mozilla/5.0 (compatible; SemrushBot/7~bl; +http://www.semrush.com/bot.html)"
185.191.171.8 - - [18/Dec/2025:17:46:52 +0300] "GET /471270323.phtml HTTP/1.1" 404 20 "-" "Mozilla/5.0 (compatible; SemrushBot/7~bl; +http://www.semrush.com/bot.html)"
74.7.227.44 - - [18/Dec/2025:17:47:08 +0300] "GET /131761538.phtml HTTP/2" 404 20 "-" "Mozilla/5.0 AppleWebKit/537.36 (KHTML, like Gecko; compatible; GPTBot/1.3; +https://openai.com/gptbot)"
